{"id":3542,"date":"2025-10-30T19:03:37","date_gmt":"2025-10-30T19:03:37","guid":{"rendered":"https:\/\/wawp.pl\/prezenty\/?post_type=product&#038;p=3542"},"modified":"2025-11-20T10:08:09","modified_gmt":"2025-11-20T10:08:09","slug":"zestaw-swiateczny-nr-26","status":"publish","type":"product","link":"https:\/\/wawp.pl\/prezenty\/produkt\/zestaw-swiateczny-nr-26\/","title":{"rendered":"Zestaw \u015bwi\u0105teczny nr. 26"},"content":{"rendered":"","protected":false},"excerpt":{"rendered":"<p>\u2022<strong> Highland Park 10 YO<\/strong> \u2013 szkocka whisky typu single malt z Orkad,<br \/>\ndojrzewaj\u0105ca przez 10 lat w beczkach z ameryka\u0144skiego i europejskiego<br \/>\nd\u0119bu po sherry, o s\u0142odko dymnym charakterze i delikatnych nutach<br \/>\ncytrus\u00f3w, wanilii oraz wrzosowego torfu.<br \/>\n\u2022 <strong>Ch\u00e2teau Tayac<\/strong> \u2013 klasyczne czerwone wino z apelacji Margaux w<br \/>\nBordeaux, ze szczep\u00f3w Cabernet Sauvignon, Merlot i Petit Verdot,<br \/>\ncechuj\u0105ce si\u0119 wyrafinowan\u0105 struktur\u0105 i aromatem owoc\u00f3w le\u015bnych oraz<br \/>\nsubteln\u0105 mineralno\u015bci\u0105 i przyprawow\u0105 g\u0142\u0119bi\u0105.<br \/>\n\u2022 Sk\u00f3rka pomara\u0144czy \u2013 delikatne paseczki pomara\u0144czowej sk\u00f3rki<br \/>\nzanurzone w wykwintnej, gorzkiej czekoladzie.<br \/>\n\u2022 Grecka oliwa z oliwek z regionu Kalamata, zamkni\u0119ta w eleganckiej<br \/>\npuszce, \u0142\u0105cz\u0105ca wyrazisty smak z wyj\u0105tkow\u0105 estetyk\u0105.<br \/>\n\u2022 Zestaw pralin Amante \u2013 zamkni\u0119te w ma\u0142ym, eleganckim opakowaniu,<br \/>\nb\u0119d\u0105ce klasyczn\u0105 kompozycj\u0105 czekoladowych, kawowych oraz<br \/>\norzechowych smak\u00f3w od polskiej firmy manufakturowej.<br \/>\n\u2022 Aficionado Premium 100% Arabica \u2013 must have ka\u017cdego szanuj\u0105cego si\u0119<br \/>\nkawosza. Niesamowicie z\u0142o\u017cona w aromacie i smaku dominika\u0144ska kawa.<br \/>\n\u2022 Aromatyczna \u015bwieca sojowa WAWP \u2013 nada ka\u017cdemu pomieszczeniu<br \/>\nwyj\u0105tkowej aury.<\/p>\n","protected":false},"featured_media":3543,"template":"","meta":{"_acf_changed":false},"product_brand":[],"product_cat":[36],"product_tag":[],"class_list":{"0":"post-3542","1":"product","2":"type-product","3":"status-publish","4":"has-post-thumbnail","6":"product_cat-boze-narodzenie-2025","8":"first","9":"instock","10":"purchasable","11":"product-type-simple"},"acf":[],"yoast_head":"<!-- This site is optimized with the Yoast SEO plugin v27.3 - https:\/\/yoast.com\/product\/yoast-seo-wordpress\/ -->\n<title>Zestaw \u015bwi\u0105teczny nr. 26: \u015awi\u0105teczne zestawy prezentowe premium z alkoholem - Szkocka whisky single malt | Francuskie wino czerwone | WAWP - Sklep<\/title>\n<meta name=\"description\" content=\"Zobacz produkt: Zestaw \u015bwi\u0105teczny nr. 26 \u015awi\u0105teczne zestawy prezentowe premium z alkoholem - Szkocka whisky single malt | Francuskie wino czerwone - dost\u0119pny online na Whisky and Wine Place wawp.pl\/prezenty !\" \/>\n<meta name=\"robots\" content=\"index, follow, max-snippet:-1, max-image-preview:large, max-video-preview:-1\" \/>\n<link rel=\"canonical\" href=\"https:\/\/wawp.pl\/prezenty\/produkt\/zestaw-swiateczny-nr-26\/\" \/>\n<meta property=\"og:locale\" content=\"pl_PL\" \/>\n<meta property=\"og:type\" content=\"article\" \/>\n<meta property=\"og:title\" content=\"Zestaw \u015bwi\u0105teczny nr. 26: \u015awi\u0105teczne zestawy prezentowe premium z alkoholem - Szkocka whisky single malt | Francuskie wino czerwone | WAWP - Sklep\" \/>\n<meta property=\"og:description\" content=\"Zobacz produkt: Zestaw \u015bwi\u0105teczny nr. 26 \u015awi\u0105teczne zestawy prezentowe premium z alkoholem - Szkocka whisky single malt | Francuskie wino czerwone - dost\u0119pny online na Whisky and Wine Place wawp.pl\/prezenty !\" \/>\n<meta property=\"og:url\" content=\"https:\/\/wawp.pl\/prezenty\/produkt\/zestaw-swiateczny-nr-26\/\" \/>\n<meta property=\"og:site_name\" content=\"WAWP - Sklep\" \/>\n<meta property=\"article:modified_time\" content=\"2025-11-20T10:08:09+00:00\" \/>\n<meta property=\"og:image\" content=\"https:\/\/wawp.pl\/prezenty\/wp-content\/uploads\/2025\/10\/ZESTAW-26.webp\" \/>\n\t<meta property=\"og:image:width\" content=\"1900\" \/>\n\t<meta property=\"og:image:height\" content=\"1900\" \/>\n\t<meta property=\"og:image:type\" content=\"image\/webp\" \/>\n<meta name=\"twitter:card\" content=\"summary_large_image\" \/>\n<meta name=\"twitter:label1\" content=\"Szacowany czas czytania\" \/>\n\t<meta name=\"twitter:data1\" content=\"1 minuta\" \/>\n<script type=\"application\/ld+json\" class=\"yoast-schema-graph\">{\"@context\":\"https:\\\/\\\/schema.org\",\"@graph\":[{\"@type\":\"WebPage\",\"@id\":\"https:\\\/\\\/wawp.pl\\\/prezenty\\\/produkt\\\/zestaw-swiateczny-nr-26\\\/\",\"url\":\"https:\\\/\\\/wawp.pl\\\/prezenty\\\/produkt\\\/zestaw-swiateczny-nr-26\\\/\",\"name\":\"Zestaw \u015bwi\u0105teczny nr. 26: \u015awi\u0105teczne zestawy prezentowe premium z alkoholem - Szkocka whisky single malt | Francuskie wino czerwone | WAWP - Sklep\",\"isPartOf\":{\"@id\":\"https:\\\/\\\/wawp.pl\\\/prezenty\\\/#website\"},\"primaryImageOfPage\":{\"@id\":\"https:\\\/\\\/wawp.pl\\\/prezenty\\\/produkt\\\/zestaw-swiateczny-nr-26\\\/#primaryimage\"},\"image\":{\"@id\":\"https:\\\/\\\/wawp.pl\\\/prezenty\\\/produkt\\\/zestaw-swiateczny-nr-26\\\/#primaryimage\"},\"thumbnailUrl\":\"https:\\\/\\\/wawp.pl\\\/prezenty\\\/wp-content\\\/uploads\\\/2025\\\/10\\\/ZESTAW-26.webp\",\"datePublished\":\"2025-10-30T19:03:37+00:00\",\"dateModified\":\"2025-11-20T10:08:09+00:00\",\"description\":\"Zobacz produkt: Zestaw \u015bwi\u0105teczny nr. 26 \u015awi\u0105teczne zestawy prezentowe premium z alkoholem - Szkocka whisky single malt | Francuskie wino czerwone - dost\u0119pny online na Whisky and Wine Place wawp.pl\\\/prezenty !\",\"breadcrumb\":{\"@id\":\"https:\\\/\\\/wawp.pl\\\/prezenty\\\/produkt\\\/zestaw-swiateczny-nr-26\\\/#breadcrumb\"},\"inLanguage\":\"pl-PL\",\"potentialAction\":[{\"@type\":\"ReadAction\",\"target\":[\"https:\\\/\\\/wawp.pl\\\/prezenty\\\/produkt\\\/zestaw-swiateczny-nr-26\\\/\"]}]},{\"@type\":\"ImageObject\",\"inLanguage\":\"pl-PL\",\"@id\":\"https:\\\/\\\/wawp.pl\\\/prezenty\\\/produkt\\\/zestaw-swiateczny-nr-26\\\/#primaryimage\",\"url\":\"https:\\\/\\\/wawp.pl\\\/prezenty\\\/wp-content\\\/uploads\\\/2025\\\/10\\\/ZESTAW-26.webp\",\"contentUrl\":\"https:\\\/\\\/wawp.pl\\\/prezenty\\\/wp-content\\\/uploads\\\/2025\\\/10\\\/ZESTAW-26.webp\",\"width\":1900,\"height\":1900,\"caption\":\"\u015awi\u0105teczny zestaw prezentowy premium z whisky Highland Park 10 YO z Orkad, czerwonym winem Ch\u00e2teau Tayac Margaux z Bordeaux, sk\u00f3rk\u0105 pomara\u0144czow\u0105 w gorzkiej czekoladzie, oliw\u0105 z oliwek Kalamata, pralinami Amante, dominika\u0144sk\u0105 kaw\u0105 Aficionado 100% Arabica i \u015bwiec\u0105 sojow\u0105 WAWP \u2013 elegancki prezent dla mi\u0142o\u015bnik\u00f3w whisky, wina i wyrafinowanych dodatk\u00f3w.\"},{\"@type\":\"BreadcrumbList\",\"@id\":\"https:\\\/\\\/wawp.pl\\\/prezenty\\\/produkt\\\/zestaw-swiateczny-nr-26\\\/#breadcrumb\",\"itemListElement\":[{\"@type\":\"ListItem\",\"position\":1,\"name\":\"Strona g\u0142\u00f3wna\",\"item\":\"https:\\\/\\\/wawp.pl\\\/prezenty\\\/\"},{\"@type\":\"ListItem\",\"position\":2,\"name\":\"Shop\",\"item\":\"https:\\\/\\\/wawp.pl\\\/prezenty\\\/shop\\\/\"},{\"@type\":\"ListItem\",\"position\":3,\"name\":\"Zestaw \u015bwi\u0105teczny nr. 26\"}]},{\"@type\":\"WebSite\",\"@id\":\"https:\\\/\\\/wawp.pl\\\/prezenty\\\/#website\",\"url\":\"https:\\\/\\\/wawp.pl\\\/prezenty\\\/\",\"name\":\"WAWP - Sklep\",\"description\":\"Kosze \u015awi\u0105teczne, Podarunkowe, Prezentowe\",\"publisher\":{\"@id\":\"https:\\\/\\\/wawp.pl\\\/prezenty\\\/#organization\"},\"potentialAction\":[{\"@type\":\"SearchAction\",\"target\":{\"@type\":\"EntryPoint\",\"urlTemplate\":\"https:\\\/\\\/wawp.pl\\\/prezenty\\\/?s={search_term_string}\"},\"query-input\":{\"@type\":\"PropertyValueSpecification\",\"valueRequired\":true,\"valueName\":\"search_term_string\"}}],\"inLanguage\":\"pl-PL\"},{\"@type\":\"Organization\",\"@id\":\"https:\\\/\\\/wawp.pl\\\/prezenty\\\/#organization\",\"name\":\"WAWP - Sklep\",\"url\":\"https:\\\/\\\/wawp.pl\\\/prezenty\\\/\",\"logo\":{\"@type\":\"ImageObject\",\"inLanguage\":\"pl-PL\",\"@id\":\"https:\\\/\\\/wawp.pl\\\/prezenty\\\/#\\\/schema\\\/logo\\\/image\\\/\",\"url\":\"https:\\\/\\\/wawp.pl\\\/prezenty\\\/wp-content\\\/uploads\\\/2021\\\/11\\\/cropped-logo.png\",\"contentUrl\":\"https:\\\/\\\/wawp.pl\\\/prezenty\\\/wp-content\\\/uploads\\\/2021\\\/11\\\/cropped-logo.png\",\"width\":360,\"height\":137,\"caption\":\"WAWP - Sklep\"},\"image\":{\"@id\":\"https:\\\/\\\/wawp.pl\\\/prezenty\\\/#\\\/schema\\\/logo\\\/image\\\/\"}}]}<\/script>\n<!-- \/ Yoast SEO plugin. -->","yoast_head_json":{"title":"Zestaw \u015bwi\u0105teczny nr. 26: \u015awi\u0105teczne zestawy prezentowe premium z alkoholem - Szkocka whisky single malt | Francuskie wino czerwone | WAWP - Sklep","description":"Zobacz produkt: Zestaw \u015bwi\u0105teczny nr. 26 \u015awi\u0105teczne zestawy prezentowe premium z alkoholem - Szkocka whisky single malt | Francuskie wino czerwone - dost\u0119pny online na Whisky and Wine Place wawp.pl\/prezenty !","robots":{"index":"index","follow":"follow","max-snippet":"max-snippet:-1","max-image-preview":"max-image-preview:large","max-video-preview":"max-video-preview:-1"},"canonical":"https:\/\/wawp.pl\/prezenty\/produkt\/zestaw-swiateczny-nr-26\/","og_locale":"pl_PL","og_type":"article","og_title":"Zestaw \u015bwi\u0105teczny nr. 26: \u015awi\u0105teczne zestawy prezentowe premium z alkoholem - Szkocka whisky single malt | Francuskie wino czerwone | WAWP - Sklep","og_description":"Zobacz produkt: Zestaw \u015bwi\u0105teczny nr. 26 \u015awi\u0105teczne zestawy prezentowe premium z alkoholem - Szkocka whisky single malt | Francuskie wino czerwone - dost\u0119pny online na Whisky and Wine Place wawp.pl\/prezenty !","og_url":"https:\/\/wawp.pl\/prezenty\/produkt\/zestaw-swiateczny-nr-26\/","og_site_name":"WAWP - Sklep","article_modified_time":"2025-11-20T10:08:09+00:00","og_image":[{"width":1900,"height":1900,"url":"https:\/\/wawp.pl\/prezenty\/wp-content\/uploads\/2025\/10\/ZESTAW-26.webp","type":"image\/webp"}],"twitter_card":"summary_large_image","twitter_misc":{"Szacowany czas czytania":"1 minuta"},"schema":{"@context":"https:\/\/schema.org","@graph":[{"@type":"WebPage","@id":"https:\/\/wawp.pl\/prezenty\/produkt\/zestaw-swiateczny-nr-26\/","url":"https:\/\/wawp.pl\/prezenty\/produkt\/zestaw-swiateczny-nr-26\/","name":"Zestaw \u015bwi\u0105teczny nr. 26: \u015awi\u0105teczne zestawy prezentowe premium z alkoholem - Szkocka whisky single malt | Francuskie wino czerwone | WAWP - Sklep","isPartOf":{"@id":"https:\/\/wawp.pl\/prezenty\/#website"},"primaryImageOfPage":{"@id":"https:\/\/wawp.pl\/prezenty\/produkt\/zestaw-swiateczny-nr-26\/#primaryimage"},"image":{"@id":"https:\/\/wawp.pl\/prezenty\/produkt\/zestaw-swiateczny-nr-26\/#primaryimage"},"thumbnailUrl":"https:\/\/wawp.pl\/prezenty\/wp-content\/uploads\/2025\/10\/ZESTAW-26.webp","datePublished":"2025-10-30T19:03:37+00:00","dateModified":"2025-11-20T10:08:09+00:00","description":"Zobacz produkt: Zestaw \u015bwi\u0105teczny nr. 26 \u015awi\u0105teczne zestawy prezentowe premium z alkoholem - Szkocka whisky single malt | Francuskie wino czerwone - dost\u0119pny online na Whisky and Wine Place wawp.pl\/prezenty !","breadcrumb":{"@id":"https:\/\/wawp.pl\/prezenty\/produkt\/zestaw-swiateczny-nr-26\/#breadcrumb"},"inLanguage":"pl-PL","potentialAction":[{"@type":"ReadAction","target":["https:\/\/wawp.pl\/prezenty\/produkt\/zestaw-swiateczny-nr-26\/"]}]},{"@type":"ImageObject","inLanguage":"pl-PL","@id":"https:\/\/wawp.pl\/prezenty\/produkt\/zestaw-swiateczny-nr-26\/#primaryimage","url":"https:\/\/wawp.pl\/prezenty\/wp-content\/uploads\/2025\/10\/ZESTAW-26.webp","contentUrl":"https:\/\/wawp.pl\/prezenty\/wp-content\/uploads\/2025\/10\/ZESTAW-26.webp","width":1900,"height":1900,"caption":"\u015awi\u0105teczny zestaw prezentowy premium z whisky Highland Park 10 YO z Orkad, czerwonym winem Ch\u00e2teau Tayac Margaux z Bordeaux, sk\u00f3rk\u0105 pomara\u0144czow\u0105 w gorzkiej czekoladzie, oliw\u0105 z oliwek Kalamata, pralinami Amante, dominika\u0144sk\u0105 kaw\u0105 Aficionado 100% Arabica i \u015bwiec\u0105 sojow\u0105 WAWP \u2013 elegancki prezent dla mi\u0142o\u015bnik\u00f3w whisky, wina i wyrafinowanych dodatk\u00f3w."},{"@type":"BreadcrumbList","@id":"https:\/\/wawp.pl\/prezenty\/produkt\/zestaw-swiateczny-nr-26\/#breadcrumb","itemListElement":[{"@type":"ListItem","position":1,"name":"Strona g\u0142\u00f3wna","item":"https:\/\/wawp.pl\/prezenty\/"},{"@type":"ListItem","position":2,"name":"Shop","item":"https:\/\/wawp.pl\/prezenty\/shop\/"},{"@type":"ListItem","position":3,"name":"Zestaw \u015bwi\u0105teczny nr. 26"}]},{"@type":"WebSite","@id":"https:\/\/wawp.pl\/prezenty\/#website","url":"https:\/\/wawp.pl\/prezenty\/","name":"WAWP - Sklep","description":"Kosze \u015awi\u0105teczne, Podarunkowe, Prezentowe","publisher":{"@id":"https:\/\/wawp.pl\/prezenty\/#organization"},"potentialAction":[{"@type":"SearchAction","target":{"@type":"EntryPoint","urlTemplate":"https:\/\/wawp.pl\/prezenty\/?s={search_term_string}"},"query-input":{"@type":"PropertyValueSpecification","valueRequired":true,"valueName":"search_term_string"}}],"inLanguage":"pl-PL"},{"@type":"Organization","@id":"https:\/\/wawp.pl\/prezenty\/#organization","name":"WAWP - Sklep","url":"https:\/\/wawp.pl\/prezenty\/","logo":{"@type":"ImageObject","inLanguage":"pl-PL","@id":"https:\/\/wawp.pl\/prezenty\/#\/schema\/logo\/image\/","url":"https:\/\/wawp.pl\/prezenty\/wp-content\/uploads\/2021\/11\/cropped-logo.png","contentUrl":"https:\/\/wawp.pl\/prezenty\/wp-content\/uploads\/2021\/11\/cropped-logo.png","width":360,"height":137,"caption":"WAWP - Sklep"},"image":{"@id":"https:\/\/wawp.pl\/prezenty\/#\/schema\/logo\/image\/"}}]}},"_links":{"self":[{"href":"https:\/\/wawp.pl\/prezenty\/wp-json\/wp\/v2\/product\/3542","targetHints":{"allow":["GET"]}}],"collection":[{"href":"https:\/\/wawp.pl\/prezenty\/wp-json\/wp\/v2\/product"}],"about":[{"href":"https:\/\/wawp.pl\/prezenty\/wp-json\/wp\/v2\/types\/product"}],"wp:featuredmedia":[{"embeddable":true,"href":"https:\/\/wawp.pl\/prezenty\/wp-json\/wp\/v2\/media\/3543"}],"wp:attachment":[{"href":"https:\/\/wawp.pl\/prezenty\/wp-json\/wp\/v2\/media?parent=3542"}],"wp:term":[{"taxonomy":"product_brand","embeddable":true,"href":"https:\/\/wawp.pl\/prezenty\/wp-json\/wp\/v2\/product_brand?post=3542"},{"taxonomy":"product_cat","embeddable":true,"href":"https:\/\/wawp.pl\/prezenty\/wp-json\/wp\/v2\/product_cat?post=3542"},{"taxonomy":"product_tag","embeddable":true,"href":"https:\/\/wawp.pl\/prezenty\/wp-json\/wp\/v2\/product_tag?post=3542"}],"curies":[{"name":"wp","href":"https:\/\/api.w.org\/{rel}","templated":true}]}}