{"id":3540,"date":"2025-10-30T19:00:53","date_gmt":"2025-10-30T19:00:53","guid":{"rendered":"https:\/\/wawp.pl\/prezenty\/?post_type=product&#038;p=3540"},"modified":"2025-11-20T10:08:09","modified_gmt":"2025-11-20T10:08:09","slug":"zestaw-swiateczny-nr-25","status":"publish","type":"product","link":"https:\/\/wawp.pl\/prezenty\/produkt\/zestaw-swiateczny-nr-25\/","title":{"rendered":"Zestaw \u015bwi\u0105teczny nr. 25"},"content":{"rendered":"","protected":false},"excerpt":{"rendered":"<p>\u2022 <strong>Adam Mickiewicz Czarna Trufla<\/strong> \u2013 wyj\u0105tkowy polski likier<br \/>\n\u015bmietankowy.<br \/>\n\u2022 <strong>W\u00f3dka Toru\u0144ska Pigwowa<\/strong> \u2013 polska w\u00f3dka smakowa<br \/>\n\u2022 Makaroniki czekoladowe.<br \/>\n\u2022 Sk\u00f3rka pomara\u0144czy w ciemnej czekoladzie.<br \/>\n\u2022 Pyszne i kruche ciasteczka z dodatkiem czekolady i orzech\u00f3w laskowych.<br \/>\n\u2022 Pierniczki o smaku whisky.<br \/>\n\u2022 \u017burawina w czekoladzie.<br \/>\n\u2022 Klasyczne, du\u0144skie, kruche ciasteczka ma\u015blane w puszce..<br \/>\n\u2022 Czekoladowe paluszki o smaku pomara\u0144czowym<br \/>\n\u2022 Belgijska czekolada z dodatkiem wi\u015bni.<br \/>\n\u2022 W\u0142oski nugat o smaku s\u0142onego karmelu.<br \/>\n\u2022 Chlebek marcepanowy.<br \/>\n\u2022 Czekolada do picia .<br \/>\n\u2022 Baton piernikowy.<br \/>\n\u2022 Wafelki kakaowe.<br \/>\n\u2022 Aficionado Premium 100% Arabica &#8211; kawa.<\/p>\n","protected":false},"featured_media":3541,"template":"","meta":{"_acf_changed":false},"product_brand":[],"product_cat":[36],"product_tag":[],"class_list":{"0":"post-3540","1":"product","2":"type-product","3":"status-publish","4":"has-post-thumbnail","6":"product_cat-boze-narodzenie-2025","8":"first","9":"instock","10":"purchasable","11":"product-type-simple"},"acf":[],"yoast_head":"<!-- This site is optimized with the Yoast SEO plugin v27.3 - https:\/\/yoast.com\/product\/yoast-seo-wordpress\/ -->\n<title>Zestaw \u015bwi\u0105teczny nr. 25: \u015awi\u0105teczne zestawy prezentowe premium z alkoholem - Polski Likier \u015bmietankowy | Polska w\u00f3dka smakowa | Zestawy \u015awi\u0105teczne<\/title>\n<meta name=\"description\" content=\"Zobacz produkt: Zestaw \u015bwi\u0105teczny nr. 25 \u015awi\u0105teczne zestawy prezentowe premium z alkoholem - Polski Likier \u015bmietankowy | Polska w\u00f3dka smakowa - dost\u0119pny online na Whisky and Wine Place wawp.pl\/prezenty !\" \/>\n<meta name=\"robots\" content=\"index, follow, max-snippet:-1, max-image-preview:large, max-video-preview:-1\" \/>\n<link rel=\"canonical\" href=\"https:\/\/wawp.pl\/prezenty\/produkt\/zestaw-swiateczny-nr-25\/\" \/>\n<meta property=\"og:locale\" content=\"pl_PL\" \/>\n<meta property=\"og:type\" content=\"article\" \/>\n<meta property=\"og:title\" content=\"Zestaw \u015bwi\u0105teczny nr. 25: \u015awi\u0105teczne zestawy prezentowe premium z alkoholem - Polski Likier \u015bmietankowy | Polska w\u00f3dka smakowa | Zestawy \u015awi\u0105teczne\" \/>\n<meta property=\"og:description\" content=\"Zobacz produkt: Zestaw \u015bwi\u0105teczny nr. 25 \u015awi\u0105teczne zestawy prezentowe premium z alkoholem - Polski Likier \u015bmietankowy | Polska w\u00f3dka smakowa - dost\u0119pny online na Whisky and Wine Place wawp.pl\/prezenty !\" \/>\n<meta property=\"og:url\" content=\"https:\/\/wawp.pl\/prezenty\/produkt\/zestaw-swiateczny-nr-25\/\" \/>\n<meta property=\"og:site_name\" content=\"Zestawy \u015awi\u0105teczne\" \/>\n<meta property=\"article:modified_time\" content=\"2025-11-20T10:08:09+00:00\" \/>\n<meta property=\"og:image\" content=\"https:\/\/wawp.pl\/prezenty\/wp-content\/uploads\/2025\/10\/ZESTAW-25.webp\" \/>\n\t<meta property=\"og:image:width\" content=\"1900\" \/>\n\t<meta property=\"og:image:height\" content=\"1266\" \/>\n\t<meta property=\"og:image:type\" content=\"image\/webp\" \/>\n<meta name=\"twitter:card\" content=\"summary_large_image\" \/>\n<meta name=\"twitter:label1\" content=\"Szacowany czas czytania\" \/>\n\t<meta name=\"twitter:data1\" content=\"1 minuta\" \/>\n<script type=\"application\/ld+json\" class=\"yoast-schema-graph\">{\"@context\":\"https:\\\/\\\/schema.org\",\"@graph\":[{\"@type\":\"WebPage\",\"@id\":\"https:\\\/\\\/wawp.pl\\\/prezenty\\\/produkt\\\/zestaw-swiateczny-nr-25\\\/\",\"url\":\"https:\\\/\\\/wawp.pl\\\/prezenty\\\/produkt\\\/zestaw-swiateczny-nr-25\\\/\",\"name\":\"Zestaw \u015bwi\u0105teczny nr. 25: \u015awi\u0105teczne zestawy prezentowe premium z alkoholem - Polski Likier \u015bmietankowy | Polska w\u00f3dka smakowa | Zestawy \u015awi\u0105teczne\",\"isPartOf\":{\"@id\":\"https:\\\/\\\/wawp.pl\\\/prezenty\\\/#website\"},\"primaryImageOfPage\":{\"@id\":\"https:\\\/\\\/wawp.pl\\\/prezenty\\\/produkt\\\/zestaw-swiateczny-nr-25\\\/#primaryimage\"},\"image\":{\"@id\":\"https:\\\/\\\/wawp.pl\\\/prezenty\\\/produkt\\\/zestaw-swiateczny-nr-25\\\/#primaryimage\"},\"thumbnailUrl\":\"https:\\\/\\\/wawp.pl\\\/prezenty\\\/wp-content\\\/uploads\\\/2025\\\/10\\\/ZESTAW-25.webp\",\"datePublished\":\"2025-10-30T19:00:53+00:00\",\"dateModified\":\"2025-11-20T10:08:09+00:00\",\"description\":\"Zobacz produkt: Zestaw \u015bwi\u0105teczny nr. 25 \u015awi\u0105teczne zestawy prezentowe premium z alkoholem - Polski Likier \u015bmietankowy | Polska w\u00f3dka smakowa - dost\u0119pny online na Whisky and Wine Place wawp.pl\\\/prezenty !\",\"breadcrumb\":{\"@id\":\"https:\\\/\\\/wawp.pl\\\/prezenty\\\/produkt\\\/zestaw-swiateczny-nr-25\\\/#breadcrumb\"},\"inLanguage\":\"pl-PL\",\"potentialAction\":[{\"@type\":\"ReadAction\",\"target\":[\"https:\\\/\\\/wawp.pl\\\/prezenty\\\/produkt\\\/zestaw-swiateczny-nr-25\\\/\"]}]},{\"@type\":\"ImageObject\",\"inLanguage\":\"pl-PL\",\"@id\":\"https:\\\/\\\/wawp.pl\\\/prezenty\\\/produkt\\\/zestaw-swiateczny-nr-25\\\/#primaryimage\",\"url\":\"https:\\\/\\\/wawp.pl\\\/prezenty\\\/wp-content\\\/uploads\\\/2025\\\/10\\\/ZESTAW-25.webp\",\"contentUrl\":\"https:\\\/\\\/wawp.pl\\\/prezenty\\\/wp-content\\\/uploads\\\/2025\\\/10\\\/ZESTAW-25.webp\",\"width\":1900,\"height\":1266,\"caption\":\"Luksusowy zestaw prezentowy z polskim likierem \u015bmietankowym Adam Mickiewicz Czarna Trufla i w\u00f3dk\u0105 Toru\u0144ska Pigwowa, bogatym wyborem s\u0142odyczy: makaronikami, pierniczkami whisky, \u017curawin\u0105 w czekoladzie, belgijsk\u0105 tabliczk\u0105 z wi\u015bniami, chlebkiem marcepanowym, nugatem karmelowym, czekolad\u0105 do picia, ciasteczkami ma\u015blanymi i orzechowymi, a tak\u017ce aromatyczn\u0105 kaw\u0105 Aficionado Premium 100% Arabica \u2013 doskona\u0142y prezent \u015bwi\u0105teczny dla koneser\u00f3w eleganckich smak\u00f3w.\"},{\"@type\":\"BreadcrumbList\",\"@id\":\"https:\\\/\\\/wawp.pl\\\/prezenty\\\/produkt\\\/zestaw-swiateczny-nr-25\\\/#breadcrumb\",\"itemListElement\":[{\"@type\":\"ListItem\",\"position\":1,\"name\":\"Strona g\u0142\u00f3wna\",\"item\":\"https:\\\/\\\/wawp.pl\\\/prezenty\\\/\"},{\"@type\":\"ListItem\",\"position\":2,\"name\":\"Shop\",\"item\":\"https:\\\/\\\/wawp.pl\\\/prezenty\\\/shop\\\/\"},{\"@type\":\"ListItem\",\"position\":3,\"name\":\"Zestaw \u015bwi\u0105teczny nr. 25\"}]},{\"@type\":\"WebSite\",\"@id\":\"https:\\\/\\\/wawp.pl\\\/prezenty\\\/#website\",\"url\":\"https:\\\/\\\/wawp.pl\\\/prezenty\\\/\",\"name\":\"Zestawy \u015awi\u0105teczne\",\"description\":\"Kosze \u015awi\u0105teczne, Podarunkowe, Prezentowe\",\"publisher\":{\"@id\":\"https:\\\/\\\/wawp.pl\\\/prezenty\\\/#organization\"},\"potentialAction\":[{\"@type\":\"SearchAction\",\"target\":{\"@type\":\"EntryPoint\",\"urlTemplate\":\"https:\\\/\\\/wawp.pl\\\/prezenty\\\/?s={search_term_string}\"},\"query-input\":{\"@type\":\"PropertyValueSpecification\",\"valueRequired\":true,\"valueName\":\"search_term_string\"}}],\"inLanguage\":\"pl-PL\"},{\"@type\":\"Organization\",\"@id\":\"https:\\\/\\\/wawp.pl\\\/prezenty\\\/#organization\",\"name\":\"Zestawy \u015awi\u0105teczne\",\"url\":\"https:\\\/\\\/wawp.pl\\\/prezenty\\\/\",\"logo\":{\"@type\":\"ImageObject\",\"inLanguage\":\"pl-PL\",\"@id\":\"https:\\\/\\\/wawp.pl\\\/prezenty\\\/#\\\/schema\\\/logo\\\/image\\\/\",\"url\":\"https:\\\/\\\/wawp.pl\\\/prezenty\\\/wp-content\\\/uploads\\\/2021\\\/11\\\/cropped-logo.png\",\"contentUrl\":\"https:\\\/\\\/wawp.pl\\\/prezenty\\\/wp-content\\\/uploads\\\/2021\\\/11\\\/cropped-logo.png\",\"width\":360,\"height\":137,\"caption\":\"Zestawy \u015awi\u0105teczne\"},\"image\":{\"@id\":\"https:\\\/\\\/wawp.pl\\\/prezenty\\\/#\\\/schema\\\/logo\\\/image\\\/\"}}]}<\/script>\n<!-- \/ Yoast SEO plugin. -->","yoast_head_json":{"title":"Zestaw \u015bwi\u0105teczny nr. 25: \u015awi\u0105teczne zestawy prezentowe premium z alkoholem - Polski Likier \u015bmietankowy | Polska w\u00f3dka smakowa | Zestawy \u015awi\u0105teczne","description":"Zobacz produkt: Zestaw \u015bwi\u0105teczny nr. 25 \u015awi\u0105teczne zestawy prezentowe premium z alkoholem - Polski Likier \u015bmietankowy | Polska w\u00f3dka smakowa - dost\u0119pny online na Whisky and Wine Place wawp.pl\/prezenty !","robots":{"index":"index","follow":"follow","max-snippet":"max-snippet:-1","max-image-preview":"max-image-preview:large","max-video-preview":"max-video-preview:-1"},"canonical":"https:\/\/wawp.pl\/prezenty\/produkt\/zestaw-swiateczny-nr-25\/","og_locale":"pl_PL","og_type":"article","og_title":"Zestaw \u015bwi\u0105teczny nr. 25: \u015awi\u0105teczne zestawy prezentowe premium z alkoholem - Polski Likier \u015bmietankowy | Polska w\u00f3dka smakowa | Zestawy \u015awi\u0105teczne","og_description":"Zobacz produkt: Zestaw \u015bwi\u0105teczny nr. 25 \u015awi\u0105teczne zestawy prezentowe premium z alkoholem - Polski Likier \u015bmietankowy | Polska w\u00f3dka smakowa - dost\u0119pny online na Whisky and Wine Place wawp.pl\/prezenty !","og_url":"https:\/\/wawp.pl\/prezenty\/produkt\/zestaw-swiateczny-nr-25\/","og_site_name":"Zestawy \u015awi\u0105teczne","article_modified_time":"2025-11-20T10:08:09+00:00","og_image":[{"width":1900,"height":1266,"url":"https:\/\/wawp.pl\/prezenty\/wp-content\/uploads\/2025\/10\/ZESTAW-25.webp","type":"image\/webp"}],"twitter_card":"summary_large_image","twitter_misc":{"Szacowany czas czytania":"1 minuta"},"schema":{"@context":"https:\/\/schema.org","@graph":[{"@type":"WebPage","@id":"https:\/\/wawp.pl\/prezenty\/produkt\/zestaw-swiateczny-nr-25\/","url":"https:\/\/wawp.pl\/prezenty\/produkt\/zestaw-swiateczny-nr-25\/","name":"Zestaw \u015bwi\u0105teczny nr. 25: \u015awi\u0105teczne zestawy prezentowe premium z alkoholem - Polski Likier \u015bmietankowy | Polska w\u00f3dka smakowa | Zestawy \u015awi\u0105teczne","isPartOf":{"@id":"https:\/\/wawp.pl\/prezenty\/#website"},"primaryImageOfPage":{"@id":"https:\/\/wawp.pl\/prezenty\/produkt\/zestaw-swiateczny-nr-25\/#primaryimage"},"image":{"@id":"https:\/\/wawp.pl\/prezenty\/produkt\/zestaw-swiateczny-nr-25\/#primaryimage"},"thumbnailUrl":"https:\/\/wawp.pl\/prezenty\/wp-content\/uploads\/2025\/10\/ZESTAW-25.webp","datePublished":"2025-10-30T19:00:53+00:00","dateModified":"2025-11-20T10:08:09+00:00","description":"Zobacz produkt: Zestaw \u015bwi\u0105teczny nr. 25 \u015awi\u0105teczne zestawy prezentowe premium z alkoholem - Polski Likier \u015bmietankowy | Polska w\u00f3dka smakowa - dost\u0119pny online na Whisky and Wine Place wawp.pl\/prezenty !","breadcrumb":{"@id":"https:\/\/wawp.pl\/prezenty\/produkt\/zestaw-swiateczny-nr-25\/#breadcrumb"},"inLanguage":"pl-PL","potentialAction":[{"@type":"ReadAction","target":["https:\/\/wawp.pl\/prezenty\/produkt\/zestaw-swiateczny-nr-25\/"]}]},{"@type":"ImageObject","inLanguage":"pl-PL","@id":"https:\/\/wawp.pl\/prezenty\/produkt\/zestaw-swiateczny-nr-25\/#primaryimage","url":"https:\/\/wawp.pl\/prezenty\/wp-content\/uploads\/2025\/10\/ZESTAW-25.webp","contentUrl":"https:\/\/wawp.pl\/prezenty\/wp-content\/uploads\/2025\/10\/ZESTAW-25.webp","width":1900,"height":1266,"caption":"Luksusowy zestaw prezentowy z polskim likierem \u015bmietankowym Adam Mickiewicz Czarna Trufla i w\u00f3dk\u0105 Toru\u0144ska Pigwowa, bogatym wyborem s\u0142odyczy: makaronikami, pierniczkami whisky, \u017curawin\u0105 w czekoladzie, belgijsk\u0105 tabliczk\u0105 z wi\u015bniami, chlebkiem marcepanowym, nugatem karmelowym, czekolad\u0105 do picia, ciasteczkami ma\u015blanymi i orzechowymi, a tak\u017ce aromatyczn\u0105 kaw\u0105 Aficionado Premium 100% Arabica \u2013 doskona\u0142y prezent \u015bwi\u0105teczny dla koneser\u00f3w eleganckich smak\u00f3w."},{"@type":"BreadcrumbList","@id":"https:\/\/wawp.pl\/prezenty\/produkt\/zestaw-swiateczny-nr-25\/#breadcrumb","itemListElement":[{"@type":"ListItem","position":1,"name":"Strona g\u0142\u00f3wna","item":"https:\/\/wawp.pl\/prezenty\/"},{"@type":"ListItem","position":2,"name":"Shop","item":"https:\/\/wawp.pl\/prezenty\/shop\/"},{"@type":"ListItem","position":3,"name":"Zestaw \u015bwi\u0105teczny nr. 25"}]},{"@type":"WebSite","@id":"https:\/\/wawp.pl\/prezenty\/#website","url":"https:\/\/wawp.pl\/prezenty\/","name":"Zestawy \u015awi\u0105teczne","description":"Kosze \u015awi\u0105teczne, Podarunkowe, Prezentowe","publisher":{"@id":"https:\/\/wawp.pl\/prezenty\/#organization"},"potentialAction":[{"@type":"SearchAction","target":{"@type":"EntryPoint","urlTemplate":"https:\/\/wawp.pl\/prezenty\/?s={search_term_string}"},"query-input":{"@type":"PropertyValueSpecification","valueRequired":true,"valueName":"search_term_string"}}],"inLanguage":"pl-PL"},{"@type":"Organization","@id":"https:\/\/wawp.pl\/prezenty\/#organization","name":"Zestawy \u015awi\u0105teczne","url":"https:\/\/wawp.pl\/prezenty\/","logo":{"@type":"ImageObject","inLanguage":"pl-PL","@id":"https:\/\/wawp.pl\/prezenty\/#\/schema\/logo\/image\/","url":"https:\/\/wawp.pl\/prezenty\/wp-content\/uploads\/2021\/11\/cropped-logo.png","contentUrl":"https:\/\/wawp.pl\/prezenty\/wp-content\/uploads\/2021\/11\/cropped-logo.png","width":360,"height":137,"caption":"Zestawy \u015awi\u0105teczne"},"image":{"@id":"https:\/\/wawp.pl\/prezenty\/#\/schema\/logo\/image\/"}}]}},"_links":{"self":[{"href":"https:\/\/wawp.pl\/prezenty\/wp-json\/wp\/v2\/product\/3540","targetHints":{"allow":["GET"]}}],"collection":[{"href":"https:\/\/wawp.pl\/prezenty\/wp-json\/wp\/v2\/product"}],"about":[{"href":"https:\/\/wawp.pl\/prezenty\/wp-json\/wp\/v2\/types\/product"}],"wp:featuredmedia":[{"embeddable":true,"href":"https:\/\/wawp.pl\/prezenty\/wp-json\/wp\/v2\/media\/3541"}],"wp:attachment":[{"href":"https:\/\/wawp.pl\/prezenty\/wp-json\/wp\/v2\/media?parent=3540"}],"wp:term":[{"taxonomy":"product_brand","embeddable":true,"href":"https:\/\/wawp.pl\/prezenty\/wp-json\/wp\/v2\/product_brand?post=3540"},{"taxonomy":"product_cat","embeddable":true,"href":"https:\/\/wawp.pl\/prezenty\/wp-json\/wp\/v2\/product_cat?post=3540"},{"taxonomy":"product_tag","embeddable":true,"href":"https:\/\/wawp.pl\/prezenty\/wp-json\/wp\/v2\/product_tag?post=3540"}],"curies":[{"name":"wp","href":"https:\/\/api.w.org\/{rel}","templated":true}]}}