{"id":2400,"date":"2023-09-15T15:34:39","date_gmt":"2023-09-15T15:34:39","guid":{"rendered":"https:\/\/wawp.pl\/prezenty\/?post_type=product&#038;p=2400"},"modified":"2024-12-13T13:53:54","modified_gmt":"2024-12-13T13:53:54","slug":"lekka-przyjemnosc-zestaw-prezentowy-z-alkoholem-wino-portugalskie-czerwone-wytrawne","status":"publish","type":"product","link":"https:\/\/wawp.pl\/prezenty\/produkt\/lekka-przyjemnosc-zestaw-prezentowy-z-alkoholem-wino-portugalskie-czerwone-wytrawne\/","title":{"rendered":"Lekka przyjemno\u015b\u0107"},"content":{"rendered":"","protected":false},"excerpt":{"rendered":"<p id=\"E49\" class=\"x-scope qowt-word-para-0\"><span id=\"E50\">Box upominkowy z alkoholem to \u015bwietny prezent na rocznic\u0119 \u015blubu. Doskona\u0142e wino i s\u0142odkie dodatki znakomicie sprawdz\u0105 si\u0119 jako dodatek do wi\u0119kszego prezentu. Starannie dobrane sk\u0142adniki sprawi\u0105 lekk\u0105 przyjemno\u015b\u0107 ka\u017cdemu obdarowanemu i zostan\u0105 zapami\u0119tane na d\u0142ugo.<\/span><\/p>\n<p id=\"E53\" class=\"x-scope qowt-word-para-0\"><strong><span id=\"E55\">Porta<\/span><span id=\"E57\"> do <\/span><span id=\"E59\">Casal<\/span><\/strong><span id=\"E61\"> to wino, kt\u00f3re wchodzi w sk\u0142ad <\/span><span id=\"E63\">boxa<\/span><span id=\"E65\"> upominkowego <\/span><span id=\"E66\">Lekka przyjemno\u015b\u0107<\/span><span id=\"E67\">. To wytrawne wino z mieszanki tradycyjnych, portugalskich szczep\u00f3w winogron. Idealnie pasuje zar\u00f3wno do seansu filmowego z desk\u0105 ser\u00f3w, jak i kolacji z dziczyzn\u0105 lub stekiem wo\u0142owym. Posiada delikatny aromat wi\u015bni, porzeczek i przypraw. W ustach \u0142agodne, ze \u015bredni\u0105 kwasowo\u015bci\u0105, posmakiem rodzynek i drobnymi taninami.<\/span><span id=\"E68\"> 0,7L<\/span><\/p>\n<p id=\"E69\" class=\"x-scope qowt-word-para-0\"><strong><span id=\"E71\">Carletti<\/span><span id=\"E73\"> <\/span><span id=\"E75\">Delight<\/span><\/strong><span id=\"E77\"> to mieszanka orzech\u00f3w laskowych oblanych czekolad\u0105 deserow\u0105 i mleczn\u0105. Doskonale koresponduj\u0105 z aromatem i smakiem trunku w zestawie. 62g<\/span><\/p>\n<p id=\"E78\" class=\"x-scope qowt-word-para-0\"><strong><span id=\"E80\">Amaresti<\/span><\/strong><span id=\"E82\"> to migda\u0142y oblane mleczn\u0105 czekolad\u0105 ze szczypt\u0105 pikantnego cynamonu znakomicie dopasowan\u0105 do alkoholu wewn\u0105trz zestawu. 80g<\/span><\/p>\n<p id=\"E83\" class=\"x-scope qowt-word-para-0\"><span id=\"E84\"><strong>Hildebrand<\/strong> to baton marcepanowy w czekoladzie z migda\u0142ami. Drobna przek\u0105ska idealna na spacer lub jako dodatek to kawy czy herbaty. 50g<\/span><\/p>\n<p id=\"E85\" class=\"x-scope qowt-word-para-0\"><span id=\"E86\">Opakowanie to mi\u0142e dla oka i dotyku tekturowe pude\u0142ko. Mi\u0119kka i estetyczna wy\u015bci\u00f3\u0142ka zapewnia bezpiecze\u0144stwo szklanym elementom zestawu. Wieko pude\u0142ka przewi\u0105zane nawi\u0105zuj\u0105c\u0105 do kolorystyki zestawu wst\u0105\u017ck\u0105. Ca\u0142o\u015b\u0107 przyjazna \u015brodowisku i podlegaj\u0105ca recyklingowi.<\/span><\/p>\n","protected":false},"featured_media":2401,"template":"","meta":{"_acf_changed":false},"product_brand":[],"product_cat":[33],"product_tag":[],"class_list":{"0":"post-2400","1":"product","2":"type-product","3":"status-publish","4":"has-post-thumbnail","6":"product_cat-zestawy-upominkowe","8":"first","9":"outofstock","10":"purchasable","11":"product-type-simple"},"acf":[],"yoast_head":"<!-- This site is optimized with the Yoast SEO plugin v27.3 - https:\/\/yoast.com\/product\/yoast-seo-wordpress\/ -->\n<title>Lekka przyjemno\u015b\u0107: Zestaw prezentowy z alkoholem - Wino portugalskie czerwone wytrawne | Zestawy \u015awi\u0105teczne<\/title>\n<meta name=\"description\" content=\"Zobacz produkt: Lekka przyjemno\u015b\u0107 Zestaw prezentowy z alkoholem - Wino portugalskie czerwone wytrawne - dost\u0119pny online na Whisky and Wine Place wawp.pl\/prezenty !\" \/>\n<meta name=\"robots\" content=\"index, follow, max-snippet:-1, max-image-preview:large, max-video-preview:-1\" \/>\n<link rel=\"canonical\" href=\"https:\/\/wawp.pl\/prezenty\/produkt\/lekka-przyjemnosc-zestaw-prezentowy-z-alkoholem-wino-portugalskie-czerwone-wytrawne\/\" \/>\n<meta property=\"og:locale\" content=\"pl_PL\" \/>\n<meta property=\"og:type\" content=\"article\" \/>\n<meta property=\"og:title\" content=\"Lekka przyjemno\u015b\u0107: Zestaw prezentowy z alkoholem - Wino portugalskie czerwone wytrawne | Zestawy \u015awi\u0105teczne\" \/>\n<meta property=\"og:description\" content=\"Zobacz produkt: Lekka przyjemno\u015b\u0107 Zestaw prezentowy z alkoholem - Wino portugalskie czerwone wytrawne - dost\u0119pny online na Whisky and Wine Place wawp.pl\/prezenty !\" \/>\n<meta property=\"og:url\" content=\"https:\/\/wawp.pl\/prezenty\/produkt\/lekka-przyjemnosc-zestaw-prezentowy-z-alkoholem-wino-portugalskie-czerwone-wytrawne\/\" \/>\n<meta property=\"og:site_name\" content=\"Zestawy \u015awi\u0105teczne\" \/>\n<meta property=\"article:modified_time\" content=\"2024-12-13T13:53:54+00:00\" \/>\n<meta property=\"og:image\" content=\"https:\/\/wawp.pl\/prezenty\/wp-content\/uploads\/2023\/09\/lekka-przyjemnosc-zestaw-prezentowy-z-alkoholem-wino-portugalskie-czerwone-wytrawne-.png\" \/>\n\t<meta property=\"og:image:width\" content=\"1200\" \/>\n\t<meta property=\"og:image:height\" content=\"1260\" \/>\n\t<meta property=\"og:image:type\" content=\"image\/png\" \/>\n<meta name=\"twitter:card\" content=\"summary_large_image\" \/>\n<script type=\"application\/ld+json\" class=\"yoast-schema-graph\">{\"@context\":\"https:\\\/\\\/schema.org\",\"@graph\":[{\"@type\":\"WebPage\",\"@id\":\"https:\\\/\\\/wawp.pl\\\/prezenty\\\/produkt\\\/lekka-przyjemnosc-zestaw-prezentowy-z-alkoholem-wino-portugalskie-czerwone-wytrawne\\\/\",\"url\":\"https:\\\/\\\/wawp.pl\\\/prezenty\\\/produkt\\\/lekka-przyjemnosc-zestaw-prezentowy-z-alkoholem-wino-portugalskie-czerwone-wytrawne\\\/\",\"name\":\"Lekka przyjemno\u015b\u0107: Zestaw prezentowy z alkoholem - Wino portugalskie czerwone wytrawne | Zestawy \u015awi\u0105teczne\",\"isPartOf\":{\"@id\":\"https:\\\/\\\/wawp.pl\\\/prezenty\\\/#website\"},\"primaryImageOfPage\":{\"@id\":\"https:\\\/\\\/wawp.pl\\\/prezenty\\\/produkt\\\/lekka-przyjemnosc-zestaw-prezentowy-z-alkoholem-wino-portugalskie-czerwone-wytrawne\\\/#primaryimage\"},\"image\":{\"@id\":\"https:\\\/\\\/wawp.pl\\\/prezenty\\\/produkt\\\/lekka-przyjemnosc-zestaw-prezentowy-z-alkoholem-wino-portugalskie-czerwone-wytrawne\\\/#primaryimage\"},\"thumbnailUrl\":\"https:\\\/\\\/wawp.pl\\\/prezenty\\\/wp-content\\\/uploads\\\/2023\\\/09\\\/lekka-przyjemnosc-zestaw-prezentowy-z-alkoholem-wino-portugalskie-czerwone-wytrawne-.png\",\"datePublished\":\"2023-09-15T15:34:39+00:00\",\"dateModified\":\"2024-12-13T13:53:54+00:00\",\"description\":\"Zobacz produkt: Lekka przyjemno\u015b\u0107 Zestaw prezentowy z alkoholem - Wino portugalskie czerwone wytrawne - dost\u0119pny online na Whisky and Wine Place wawp.pl\\\/prezenty !\",\"breadcrumb\":{\"@id\":\"https:\\\/\\\/wawp.pl\\\/prezenty\\\/produkt\\\/lekka-przyjemnosc-zestaw-prezentowy-z-alkoholem-wino-portugalskie-czerwone-wytrawne\\\/#breadcrumb\"},\"inLanguage\":\"pl-PL\",\"potentialAction\":[{\"@type\":\"ReadAction\",\"target\":[\"https:\\\/\\\/wawp.pl\\\/prezenty\\\/produkt\\\/lekka-przyjemnosc-zestaw-prezentowy-z-alkoholem-wino-portugalskie-czerwone-wytrawne\\\/\"]}]},{\"@type\":\"ImageObject\",\"inLanguage\":\"pl-PL\",\"@id\":\"https:\\\/\\\/wawp.pl\\\/prezenty\\\/produkt\\\/lekka-przyjemnosc-zestaw-prezentowy-z-alkoholem-wino-portugalskie-czerwone-wytrawne\\\/#primaryimage\",\"url\":\"https:\\\/\\\/wawp.pl\\\/prezenty\\\/wp-content\\\/uploads\\\/2023\\\/09\\\/lekka-przyjemnosc-zestaw-prezentowy-z-alkoholem-wino-portugalskie-czerwone-wytrawne-.png\",\"contentUrl\":\"https:\\\/\\\/wawp.pl\\\/prezenty\\\/wp-content\\\/uploads\\\/2023\\\/09\\\/lekka-przyjemnosc-zestaw-prezentowy-z-alkoholem-wino-portugalskie-czerwone-wytrawne-.png\",\"width\":1200,\"height\":1260,\"caption\":\"Ekskluzywne kosze prezentowe ze s\u0142odyczami i alkoholem\"},{\"@type\":\"BreadcrumbList\",\"@id\":\"https:\\\/\\\/wawp.pl\\\/prezenty\\\/produkt\\\/lekka-przyjemnosc-zestaw-prezentowy-z-alkoholem-wino-portugalskie-czerwone-wytrawne\\\/#breadcrumb\",\"itemListElement\":[{\"@type\":\"ListItem\",\"position\":1,\"name\":\"Strona g\u0142\u00f3wna\",\"item\":\"https:\\\/\\\/wawp.pl\\\/prezenty\\\/\"},{\"@type\":\"ListItem\",\"position\":2,\"name\":\"Shop\",\"item\":\"https:\\\/\\\/wawp.pl\\\/prezenty\\\/shop\\\/\"},{\"@type\":\"ListItem\",\"position\":3,\"name\":\"Lekka przyjemno\u015b\u0107\"}]},{\"@type\":\"WebSite\",\"@id\":\"https:\\\/\\\/wawp.pl\\\/prezenty\\\/#website\",\"url\":\"https:\\\/\\\/wawp.pl\\\/prezenty\\\/\",\"name\":\"Zestawy \u015awi\u0105teczne\",\"description\":\"Kosze \u015awi\u0105teczne, Podarunkowe, Prezentowe\",\"publisher\":{\"@id\":\"https:\\\/\\\/wawp.pl\\\/prezenty\\\/#organization\"},\"potentialAction\":[{\"@type\":\"SearchAction\",\"target\":{\"@type\":\"EntryPoint\",\"urlTemplate\":\"https:\\\/\\\/wawp.pl\\\/prezenty\\\/?s={search_term_string}\"},\"query-input\":{\"@type\":\"PropertyValueSpecification\",\"valueRequired\":true,\"valueName\":\"search_term_string\"}}],\"inLanguage\":\"pl-PL\"},{\"@type\":\"Organization\",\"@id\":\"https:\\\/\\\/wawp.pl\\\/prezenty\\\/#organization\",\"name\":\"Zestawy \u015awi\u0105teczne\",\"url\":\"https:\\\/\\\/wawp.pl\\\/prezenty\\\/\",\"logo\":{\"@type\":\"ImageObject\",\"inLanguage\":\"pl-PL\",\"@id\":\"https:\\\/\\\/wawp.pl\\\/prezenty\\\/#\\\/schema\\\/logo\\\/image\\\/\",\"url\":\"https:\\\/\\\/wawp.pl\\\/prezenty\\\/wp-content\\\/uploads\\\/2021\\\/11\\\/cropped-logo.png\",\"contentUrl\":\"https:\\\/\\\/wawp.pl\\\/prezenty\\\/wp-content\\\/uploads\\\/2021\\\/11\\\/cropped-logo.png\",\"width\":360,\"height\":137,\"caption\":\"Zestawy \u015awi\u0105teczne\"},\"image\":{\"@id\":\"https:\\\/\\\/wawp.pl\\\/prezenty\\\/#\\\/schema\\\/logo\\\/image\\\/\"}}]}<\/script>\n<!-- \/ Yoast SEO plugin. -->","yoast_head_json":{"title":"Lekka przyjemno\u015b\u0107: Zestaw prezentowy z alkoholem - Wino portugalskie czerwone wytrawne | Zestawy \u015awi\u0105teczne","description":"Zobacz produkt: Lekka przyjemno\u015b\u0107 Zestaw prezentowy z alkoholem - Wino portugalskie czerwone wytrawne - dost\u0119pny online na Whisky and Wine Place wawp.pl\/prezenty !","robots":{"index":"index","follow":"follow","max-snippet":"max-snippet:-1","max-image-preview":"max-image-preview:large","max-video-preview":"max-video-preview:-1"},"canonical":"https:\/\/wawp.pl\/prezenty\/produkt\/lekka-przyjemnosc-zestaw-prezentowy-z-alkoholem-wino-portugalskie-czerwone-wytrawne\/","og_locale":"pl_PL","og_type":"article","og_title":"Lekka przyjemno\u015b\u0107: Zestaw prezentowy z alkoholem - Wino portugalskie czerwone wytrawne | Zestawy \u015awi\u0105teczne","og_description":"Zobacz produkt: Lekka przyjemno\u015b\u0107 Zestaw prezentowy z alkoholem - Wino portugalskie czerwone wytrawne - dost\u0119pny online na Whisky and Wine Place wawp.pl\/prezenty !","og_url":"https:\/\/wawp.pl\/prezenty\/produkt\/lekka-przyjemnosc-zestaw-prezentowy-z-alkoholem-wino-portugalskie-czerwone-wytrawne\/","og_site_name":"Zestawy \u015awi\u0105teczne","article_modified_time":"2024-12-13T13:53:54+00:00","og_image":[{"width":1200,"height":1260,"url":"https:\/\/wawp.pl\/prezenty\/wp-content\/uploads\/2023\/09\/lekka-przyjemnosc-zestaw-prezentowy-z-alkoholem-wino-portugalskie-czerwone-wytrawne-.png","type":"image\/png"}],"twitter_card":"summary_large_image","schema":{"@context":"https:\/\/schema.org","@graph":[{"@type":"WebPage","@id":"https:\/\/wawp.pl\/prezenty\/produkt\/lekka-przyjemnosc-zestaw-prezentowy-z-alkoholem-wino-portugalskie-czerwone-wytrawne\/","url":"https:\/\/wawp.pl\/prezenty\/produkt\/lekka-przyjemnosc-zestaw-prezentowy-z-alkoholem-wino-portugalskie-czerwone-wytrawne\/","name":"Lekka przyjemno\u015b\u0107: Zestaw prezentowy z alkoholem - Wino portugalskie czerwone wytrawne | Zestawy \u015awi\u0105teczne","isPartOf":{"@id":"https:\/\/wawp.pl\/prezenty\/#website"},"primaryImageOfPage":{"@id":"https:\/\/wawp.pl\/prezenty\/produkt\/lekka-przyjemnosc-zestaw-prezentowy-z-alkoholem-wino-portugalskie-czerwone-wytrawne\/#primaryimage"},"image":{"@id":"https:\/\/wawp.pl\/prezenty\/produkt\/lekka-przyjemnosc-zestaw-prezentowy-z-alkoholem-wino-portugalskie-czerwone-wytrawne\/#primaryimage"},"thumbnailUrl":"https:\/\/wawp.pl\/prezenty\/wp-content\/uploads\/2023\/09\/lekka-przyjemnosc-zestaw-prezentowy-z-alkoholem-wino-portugalskie-czerwone-wytrawne-.png","datePublished":"2023-09-15T15:34:39+00:00","dateModified":"2024-12-13T13:53:54+00:00","description":"Zobacz produkt: Lekka przyjemno\u015b\u0107 Zestaw prezentowy z alkoholem - Wino portugalskie czerwone wytrawne - dost\u0119pny online na Whisky and Wine Place wawp.pl\/prezenty !","breadcrumb":{"@id":"https:\/\/wawp.pl\/prezenty\/produkt\/lekka-przyjemnosc-zestaw-prezentowy-z-alkoholem-wino-portugalskie-czerwone-wytrawne\/#breadcrumb"},"inLanguage":"pl-PL","potentialAction":[{"@type":"ReadAction","target":["https:\/\/wawp.pl\/prezenty\/produkt\/lekka-przyjemnosc-zestaw-prezentowy-z-alkoholem-wino-portugalskie-czerwone-wytrawne\/"]}]},{"@type":"ImageObject","inLanguage":"pl-PL","@id":"https:\/\/wawp.pl\/prezenty\/produkt\/lekka-przyjemnosc-zestaw-prezentowy-z-alkoholem-wino-portugalskie-czerwone-wytrawne\/#primaryimage","url":"https:\/\/wawp.pl\/prezenty\/wp-content\/uploads\/2023\/09\/lekka-przyjemnosc-zestaw-prezentowy-z-alkoholem-wino-portugalskie-czerwone-wytrawne-.png","contentUrl":"https:\/\/wawp.pl\/prezenty\/wp-content\/uploads\/2023\/09\/lekka-przyjemnosc-zestaw-prezentowy-z-alkoholem-wino-portugalskie-czerwone-wytrawne-.png","width":1200,"height":1260,"caption":"Ekskluzywne kosze prezentowe ze s\u0142odyczami i alkoholem"},{"@type":"BreadcrumbList","@id":"https:\/\/wawp.pl\/prezenty\/produkt\/lekka-przyjemnosc-zestaw-prezentowy-z-alkoholem-wino-portugalskie-czerwone-wytrawne\/#breadcrumb","itemListElement":[{"@type":"ListItem","position":1,"name":"Strona g\u0142\u00f3wna","item":"https:\/\/wawp.pl\/prezenty\/"},{"@type":"ListItem","position":2,"name":"Shop","item":"https:\/\/wawp.pl\/prezenty\/shop\/"},{"@type":"ListItem","position":3,"name":"Lekka przyjemno\u015b\u0107"}]},{"@type":"WebSite","@id":"https:\/\/wawp.pl\/prezenty\/#website","url":"https:\/\/wawp.pl\/prezenty\/","name":"Zestawy \u015awi\u0105teczne","description":"Kosze \u015awi\u0105teczne, Podarunkowe, Prezentowe","publisher":{"@id":"https:\/\/wawp.pl\/prezenty\/#organization"},"potentialAction":[{"@type":"SearchAction","target":{"@type":"EntryPoint","urlTemplate":"https:\/\/wawp.pl\/prezenty\/?s={search_term_string}"},"query-input":{"@type":"PropertyValueSpecification","valueRequired":true,"valueName":"search_term_string"}}],"inLanguage":"pl-PL"},{"@type":"Organization","@id":"https:\/\/wawp.pl\/prezenty\/#organization","name":"Zestawy \u015awi\u0105teczne","url":"https:\/\/wawp.pl\/prezenty\/","logo":{"@type":"ImageObject","inLanguage":"pl-PL","@id":"https:\/\/wawp.pl\/prezenty\/#\/schema\/logo\/image\/","url":"https:\/\/wawp.pl\/prezenty\/wp-content\/uploads\/2021\/11\/cropped-logo.png","contentUrl":"https:\/\/wawp.pl\/prezenty\/wp-content\/uploads\/2021\/11\/cropped-logo.png","width":360,"height":137,"caption":"Zestawy \u015awi\u0105teczne"},"image":{"@id":"https:\/\/wawp.pl\/prezenty\/#\/schema\/logo\/image\/"}}]}},"_links":{"self":[{"href":"https:\/\/wawp.pl\/prezenty\/wp-json\/wp\/v2\/product\/2400","targetHints":{"allow":["GET"]}}],"collection":[{"href":"https:\/\/wawp.pl\/prezenty\/wp-json\/wp\/v2\/product"}],"about":[{"href":"https:\/\/wawp.pl\/prezenty\/wp-json\/wp\/v2\/types\/product"}],"wp:featuredmedia":[{"embeddable":true,"href":"https:\/\/wawp.pl\/prezenty\/wp-json\/wp\/v2\/media\/2401"}],"wp:attachment":[{"href":"https:\/\/wawp.pl\/prezenty\/wp-json\/wp\/v2\/media?parent=2400"}],"wp:term":[{"taxonomy":"product_brand","embeddable":true,"href":"https:\/\/wawp.pl\/prezenty\/wp-json\/wp\/v2\/product_brand?post=2400"},{"taxonomy":"product_cat","embeddable":true,"href":"https:\/\/wawp.pl\/prezenty\/wp-json\/wp\/v2\/product_cat?post=2400"},{"taxonomy":"product_tag","embeddable":true,"href":"https:\/\/wawp.pl\/prezenty\/wp-json\/wp\/v2\/product_tag?post=2400"}],"curies":[{"name":"wp","href":"https:\/\/api.w.org\/{rel}","templated":true}]}}