{"id":2340,"date":"2023-09-08T11:07:23","date_gmt":"2023-09-08T11:07:23","guid":{"rendered":"https:\/\/wawp.pl\/prezenty\/?post_type=product&#038;p=2340"},"modified":"2024-11-14T14:13:01","modified_gmt":"2024-11-14T14:13:01","slug":"portugalski-dublet-zestaw-prezentowy-z-alkoholem-2-wina-czerwone-portugalskie","status":"publish","type":"product","link":"https:\/\/wawp.pl\/prezenty\/produkt\/portugalski-dublet-zestaw-prezentowy-z-alkoholem-2-wina-czerwone-portugalskie\/","title":{"rendered":"Portugalski Dublet"},"content":{"rendered":"","protected":false},"excerpt":{"rendered":"<p id=\"E49\" class=\"x-scope qowt-word-para-0\"><span id=\"E50\">Kosz upominkowy z dwoma winami to idealny pomys\u0142 na prezent dla dziekana. Zestaw prezentowy zawiera a\u017c dwa wina, bia\u0142e i czerwone co minimalizuje nietrafienie w gust obdarowanej osoby. Do win dopasowane s\u0105 dwa s\u0142odkie dodatki, kt\u00f3re umil\u0105 degustacj\u0119.<\/span><\/p>\n<p id=\"E53\" class=\"x-scope qowt-word-para-0\"><strong><span id=\"E55\">Portas<\/span><span id=\"E57\"> do <\/span><span id=\"E59\">Oriente<\/span><span id=\"E61\"> <\/span><span id=\"E62\"> Tinto <\/span><\/strong><span id=\"E63\">to czerwone, wytrawne wino z Portugalii. Pierwszym co rzuca si\u0119 w oczy to przepi\u0119kna etykieta ze z\u0142otym ornamentem na bia\u0142ym tle. W kieliszku za\u015b wino uwodzi aromatami je\u017cyn, czarnych porzeczek oraz przypraw korzennych. W smaku dostojne i wywa\u017cone. Doskona\u0142e do czerwonego mi\u0119sa, dziczyzny i dojrzewaj\u0105cych ser\u00f3w.<\/span><\/p>\n<p id=\"E64\" class=\"x-scope qowt-word-para-0\"><strong><span id=\"E66\">Portas<\/span><span id=\"E68\"> do <\/span><span id=\"E70\">Oriente<\/span><\/strong><span id=\"E72\"><strong> Branco<\/strong> to bia\u0142e, wytrawne wino z Portugalii. Pi\u0119kne wzornictwo etykiety i wspania\u0142y smak i aromat to g\u0142\u00f3wne atuty tego trunku. To klasyczna mieszanka portugalskich szczep\u00f3w zapewniaj\u0105ca wino aromat \u015bwie\u017cych gruszek, jab\u0142ek i skoszonej trawy. W smaku rze\u015bkie i od\u015bwie\u017caj\u0105ce, doskona\u0142e na upalne dni.<\/span><\/p>\n<p id=\"E73\" class=\"x-scope qowt-word-para-0\"><strong><span id=\"E75\">Carletti<\/span><\/strong><span id=\"E77\"><strong> Doti<\/strong> to czekoladowe, cienkie paluszki z pomara\u0144czowym nadzieniem. 75g <\/span><\/p>\n<p id=\"E78\" class=\"x-scope qowt-word-para-0\"><span id=\"E79\"><strong>Merci<\/strong> to zestaw ma\u0142ych sztabek z mlecznej czekolady, kt\u00f3rych raczej nikomu nie trzeba przedstawia\u0107. Znakomita propozycja wyra\u017caj\u0105ca podzi\u0119kowanie poprzez sam\u0105 swoj\u0105 nazw\u0119 zaczerpni\u0119t\u0105 z j\u0119zyka francuskiego. Tu w wersji kolorystycznie dopasowanej do ca\u0142ego zestawu prezentowego. 250g<\/span><\/p>\n<p id=\"E80\" class=\"x-scope qowt-word-para-0\"><span id=\"E81\">Opakowanie to mi\u0142e dla oka i dotyku tekturowe pude\u0142ko. Mi\u0119kka i estetyczna wy\u015bci\u00f3\u0142ka zapewnia bezpiecze\u0144stwo szklanym elementom zestawu. Wieko pude\u0142ka przewi\u0105zane nawi\u0105zuj\u0105c\u0105 do kolorystyki zestawu wst\u0105\u017ck\u0105. Ca\u0142o\u015b\u0107 przyjazna \u015brodowisku i podlegaj\u0105ca recyklingowi.<\/span><\/p>\n","protected":false},"featured_media":2122,"template":"","meta":{"_acf_changed":false},"product_brand":[],"product_cat":[33],"product_tag":[],"class_list":{"0":"post-2340","1":"product","2":"type-product","3":"status-publish","4":"has-post-thumbnail","6":"product_cat-zestawy-upominkowe","8":"first","9":"outofstock","10":"purchasable","11":"product-type-simple"},"acf":[],"yoast_head":"<!-- This site is optimized with the Yoast SEO plugin v27.3 - https:\/\/yoast.com\/product\/yoast-seo-wordpress\/ -->\n<title>Portugalski Dublet: Zestaw prezentowy z alkoholem - 2 wina czerwone portugalskie | Zestawy \u015awi\u0105teczne<\/title>\n<meta name=\"description\" content=\"Zobacz produkt: Portugalski Dublet Zestaw prezentowy z alkoholem - 2 wina czerwone portugalskie - dost\u0119pny online na Whisky and Wine Place wawp.pl\/prezenty !\" \/>\n<meta name=\"robots\" content=\"index, follow, max-snippet:-1, max-image-preview:large, max-video-preview:-1\" \/>\n<link rel=\"canonical\" href=\"https:\/\/wawp.pl\/prezenty\/produkt\/portugalski-dublet-zestaw-prezentowy-z-alkoholem-2-wina-czerwone-portugalskie\/\" \/>\n<meta property=\"og:locale\" content=\"pl_PL\" \/>\n<meta property=\"og:type\" content=\"article\" \/>\n<meta property=\"og:title\" content=\"Portugalski Dublet: Zestaw prezentowy z alkoholem - 2 wina czerwone portugalskie | Zestawy \u015awi\u0105teczne\" \/>\n<meta property=\"og:description\" content=\"Zobacz produkt: Portugalski Dublet Zestaw prezentowy z alkoholem - 2 wina czerwone portugalskie - dost\u0119pny online na Whisky and Wine Place wawp.pl\/prezenty !\" \/>\n<meta property=\"og:url\" content=\"https:\/\/wawp.pl\/prezenty\/produkt\/portugalski-dublet-zestaw-prezentowy-z-alkoholem-2-wina-czerwone-portugalskie\/\" \/>\n<meta property=\"og:site_name\" content=\"Zestawy \u015awi\u0105teczne\" \/>\n<meta property=\"article:modified_time\" content=\"2024-11-14T14:13:01+00:00\" \/>\n<meta property=\"og:image\" content=\"https:\/\/wawp.pl\/prezenty\/wp-content\/uploads\/2023\/07\/Portugalski-dublet-Zestaw-prezentowy-z-alkoholem-2-wina-czerwone-portugalskie.png\" \/>\n\t<meta property=\"og:image:width\" content=\"1200\" \/>\n\t<meta property=\"og:image:height\" content=\"1260\" \/>\n\t<meta property=\"og:image:type\" content=\"image\/png\" \/>\n<meta name=\"twitter:card\" content=\"summary_large_image\" \/>\n<script type=\"application\/ld+json\" class=\"yoast-schema-graph\">{\"@context\":\"https:\\\/\\\/schema.org\",\"@graph\":[{\"@type\":\"WebPage\",\"@id\":\"https:\\\/\\\/wawp.pl\\\/prezenty\\\/produkt\\\/portugalski-dublet-zestaw-prezentowy-z-alkoholem-2-wina-czerwone-portugalskie\\\/\",\"url\":\"https:\\\/\\\/wawp.pl\\\/prezenty\\\/produkt\\\/portugalski-dublet-zestaw-prezentowy-z-alkoholem-2-wina-czerwone-portugalskie\\\/\",\"name\":\"Portugalski Dublet: Zestaw prezentowy z alkoholem - 2 wina czerwone portugalskie | Zestawy \u015awi\u0105teczne\",\"isPartOf\":{\"@id\":\"https:\\\/\\\/wawp.pl\\\/prezenty\\\/#website\"},\"primaryImageOfPage\":{\"@id\":\"https:\\\/\\\/wawp.pl\\\/prezenty\\\/produkt\\\/portugalski-dublet-zestaw-prezentowy-z-alkoholem-2-wina-czerwone-portugalskie\\\/#primaryimage\"},\"image\":{\"@id\":\"https:\\\/\\\/wawp.pl\\\/prezenty\\\/produkt\\\/portugalski-dublet-zestaw-prezentowy-z-alkoholem-2-wina-czerwone-portugalskie\\\/#primaryimage\"},\"thumbnailUrl\":\"https:\\\/\\\/wawp.pl\\\/prezenty\\\/wp-content\\\/uploads\\\/2023\\\/07\\\/Portugalski-dublet-Zestaw-prezentowy-z-alkoholem-2-wina-czerwone-portugalskie.png\",\"datePublished\":\"2023-09-08T11:07:23+00:00\",\"dateModified\":\"2024-11-14T14:13:01+00:00\",\"description\":\"Zobacz produkt: Portugalski Dublet Zestaw prezentowy z alkoholem - 2 wina czerwone portugalskie - dost\u0119pny online na Whisky and Wine Place wawp.pl\\\/prezenty !\",\"breadcrumb\":{\"@id\":\"https:\\\/\\\/wawp.pl\\\/prezenty\\\/produkt\\\/portugalski-dublet-zestaw-prezentowy-z-alkoholem-2-wina-czerwone-portugalskie\\\/#breadcrumb\"},\"inLanguage\":\"pl-PL\",\"potentialAction\":[{\"@type\":\"ReadAction\",\"target\":[\"https:\\\/\\\/wawp.pl\\\/prezenty\\\/produkt\\\/portugalski-dublet-zestaw-prezentowy-z-alkoholem-2-wina-czerwone-portugalskie\\\/\"]}]},{\"@type\":\"ImageObject\",\"inLanguage\":\"pl-PL\",\"@id\":\"https:\\\/\\\/wawp.pl\\\/prezenty\\\/produkt\\\/portugalski-dublet-zestaw-prezentowy-z-alkoholem-2-wina-czerwone-portugalskie\\\/#primaryimage\",\"url\":\"https:\\\/\\\/wawp.pl\\\/prezenty\\\/wp-content\\\/uploads\\\/2023\\\/07\\\/Portugalski-dublet-Zestaw-prezentowy-z-alkoholem-2-wina-czerwone-portugalskie.png\",\"contentUrl\":\"https:\\\/\\\/wawp.pl\\\/prezenty\\\/wp-content\\\/uploads\\\/2023\\\/07\\\/Portugalski-dublet-Zestaw-prezentowy-z-alkoholem-2-wina-czerwone-portugalskie.png\",\"width\":1200,\"height\":1260},{\"@type\":\"BreadcrumbList\",\"@id\":\"https:\\\/\\\/wawp.pl\\\/prezenty\\\/produkt\\\/portugalski-dublet-zestaw-prezentowy-z-alkoholem-2-wina-czerwone-portugalskie\\\/#breadcrumb\",\"itemListElement\":[{\"@type\":\"ListItem\",\"position\":1,\"name\":\"Strona g\u0142\u00f3wna\",\"item\":\"https:\\\/\\\/wawp.pl\\\/prezenty\\\/\"},{\"@type\":\"ListItem\",\"position\":2,\"name\":\"Shop\",\"item\":\"https:\\\/\\\/wawp.pl\\\/prezenty\\\/shop\\\/\"},{\"@type\":\"ListItem\",\"position\":3,\"name\":\"Portugalski Dublet\"}]},{\"@type\":\"WebSite\",\"@id\":\"https:\\\/\\\/wawp.pl\\\/prezenty\\\/#website\",\"url\":\"https:\\\/\\\/wawp.pl\\\/prezenty\\\/\",\"name\":\"Zestawy \u015awi\u0105teczne\",\"description\":\"Kosze \u015awi\u0105teczne, Podarunkowe, Prezentowe\",\"publisher\":{\"@id\":\"https:\\\/\\\/wawp.pl\\\/prezenty\\\/#organization\"},\"potentialAction\":[{\"@type\":\"SearchAction\",\"target\":{\"@type\":\"EntryPoint\",\"urlTemplate\":\"https:\\\/\\\/wawp.pl\\\/prezenty\\\/?s={search_term_string}\"},\"query-input\":{\"@type\":\"PropertyValueSpecification\",\"valueRequired\":true,\"valueName\":\"search_term_string\"}}],\"inLanguage\":\"pl-PL\"},{\"@type\":\"Organization\",\"@id\":\"https:\\\/\\\/wawp.pl\\\/prezenty\\\/#organization\",\"name\":\"Zestawy \u015awi\u0105teczne\",\"url\":\"https:\\\/\\\/wawp.pl\\\/prezenty\\\/\",\"logo\":{\"@type\":\"ImageObject\",\"inLanguage\":\"pl-PL\",\"@id\":\"https:\\\/\\\/wawp.pl\\\/prezenty\\\/#\\\/schema\\\/logo\\\/image\\\/\",\"url\":\"https:\\\/\\\/wawp.pl\\\/prezenty\\\/wp-content\\\/uploads\\\/2021\\\/11\\\/cropped-logo.png\",\"contentUrl\":\"https:\\\/\\\/wawp.pl\\\/prezenty\\\/wp-content\\\/uploads\\\/2021\\\/11\\\/cropped-logo.png\",\"width\":360,\"height\":137,\"caption\":\"Zestawy \u015awi\u0105teczne\"},\"image\":{\"@id\":\"https:\\\/\\\/wawp.pl\\\/prezenty\\\/#\\\/schema\\\/logo\\\/image\\\/\"}}]}<\/script>\n<!-- \/ Yoast SEO plugin. -->","yoast_head_json":{"title":"Portugalski Dublet: Zestaw prezentowy z alkoholem - 2 wina czerwone portugalskie | Zestawy \u015awi\u0105teczne","description":"Zobacz produkt: Portugalski Dublet Zestaw prezentowy z alkoholem - 2 wina czerwone portugalskie - dost\u0119pny online na Whisky and Wine Place wawp.pl\/prezenty !","robots":{"index":"index","follow":"follow","max-snippet":"max-snippet:-1","max-image-preview":"max-image-preview:large","max-video-preview":"max-video-preview:-1"},"canonical":"https:\/\/wawp.pl\/prezenty\/produkt\/portugalski-dublet-zestaw-prezentowy-z-alkoholem-2-wina-czerwone-portugalskie\/","og_locale":"pl_PL","og_type":"article","og_title":"Portugalski Dublet: Zestaw prezentowy z alkoholem - 2 wina czerwone portugalskie | Zestawy \u015awi\u0105teczne","og_description":"Zobacz produkt: Portugalski Dublet Zestaw prezentowy z alkoholem - 2 wina czerwone portugalskie - dost\u0119pny online na Whisky and Wine Place wawp.pl\/prezenty !","og_url":"https:\/\/wawp.pl\/prezenty\/produkt\/portugalski-dublet-zestaw-prezentowy-z-alkoholem-2-wina-czerwone-portugalskie\/","og_site_name":"Zestawy \u015awi\u0105teczne","article_modified_time":"2024-11-14T14:13:01+00:00","og_image":[{"width":1200,"height":1260,"url":"https:\/\/wawp.pl\/prezenty\/wp-content\/uploads\/2023\/07\/Portugalski-dublet-Zestaw-prezentowy-z-alkoholem-2-wina-czerwone-portugalskie.png","type":"image\/png"}],"twitter_card":"summary_large_image","schema":{"@context":"https:\/\/schema.org","@graph":[{"@type":"WebPage","@id":"https:\/\/wawp.pl\/prezenty\/produkt\/portugalski-dublet-zestaw-prezentowy-z-alkoholem-2-wina-czerwone-portugalskie\/","url":"https:\/\/wawp.pl\/prezenty\/produkt\/portugalski-dublet-zestaw-prezentowy-z-alkoholem-2-wina-czerwone-portugalskie\/","name":"Portugalski Dublet: Zestaw prezentowy z alkoholem - 2 wina czerwone portugalskie | Zestawy \u015awi\u0105teczne","isPartOf":{"@id":"https:\/\/wawp.pl\/prezenty\/#website"},"primaryImageOfPage":{"@id":"https:\/\/wawp.pl\/prezenty\/produkt\/portugalski-dublet-zestaw-prezentowy-z-alkoholem-2-wina-czerwone-portugalskie\/#primaryimage"},"image":{"@id":"https:\/\/wawp.pl\/prezenty\/produkt\/portugalski-dublet-zestaw-prezentowy-z-alkoholem-2-wina-czerwone-portugalskie\/#primaryimage"},"thumbnailUrl":"https:\/\/wawp.pl\/prezenty\/wp-content\/uploads\/2023\/07\/Portugalski-dublet-Zestaw-prezentowy-z-alkoholem-2-wina-czerwone-portugalskie.png","datePublished":"2023-09-08T11:07:23+00:00","dateModified":"2024-11-14T14:13:01+00:00","description":"Zobacz produkt: Portugalski Dublet Zestaw prezentowy z alkoholem - 2 wina czerwone portugalskie - dost\u0119pny online na Whisky and Wine Place wawp.pl\/prezenty !","breadcrumb":{"@id":"https:\/\/wawp.pl\/prezenty\/produkt\/portugalski-dublet-zestaw-prezentowy-z-alkoholem-2-wina-czerwone-portugalskie\/#breadcrumb"},"inLanguage":"pl-PL","potentialAction":[{"@type":"ReadAction","target":["https:\/\/wawp.pl\/prezenty\/produkt\/portugalski-dublet-zestaw-prezentowy-z-alkoholem-2-wina-czerwone-portugalskie\/"]}]},{"@type":"ImageObject","inLanguage":"pl-PL","@id":"https:\/\/wawp.pl\/prezenty\/produkt\/portugalski-dublet-zestaw-prezentowy-z-alkoholem-2-wina-czerwone-portugalskie\/#primaryimage","url":"https:\/\/wawp.pl\/prezenty\/wp-content\/uploads\/2023\/07\/Portugalski-dublet-Zestaw-prezentowy-z-alkoholem-2-wina-czerwone-portugalskie.png","contentUrl":"https:\/\/wawp.pl\/prezenty\/wp-content\/uploads\/2023\/07\/Portugalski-dublet-Zestaw-prezentowy-z-alkoholem-2-wina-czerwone-portugalskie.png","width":1200,"height":1260},{"@type":"BreadcrumbList","@id":"https:\/\/wawp.pl\/prezenty\/produkt\/portugalski-dublet-zestaw-prezentowy-z-alkoholem-2-wina-czerwone-portugalskie\/#breadcrumb","itemListElement":[{"@type":"ListItem","position":1,"name":"Strona g\u0142\u00f3wna","item":"https:\/\/wawp.pl\/prezenty\/"},{"@type":"ListItem","position":2,"name":"Shop","item":"https:\/\/wawp.pl\/prezenty\/shop\/"},{"@type":"ListItem","position":3,"name":"Portugalski Dublet"}]},{"@type":"WebSite","@id":"https:\/\/wawp.pl\/prezenty\/#website","url":"https:\/\/wawp.pl\/prezenty\/","name":"Zestawy \u015awi\u0105teczne","description":"Kosze \u015awi\u0105teczne, Podarunkowe, Prezentowe","publisher":{"@id":"https:\/\/wawp.pl\/prezenty\/#organization"},"potentialAction":[{"@type":"SearchAction","target":{"@type":"EntryPoint","urlTemplate":"https:\/\/wawp.pl\/prezenty\/?s={search_term_string}"},"query-input":{"@type":"PropertyValueSpecification","valueRequired":true,"valueName":"search_term_string"}}],"inLanguage":"pl-PL"},{"@type":"Organization","@id":"https:\/\/wawp.pl\/prezenty\/#organization","name":"Zestawy \u015awi\u0105teczne","url":"https:\/\/wawp.pl\/prezenty\/","logo":{"@type":"ImageObject","inLanguage":"pl-PL","@id":"https:\/\/wawp.pl\/prezenty\/#\/schema\/logo\/image\/","url":"https:\/\/wawp.pl\/prezenty\/wp-content\/uploads\/2021\/11\/cropped-logo.png","contentUrl":"https:\/\/wawp.pl\/prezenty\/wp-content\/uploads\/2021\/11\/cropped-logo.png","width":360,"height":137,"caption":"Zestawy \u015awi\u0105teczne"},"image":{"@id":"https:\/\/wawp.pl\/prezenty\/#\/schema\/logo\/image\/"}}]}},"_links":{"self":[{"href":"https:\/\/wawp.pl\/prezenty\/wp-json\/wp\/v2\/product\/2340","targetHints":{"allow":["GET"]}}],"collection":[{"href":"https:\/\/wawp.pl\/prezenty\/wp-json\/wp\/v2\/product"}],"about":[{"href":"https:\/\/wawp.pl\/prezenty\/wp-json\/wp\/v2\/types\/product"}],"wp:featuredmedia":[{"embeddable":true,"href":"https:\/\/wawp.pl\/prezenty\/wp-json\/wp\/v2\/media\/2122"}],"wp:attachment":[{"href":"https:\/\/wawp.pl\/prezenty\/wp-json\/wp\/v2\/media?parent=2340"}],"wp:term":[{"taxonomy":"product_brand","embeddable":true,"href":"https:\/\/wawp.pl\/prezenty\/wp-json\/wp\/v2\/product_brand?post=2340"},{"taxonomy":"product_cat","embeddable":true,"href":"https:\/\/wawp.pl\/prezenty\/wp-json\/wp\/v2\/product_cat?post=2340"},{"taxonomy":"product_tag","embeddable":true,"href":"https:\/\/wawp.pl\/prezenty\/wp-json\/wp\/v2\/product_tag?post=2340"}],"curies":[{"name":"wp","href":"https:\/\/api.w.org\/{rel}","templated":true}]}}