{"id":2251,"date":"2023-08-26T17:44:33","date_gmt":"2023-08-26T17:44:33","guid":{"rendered":"https:\/\/wawp.pl\/prezenty\/?post_type=product&#038;p=2251"},"modified":"2024-12-13T13:29:43","modified_gmt":"2024-12-13T13:29:43","slug":"porto-cale-zestaw-prezentowy-z-alkoholem-wina-czerwone-wytrawne-portugalskie-porto-tawny-slodkie","status":"publish","type":"product","link":"https:\/\/wawp.pl\/prezenty\/produkt\/porto-cale-zestaw-prezentowy-z-alkoholem-wina-czerwone-wytrawne-portugalskie-porto-tawny-slodkie\/","title":{"rendered":"Porto Cale"},"content":{"rendered":"","protected":false},"excerpt":{"rendered":"<p>Zestaw prezentowy <strong>Porto Cale<\/strong> zawiera a\u017c dwa wykwintne alkohole oraz mnogo\u015b\u0107 s\u0142odkich dodatk\u00f3w. Sprawdzi si\u0119 jako prezent dla pary lub te\u015bci\u00f3w na rocznic\u0119 \u015blubu. Szlachetne wina z portugali oraz estetyczne wykonanie kompletu upominkowego zostanie docenione i zapami\u0119tane na d\u0142ugo po wr\u0119czeniu.<\/p>\n<p><strong>Portas do Oriente Reserva<\/strong> to czerwone, wytrawne wino z Portugali. Pierwszym co rzuca si\u0119 w oczy jest przepi\u0119kna etykieta ze z\u0142otym ornamentem na czarnym tle. W kieliszku za\u015b, wino uwodzi aromatami je\u017cyn, czarnych porzeczek oraz przypraw korzennych. W smaku dostojne i wywarzone. Doskona\u0142e do czerwonego mi\u0119sa, dziczyzny i dojrzewaj\u0105cych ser\u00f3w.<\/p>\n<p><strong>Pocas Porto Tawny<\/strong> to wizyt\u00f3wka regionu Douro. S\u0142odkie, wzmacniane wino mo\u017ce dojrzewa\u0107 w beczkach a p\u00f3\u017aniej w butelkach ca\u0142ymi dekadami. W aromacie bujne i intensywne. Bogate w akcenty \u015bliwej, bor\u00f3wek, rodzynek i wanilii. W smaku rozgrzewaj\u0105ce i d\u0142ugo wygasaj\u0105ce na podniebieniu.<\/p>\n<p><strong>Merci<\/strong> to zestaw ma\u0142ych sztabek z mlecznej czekolady kt\u00f3rych raczej nikomu nie trzeba przedstawia\u0107. Znakomita propozycja wyra\u017caj\u0105ca podzi\u0119kowanie poprzez sam\u0105 swoj\u0105 nazw\u0119 zaczerpni\u0119ta z j\u0119zyka francuskiego. Tu w wersji kolorystycznie dopasowanej do ca\u0142ego zestawu prezentowego.<\/p>\n<p><strong>Carletti Doti<\/strong> to czekoladowe, cienkie paluszki z pomara\u0144czowym nadzieniem. 75g<\/p>\n<p><strong>Anthon Berg<\/strong> to nietuzinkowe po\u0142\u0105czenie marcepanu, czekolady, bor\u00f3wek oraz wysokogatunkowej w\u00f3dki czystej. 220g<\/p>\n<p><strong>Czekolada z orzechami<\/strong> o popularnym ostatnimi czasy smaku s\u0142onego karmelu. Wyprodukowana przez cenionego polskiego producenta Wedel. \u00a0100g<\/p>\n<p>Opakowanie to mi\u0142e dla oka i dotyku tekturowe pude\u0142ko.\u00a0 Mi\u0119kka i estetyczna wy\u015bci\u00f3\u0142ka zapewnia bezpiecze\u0144stwo szklanym elementom zestawu. Wieko pude\u0142ka przewi\u0105zane nawi\u0105zuj\u0105c\u0105 do kolorystyki zestawu wst\u0105\u017ck\u0105. Ca\u0142o\u015b\u0107 przyjazna \u015brodowisku i podlegaj\u0105ca recyklingowi.<\/p>\n","protected":false},"featured_media":2252,"template":"","meta":{"_acf_changed":false},"product_brand":[],"product_cat":[33],"product_tag":[],"class_list":{"0":"post-2251","1":"product","2":"type-product","3":"status-publish","4":"has-post-thumbnail","6":"product_cat-zestawy-upominkowe","8":"first","9":"outofstock","10":"purchasable","11":"product-type-simple"},"acf":[],"yoast_head":"<!-- This site is optimized with the Yoast SEO plugin v27.3 - https:\/\/yoast.com\/product\/yoast-seo-wordpress\/ -->\n<title>Porto Cale: Zestaw prezentowy z alkoholem - Wina czerwone wytrawne portugalskie porto tawny s\u0142odkie | Zestawy \u015awi\u0105teczne<\/title>\n<meta name=\"description\" content=\"Zobacz produkt: Porto Cale Zestaw prezentowy z alkoholem - Wina czerwone wytrawne portugalskie porto tawny s\u0142odkie - dost\u0119pny online na Whisky and Wine Place wawp.pl\/prezenty !\" \/>\n<meta name=\"robots\" content=\"index, follow, max-snippet:-1, max-image-preview:large, max-video-preview:-1\" \/>\n<link rel=\"canonical\" href=\"https:\/\/wawp.pl\/prezenty\/produkt\/porto-cale-zestaw-prezentowy-z-alkoholem-wina-czerwone-wytrawne-portugalskie-porto-tawny-slodkie\/\" \/>\n<meta property=\"og:locale\" content=\"pl_PL\" \/>\n<meta property=\"og:type\" content=\"article\" \/>\n<meta property=\"og:title\" content=\"Porto Cale: Zestaw prezentowy z alkoholem - Wina czerwone wytrawne portugalskie porto tawny s\u0142odkie | Zestawy \u015awi\u0105teczne\" \/>\n<meta property=\"og:description\" content=\"Zobacz produkt: Porto Cale Zestaw prezentowy z alkoholem - Wina czerwone wytrawne portugalskie porto tawny s\u0142odkie - dost\u0119pny online na Whisky and Wine Place wawp.pl\/prezenty !\" \/>\n<meta property=\"og:url\" content=\"https:\/\/wawp.pl\/prezenty\/produkt\/porto-cale-zestaw-prezentowy-z-alkoholem-wina-czerwone-wytrawne-portugalskie-porto-tawny-slodkie\/\" \/>\n<meta property=\"og:site_name\" content=\"Zestawy \u015awi\u0105teczne\" \/>\n<meta property=\"article:modified_time\" content=\"2024-12-13T13:29:43+00:00\" \/>\n<meta property=\"og:image\" content=\"https:\/\/wawp.pl\/prezenty\/wp-content\/uploads\/2023\/08\/porto-cale-zestaw-prezentowy-z-alkoholem-wina-czerwone-wytrawne-portugalskie-porto-tawny-slodkie.png\" \/>\n\t<meta property=\"og:image:width\" content=\"1200\" \/>\n\t<meta property=\"og:image:height\" content=\"1260\" \/>\n\t<meta property=\"og:image:type\" content=\"image\/png\" \/>\n<meta name=\"twitter:card\" content=\"summary_large_image\" \/>\n<script type=\"application\/ld+json\" class=\"yoast-schema-graph\">{\"@context\":\"https:\\\/\\\/schema.org\",\"@graph\":[{\"@type\":\"WebPage\",\"@id\":\"https:\\\/\\\/wawp.pl\\\/prezenty\\\/produkt\\\/porto-cale-zestaw-prezentowy-z-alkoholem-wina-czerwone-wytrawne-portugalskie-porto-tawny-slodkie\\\/\",\"url\":\"https:\\\/\\\/wawp.pl\\\/prezenty\\\/produkt\\\/porto-cale-zestaw-prezentowy-z-alkoholem-wina-czerwone-wytrawne-portugalskie-porto-tawny-slodkie\\\/\",\"name\":\"Porto Cale: Zestaw prezentowy z alkoholem - Wina czerwone wytrawne portugalskie porto tawny s\u0142odkie | Zestawy \u015awi\u0105teczne\",\"isPartOf\":{\"@id\":\"https:\\\/\\\/wawp.pl\\\/prezenty\\\/#website\"},\"primaryImageOfPage\":{\"@id\":\"https:\\\/\\\/wawp.pl\\\/prezenty\\\/produkt\\\/porto-cale-zestaw-prezentowy-z-alkoholem-wina-czerwone-wytrawne-portugalskie-porto-tawny-slodkie\\\/#primaryimage\"},\"image\":{\"@id\":\"https:\\\/\\\/wawp.pl\\\/prezenty\\\/produkt\\\/porto-cale-zestaw-prezentowy-z-alkoholem-wina-czerwone-wytrawne-portugalskie-porto-tawny-slodkie\\\/#primaryimage\"},\"thumbnailUrl\":\"https:\\\/\\\/wawp.pl\\\/prezenty\\\/wp-content\\\/uploads\\\/2023\\\/08\\\/porto-cale-zestaw-prezentowy-z-alkoholem-wina-czerwone-wytrawne-portugalskie-porto-tawny-slodkie.png\",\"datePublished\":\"2023-08-26T17:44:33+00:00\",\"dateModified\":\"2024-12-13T13:29:43+00:00\",\"description\":\"Zobacz produkt: Porto Cale Zestaw prezentowy z alkoholem - Wina czerwone wytrawne portugalskie porto tawny s\u0142odkie - dost\u0119pny online na Whisky and Wine Place wawp.pl\\\/prezenty !\",\"breadcrumb\":{\"@id\":\"https:\\\/\\\/wawp.pl\\\/prezenty\\\/produkt\\\/porto-cale-zestaw-prezentowy-z-alkoholem-wina-czerwone-wytrawne-portugalskie-porto-tawny-slodkie\\\/#breadcrumb\"},\"inLanguage\":\"pl-PL\",\"potentialAction\":[{\"@type\":\"ReadAction\",\"target\":[\"https:\\\/\\\/wawp.pl\\\/prezenty\\\/produkt\\\/porto-cale-zestaw-prezentowy-z-alkoholem-wina-czerwone-wytrawne-portugalskie-porto-tawny-slodkie\\\/\"]}]},{\"@type\":\"ImageObject\",\"inLanguage\":\"pl-PL\",\"@id\":\"https:\\\/\\\/wawp.pl\\\/prezenty\\\/produkt\\\/porto-cale-zestaw-prezentowy-z-alkoholem-wina-czerwone-wytrawne-portugalskie-porto-tawny-slodkie\\\/#primaryimage\",\"url\":\"https:\\\/\\\/wawp.pl\\\/prezenty\\\/wp-content\\\/uploads\\\/2023\\\/08\\\/porto-cale-zestaw-prezentowy-z-alkoholem-wina-czerwone-wytrawne-portugalskie-porto-tawny-slodkie.png\",\"contentUrl\":\"https:\\\/\\\/wawp.pl\\\/prezenty\\\/wp-content\\\/uploads\\\/2023\\\/08\\\/porto-cale-zestaw-prezentowy-z-alkoholem-wina-czerwone-wytrawne-portugalskie-porto-tawny-slodkie.png\",\"width\":1200,\"height\":1260},{\"@type\":\"BreadcrumbList\",\"@id\":\"https:\\\/\\\/wawp.pl\\\/prezenty\\\/produkt\\\/porto-cale-zestaw-prezentowy-z-alkoholem-wina-czerwone-wytrawne-portugalskie-porto-tawny-slodkie\\\/#breadcrumb\",\"itemListElement\":[{\"@type\":\"ListItem\",\"position\":1,\"name\":\"Strona g\u0142\u00f3wna\",\"item\":\"https:\\\/\\\/wawp.pl\\\/prezenty\\\/\"},{\"@type\":\"ListItem\",\"position\":2,\"name\":\"Shop\",\"item\":\"https:\\\/\\\/wawp.pl\\\/prezenty\\\/shop\\\/\"},{\"@type\":\"ListItem\",\"position\":3,\"name\":\"Porto Cale\"}]},{\"@type\":\"WebSite\",\"@id\":\"https:\\\/\\\/wawp.pl\\\/prezenty\\\/#website\",\"url\":\"https:\\\/\\\/wawp.pl\\\/prezenty\\\/\",\"name\":\"Zestawy \u015awi\u0105teczne\",\"description\":\"Kosze \u015awi\u0105teczne, Podarunkowe, Prezentowe\",\"publisher\":{\"@id\":\"https:\\\/\\\/wawp.pl\\\/prezenty\\\/#organization\"},\"potentialAction\":[{\"@type\":\"SearchAction\",\"target\":{\"@type\":\"EntryPoint\",\"urlTemplate\":\"https:\\\/\\\/wawp.pl\\\/prezenty\\\/?s={search_term_string}\"},\"query-input\":{\"@type\":\"PropertyValueSpecification\",\"valueRequired\":true,\"valueName\":\"search_term_string\"}}],\"inLanguage\":\"pl-PL\"},{\"@type\":\"Organization\",\"@id\":\"https:\\\/\\\/wawp.pl\\\/prezenty\\\/#organization\",\"name\":\"Zestawy \u015awi\u0105teczne\",\"url\":\"https:\\\/\\\/wawp.pl\\\/prezenty\\\/\",\"logo\":{\"@type\":\"ImageObject\",\"inLanguage\":\"pl-PL\",\"@id\":\"https:\\\/\\\/wawp.pl\\\/prezenty\\\/#\\\/schema\\\/logo\\\/image\\\/\",\"url\":\"https:\\\/\\\/wawp.pl\\\/prezenty\\\/wp-content\\\/uploads\\\/2021\\\/11\\\/cropped-logo.png\",\"contentUrl\":\"https:\\\/\\\/wawp.pl\\\/prezenty\\\/wp-content\\\/uploads\\\/2021\\\/11\\\/cropped-logo.png\",\"width\":360,\"height\":137,\"caption\":\"Zestawy \u015awi\u0105teczne\"},\"image\":{\"@id\":\"https:\\\/\\\/wawp.pl\\\/prezenty\\\/#\\\/schema\\\/logo\\\/image\\\/\"}}]}<\/script>\n<!-- \/ Yoast SEO plugin. -->","yoast_head_json":{"title":"Porto Cale: Zestaw prezentowy z alkoholem - Wina czerwone wytrawne portugalskie porto tawny s\u0142odkie | Zestawy \u015awi\u0105teczne","description":"Zobacz produkt: Porto Cale Zestaw prezentowy z alkoholem - Wina czerwone wytrawne portugalskie porto tawny s\u0142odkie - dost\u0119pny online na Whisky and Wine Place wawp.pl\/prezenty !","robots":{"index":"index","follow":"follow","max-snippet":"max-snippet:-1","max-image-preview":"max-image-preview:large","max-video-preview":"max-video-preview:-1"},"canonical":"https:\/\/wawp.pl\/prezenty\/produkt\/porto-cale-zestaw-prezentowy-z-alkoholem-wina-czerwone-wytrawne-portugalskie-porto-tawny-slodkie\/","og_locale":"pl_PL","og_type":"article","og_title":"Porto Cale: Zestaw prezentowy z alkoholem - Wina czerwone wytrawne portugalskie porto tawny s\u0142odkie | Zestawy \u015awi\u0105teczne","og_description":"Zobacz produkt: Porto Cale Zestaw prezentowy z alkoholem - Wina czerwone wytrawne portugalskie porto tawny s\u0142odkie - dost\u0119pny online na Whisky and Wine Place wawp.pl\/prezenty !","og_url":"https:\/\/wawp.pl\/prezenty\/produkt\/porto-cale-zestaw-prezentowy-z-alkoholem-wina-czerwone-wytrawne-portugalskie-porto-tawny-slodkie\/","og_site_name":"Zestawy \u015awi\u0105teczne","article_modified_time":"2024-12-13T13:29:43+00:00","og_image":[{"width":1200,"height":1260,"url":"https:\/\/wawp.pl\/prezenty\/wp-content\/uploads\/2023\/08\/porto-cale-zestaw-prezentowy-z-alkoholem-wina-czerwone-wytrawne-portugalskie-porto-tawny-slodkie.png","type":"image\/png"}],"twitter_card":"summary_large_image","schema":{"@context":"https:\/\/schema.org","@graph":[{"@type":"WebPage","@id":"https:\/\/wawp.pl\/prezenty\/produkt\/porto-cale-zestaw-prezentowy-z-alkoholem-wina-czerwone-wytrawne-portugalskie-porto-tawny-slodkie\/","url":"https:\/\/wawp.pl\/prezenty\/produkt\/porto-cale-zestaw-prezentowy-z-alkoholem-wina-czerwone-wytrawne-portugalskie-porto-tawny-slodkie\/","name":"Porto Cale: Zestaw prezentowy z alkoholem - Wina czerwone wytrawne portugalskie porto tawny s\u0142odkie | Zestawy \u015awi\u0105teczne","isPartOf":{"@id":"https:\/\/wawp.pl\/prezenty\/#website"},"primaryImageOfPage":{"@id":"https:\/\/wawp.pl\/prezenty\/produkt\/porto-cale-zestaw-prezentowy-z-alkoholem-wina-czerwone-wytrawne-portugalskie-porto-tawny-slodkie\/#primaryimage"},"image":{"@id":"https:\/\/wawp.pl\/prezenty\/produkt\/porto-cale-zestaw-prezentowy-z-alkoholem-wina-czerwone-wytrawne-portugalskie-porto-tawny-slodkie\/#primaryimage"},"thumbnailUrl":"https:\/\/wawp.pl\/prezenty\/wp-content\/uploads\/2023\/08\/porto-cale-zestaw-prezentowy-z-alkoholem-wina-czerwone-wytrawne-portugalskie-porto-tawny-slodkie.png","datePublished":"2023-08-26T17:44:33+00:00","dateModified":"2024-12-13T13:29:43+00:00","description":"Zobacz produkt: Porto Cale Zestaw prezentowy z alkoholem - Wina czerwone wytrawne portugalskie porto tawny s\u0142odkie - dost\u0119pny online na Whisky and Wine Place wawp.pl\/prezenty !","breadcrumb":{"@id":"https:\/\/wawp.pl\/prezenty\/produkt\/porto-cale-zestaw-prezentowy-z-alkoholem-wina-czerwone-wytrawne-portugalskie-porto-tawny-slodkie\/#breadcrumb"},"inLanguage":"pl-PL","potentialAction":[{"@type":"ReadAction","target":["https:\/\/wawp.pl\/prezenty\/produkt\/porto-cale-zestaw-prezentowy-z-alkoholem-wina-czerwone-wytrawne-portugalskie-porto-tawny-slodkie\/"]}]},{"@type":"ImageObject","inLanguage":"pl-PL","@id":"https:\/\/wawp.pl\/prezenty\/produkt\/porto-cale-zestaw-prezentowy-z-alkoholem-wina-czerwone-wytrawne-portugalskie-porto-tawny-slodkie\/#primaryimage","url":"https:\/\/wawp.pl\/prezenty\/wp-content\/uploads\/2023\/08\/porto-cale-zestaw-prezentowy-z-alkoholem-wina-czerwone-wytrawne-portugalskie-porto-tawny-slodkie.png","contentUrl":"https:\/\/wawp.pl\/prezenty\/wp-content\/uploads\/2023\/08\/porto-cale-zestaw-prezentowy-z-alkoholem-wina-czerwone-wytrawne-portugalskie-porto-tawny-slodkie.png","width":1200,"height":1260},{"@type":"BreadcrumbList","@id":"https:\/\/wawp.pl\/prezenty\/produkt\/porto-cale-zestaw-prezentowy-z-alkoholem-wina-czerwone-wytrawne-portugalskie-porto-tawny-slodkie\/#breadcrumb","itemListElement":[{"@type":"ListItem","position":1,"name":"Strona g\u0142\u00f3wna","item":"https:\/\/wawp.pl\/prezenty\/"},{"@type":"ListItem","position":2,"name":"Shop","item":"https:\/\/wawp.pl\/prezenty\/shop\/"},{"@type":"ListItem","position":3,"name":"Porto Cale"}]},{"@type":"WebSite","@id":"https:\/\/wawp.pl\/prezenty\/#website","url":"https:\/\/wawp.pl\/prezenty\/","name":"Zestawy \u015awi\u0105teczne","description":"Kosze \u015awi\u0105teczne, Podarunkowe, Prezentowe","publisher":{"@id":"https:\/\/wawp.pl\/prezenty\/#organization"},"potentialAction":[{"@type":"SearchAction","target":{"@type":"EntryPoint","urlTemplate":"https:\/\/wawp.pl\/prezenty\/?s={search_term_string}"},"query-input":{"@type":"PropertyValueSpecification","valueRequired":true,"valueName":"search_term_string"}}],"inLanguage":"pl-PL"},{"@type":"Organization","@id":"https:\/\/wawp.pl\/prezenty\/#organization","name":"Zestawy \u015awi\u0105teczne","url":"https:\/\/wawp.pl\/prezenty\/","logo":{"@type":"ImageObject","inLanguage":"pl-PL","@id":"https:\/\/wawp.pl\/prezenty\/#\/schema\/logo\/image\/","url":"https:\/\/wawp.pl\/prezenty\/wp-content\/uploads\/2021\/11\/cropped-logo.png","contentUrl":"https:\/\/wawp.pl\/prezenty\/wp-content\/uploads\/2021\/11\/cropped-logo.png","width":360,"height":137,"caption":"Zestawy \u015awi\u0105teczne"},"image":{"@id":"https:\/\/wawp.pl\/prezenty\/#\/schema\/logo\/image\/"}}]}},"_links":{"self":[{"href":"https:\/\/wawp.pl\/prezenty\/wp-json\/wp\/v2\/product\/2251","targetHints":{"allow":["GET"]}}],"collection":[{"href":"https:\/\/wawp.pl\/prezenty\/wp-json\/wp\/v2\/product"}],"about":[{"href":"https:\/\/wawp.pl\/prezenty\/wp-json\/wp\/v2\/types\/product"}],"wp:featuredmedia":[{"embeddable":true,"href":"https:\/\/wawp.pl\/prezenty\/wp-json\/wp\/v2\/media\/2252"}],"wp:attachment":[{"href":"https:\/\/wawp.pl\/prezenty\/wp-json\/wp\/v2\/media?parent=2251"}],"wp:term":[{"taxonomy":"product_brand","embeddable":true,"href":"https:\/\/wawp.pl\/prezenty\/wp-json\/wp\/v2\/product_brand?post=2251"},{"taxonomy":"product_cat","embeddable":true,"href":"https:\/\/wawp.pl\/prezenty\/wp-json\/wp\/v2\/product_cat?post=2251"},{"taxonomy":"product_tag","embeddable":true,"href":"https:\/\/wawp.pl\/prezenty\/wp-json\/wp\/v2\/product_tag?post=2251"}],"curies":[{"name":"wp","href":"https:\/\/api.w.org\/{rel}","templated":true}]}}