{"id":2231,"date":"2023-08-04T10:16:48","date_gmt":"2023-08-04T10:16:48","guid":{"rendered":"https:\/\/wawp.pl\/prezenty\/?post_type=product&#038;p=2231"},"modified":"2024-12-13T13:53:54","modified_gmt":"2024-12-13T13:53:54","slug":"laki-veneto-zestaw-prezentowy-z-alkoholem-pinot-grigio-veneto-slodycze-kraftowe","status":"publish","type":"product","link":"https:\/\/wawp.pl\/prezenty\/produkt\/laki-veneto-zestaw-prezentowy-z-alkoholem-pinot-grigio-veneto-slodycze-kraftowe\/","title":{"rendered":"\u0141\u0105ki Veneto"},"content":{"rendered":"","protected":false},"excerpt":{"rendered":"<p><strong>\u0141\u0105ki Veneto<\/strong> przywodz\u0105 na my\u015bl wiosenne wzg\u00f3rza z okolic Wenecji. Zestaw prezentowy zawiera lekkie wino produkowane z winogron z s\u0105siednich winnic oraz wy\u015bmienite s\u0142odycze produkowane z wysokiej jako\u015bci sk\u0142adnik\u00f3w. To w po\u0142\u0105czeniu ze stylowym wykonaniem w przyjemnej kolorystyce tworzy box prezentowy, kt\u00f3ry \u015bwietnie sprawdzi si\u0119 jako prezent na Dzie\u0144 Matki, Dzie\u0144 Babci lub jako wyj\u0105tkowy upominek dla bliskiej osoby.<\/p>\n<p>W zestawie upominkowym znajdziemy wino <strong>Antica Vigna<\/strong>, produkowane z jednego z najbardziej popularnych bia\u0142ych szczep\u00f3w na \u015bwiecie: <strong>Pinot Grigio<\/strong>. W smaku jest lekkie i orze\u017awiaj\u0105ce, a zarazem eleganckie i z\u0142o\u017cone, z aromatami \u015bwie\u017cego jab\u0142ka, gruszki, sk\u00f3rki z limonki i z kwiatowymi niuansami. Sprawdzi si\u0119 w towarzystwie ryb i lekkich sa\u0142atek, a tak\u017ce jako orze\u017awienie w upalne, pe\u0142ne s\u0142o\u0144ca dni.<\/p>\n<p><strong>Trufla Miodowa<\/strong> to ekskluzywna przyjemno\u015b\u0107 na s\u0142odko. Produkowana z polskiego miodu z pasieki <strong>\u0141yso\u0144<\/strong> oraz belgijskiej czekolady powsta\u0142ej z 70% z kakao to wysokiej jako\u015bci rozkosz dla ka\u017cdego. Miodowa s\u0142odycz w po\u0142\u0105czeniu z g\u0142\u0119bokim smakiem czekolady i kakaow\u0105 posypk\u0105 pozwala cieszy\u0107 si\u0119 niezwyk\u0142ymi doznaniami smakowymi. 170g<\/p>\n<p><strong>Mas\u0142o do cia\u0142a<\/strong> <strong>Zakazany Owoc <\/strong>na bazie naturalnego wosku pszczelego z pasieki <strong>\u0141yso\u0144.<\/strong> Uwodzi zapachem \u015bwie\u017co zerwanych jab\u0142ek i zapewnia kompleksow\u0105 piel\u0119gnacj\u0119. Dodatek olejk\u00f3w z migda\u0142\u00f3w i awokado nawil\u017ca i chroni sk\u00f3r\u0119, dodatkowo j\u0105 od\u017cywiaj\u0105c. 120g<\/p>\n<p><strong>Amaresti<\/strong> orzechy w czekoladzie to szybka, s\u0142odka przek\u0105ska w czterech r\u00f3\u017cnych smakach. Lekko pra\u017cone orzechy laskowe zanurzone s\u0105 w r\u00f3\u017cnych rodzajach czekolady: mlecznej, deserowej, bia\u0142ej i kawowe. 80g<\/p>\n<p><strong>Hildebrand<\/strong> to baton marcepanowy w czekoladzie z migda\u0142ami. Drobna przek\u0105ska idealna na spacer lub jako dodatek to kawy lub herbaty. 50g<\/p>\n<p><strong>\u015awieca z naturalnego wosku pszczelego<\/strong> to niebanalny dodatek, kt\u00f3ry doda nastroju przy degustacji smako\u0142yk\u00f3w zawartych w zestawie upominkowym. 175g<\/p>\n<p>Opakowanie to mi\u0142e dla oka i dotyku tekturowe pude\u0142ko.\u00a0 Mi\u0119kka i estetyczna wy\u015bci\u00f3\u0142ka zapewnia bezpiecze\u0144stwo szklanym elementom zestawu. Wieko pude\u0142ka przewi\u0105zane nawi\u0105zuj\u0105c\u0105 do kolorystyki zestawu wst\u0105\u017ck\u0105. Ca\u0142o\u015b\u0107 przyjazna \u015brodowisku i podlegaj\u0105ca recyklingowi.<\/p>\n","protected":false},"featured_media":2232,"template":"","meta":{"_acf_changed":false},"product_brand":[],"product_cat":[33],"product_tag":[],"class_list":{"0":"post-2231","1":"product","2":"type-product","3":"status-publish","4":"has-post-thumbnail","6":"product_cat-zestawy-upominkowe","8":"first","9":"outofstock","10":"purchasable","11":"product-type-simple"},"acf":[],"yoast_head":"<!-- This site is optimized with the Yoast SEO plugin v27.3 - https:\/\/yoast.com\/product\/yoast-seo-wordpress\/ -->\n<title>\u0141\u0105ki Veneto: Zestaw prezentowy z alkoholem - Pinot grigio Veneto s\u0142odycze kraftowe | Zestawy \u015awi\u0105teczne<\/title>\n<meta name=\"description\" content=\"Zobacz produkt: \u0141\u0105ki Veneto Zestaw prezentowy z alkoholem - Pinot grigio Veneto s\u0142odycze kraftowe - dost\u0119pny online na Whisky and Wine Place wawp.pl\/prezenty !\" \/>\n<meta name=\"robots\" content=\"index, follow, max-snippet:-1, max-image-preview:large, max-video-preview:-1\" \/>\n<link rel=\"canonical\" href=\"https:\/\/wawp.pl\/prezenty\/produkt\/laki-veneto-zestaw-prezentowy-z-alkoholem-pinot-grigio-veneto-slodycze-kraftowe\/\" \/>\n<meta property=\"og:locale\" content=\"pl_PL\" \/>\n<meta property=\"og:type\" content=\"article\" \/>\n<meta property=\"og:title\" content=\"\u0141\u0105ki Veneto: Zestaw prezentowy z alkoholem - Pinot grigio Veneto s\u0142odycze kraftowe | Zestawy \u015awi\u0105teczne\" \/>\n<meta property=\"og:description\" content=\"Zobacz produkt: \u0141\u0105ki Veneto Zestaw prezentowy z alkoholem - Pinot grigio Veneto s\u0142odycze kraftowe - dost\u0119pny online na Whisky and Wine Place wawp.pl\/prezenty !\" \/>\n<meta property=\"og:url\" content=\"https:\/\/wawp.pl\/prezenty\/produkt\/laki-veneto-zestaw-prezentowy-z-alkoholem-pinot-grigio-veneto-slodycze-kraftowe\/\" \/>\n<meta property=\"og:site_name\" content=\"Zestawy \u015awi\u0105teczne\" \/>\n<meta property=\"article:modified_time\" content=\"2024-12-13T13:53:54+00:00\" \/>\n<meta property=\"og:image\" content=\"https:\/\/wawp.pl\/prezenty\/wp-content\/uploads\/2023\/08\/laki-veneto-zestaw-prezentowy-z-alkoholem-pinot-grigio-veneto-slodycze-kraftowe.png\" \/>\n\t<meta property=\"og:image:width\" content=\"1200\" \/>\n\t<meta property=\"og:image:height\" content=\"1260\" \/>\n\t<meta property=\"og:image:type\" content=\"image\/png\" \/>\n<meta name=\"twitter:card\" content=\"summary_large_image\" \/>\n<script type=\"application\/ld+json\" class=\"yoast-schema-graph\">{\"@context\":\"https:\\\/\\\/schema.org\",\"@graph\":[{\"@type\":\"WebPage\",\"@id\":\"https:\\\/\\\/wawp.pl\\\/prezenty\\\/produkt\\\/laki-veneto-zestaw-prezentowy-z-alkoholem-pinot-grigio-veneto-slodycze-kraftowe\\\/\",\"url\":\"https:\\\/\\\/wawp.pl\\\/prezenty\\\/produkt\\\/laki-veneto-zestaw-prezentowy-z-alkoholem-pinot-grigio-veneto-slodycze-kraftowe\\\/\",\"name\":\"\u0141\u0105ki Veneto: Zestaw prezentowy z alkoholem - Pinot grigio Veneto s\u0142odycze kraftowe | Zestawy \u015awi\u0105teczne\",\"isPartOf\":{\"@id\":\"https:\\\/\\\/wawp.pl\\\/prezenty\\\/#website\"},\"primaryImageOfPage\":{\"@id\":\"https:\\\/\\\/wawp.pl\\\/prezenty\\\/produkt\\\/laki-veneto-zestaw-prezentowy-z-alkoholem-pinot-grigio-veneto-slodycze-kraftowe\\\/#primaryimage\"},\"image\":{\"@id\":\"https:\\\/\\\/wawp.pl\\\/prezenty\\\/produkt\\\/laki-veneto-zestaw-prezentowy-z-alkoholem-pinot-grigio-veneto-slodycze-kraftowe\\\/#primaryimage\"},\"thumbnailUrl\":\"https:\\\/\\\/wawp.pl\\\/prezenty\\\/wp-content\\\/uploads\\\/2023\\\/08\\\/laki-veneto-zestaw-prezentowy-z-alkoholem-pinot-grigio-veneto-slodycze-kraftowe.png\",\"datePublished\":\"2023-08-04T10:16:48+00:00\",\"dateModified\":\"2024-12-13T13:53:54+00:00\",\"description\":\"Zobacz produkt: \u0141\u0105ki Veneto Zestaw prezentowy z alkoholem - Pinot grigio Veneto s\u0142odycze kraftowe - dost\u0119pny online na Whisky and Wine Place wawp.pl\\\/prezenty !\",\"breadcrumb\":{\"@id\":\"https:\\\/\\\/wawp.pl\\\/prezenty\\\/produkt\\\/laki-veneto-zestaw-prezentowy-z-alkoholem-pinot-grigio-veneto-slodycze-kraftowe\\\/#breadcrumb\"},\"inLanguage\":\"pl-PL\",\"potentialAction\":[{\"@type\":\"ReadAction\",\"target\":[\"https:\\\/\\\/wawp.pl\\\/prezenty\\\/produkt\\\/laki-veneto-zestaw-prezentowy-z-alkoholem-pinot-grigio-veneto-slodycze-kraftowe\\\/\"]}]},{\"@type\":\"ImageObject\",\"inLanguage\":\"pl-PL\",\"@id\":\"https:\\\/\\\/wawp.pl\\\/prezenty\\\/produkt\\\/laki-veneto-zestaw-prezentowy-z-alkoholem-pinot-grigio-veneto-slodycze-kraftowe\\\/#primaryimage\",\"url\":\"https:\\\/\\\/wawp.pl\\\/prezenty\\\/wp-content\\\/uploads\\\/2023\\\/08\\\/laki-veneto-zestaw-prezentowy-z-alkoholem-pinot-grigio-veneto-slodycze-kraftowe.png\",\"contentUrl\":\"https:\\\/\\\/wawp.pl\\\/prezenty\\\/wp-content\\\/uploads\\\/2023\\\/08\\\/laki-veneto-zestaw-prezentowy-z-alkoholem-pinot-grigio-veneto-slodycze-kraftowe.png\",\"width\":1200,\"height\":1260},{\"@type\":\"BreadcrumbList\",\"@id\":\"https:\\\/\\\/wawp.pl\\\/prezenty\\\/produkt\\\/laki-veneto-zestaw-prezentowy-z-alkoholem-pinot-grigio-veneto-slodycze-kraftowe\\\/#breadcrumb\",\"itemListElement\":[{\"@type\":\"ListItem\",\"position\":1,\"name\":\"Strona g\u0142\u00f3wna\",\"item\":\"https:\\\/\\\/wawp.pl\\\/prezenty\\\/\"},{\"@type\":\"ListItem\",\"position\":2,\"name\":\"Shop\",\"item\":\"https:\\\/\\\/wawp.pl\\\/prezenty\\\/shop\\\/\"},{\"@type\":\"ListItem\",\"position\":3,\"name\":\"\u0141\u0105ki Veneto\"}]},{\"@type\":\"WebSite\",\"@id\":\"https:\\\/\\\/wawp.pl\\\/prezenty\\\/#website\",\"url\":\"https:\\\/\\\/wawp.pl\\\/prezenty\\\/\",\"name\":\"Zestawy \u015awi\u0105teczne\",\"description\":\"Kosze \u015awi\u0105teczne, Podarunkowe, Prezentowe\",\"publisher\":{\"@id\":\"https:\\\/\\\/wawp.pl\\\/prezenty\\\/#organization\"},\"potentialAction\":[{\"@type\":\"SearchAction\",\"target\":{\"@type\":\"EntryPoint\",\"urlTemplate\":\"https:\\\/\\\/wawp.pl\\\/prezenty\\\/?s={search_term_string}\"},\"query-input\":{\"@type\":\"PropertyValueSpecification\",\"valueRequired\":true,\"valueName\":\"search_term_string\"}}],\"inLanguage\":\"pl-PL\"},{\"@type\":\"Organization\",\"@id\":\"https:\\\/\\\/wawp.pl\\\/prezenty\\\/#organization\",\"name\":\"Zestawy \u015awi\u0105teczne\",\"url\":\"https:\\\/\\\/wawp.pl\\\/prezenty\\\/\",\"logo\":{\"@type\":\"ImageObject\",\"inLanguage\":\"pl-PL\",\"@id\":\"https:\\\/\\\/wawp.pl\\\/prezenty\\\/#\\\/schema\\\/logo\\\/image\\\/\",\"url\":\"https:\\\/\\\/wawp.pl\\\/prezenty\\\/wp-content\\\/uploads\\\/2021\\\/11\\\/cropped-logo.png\",\"contentUrl\":\"https:\\\/\\\/wawp.pl\\\/prezenty\\\/wp-content\\\/uploads\\\/2021\\\/11\\\/cropped-logo.png\",\"width\":360,\"height\":137,\"caption\":\"Zestawy \u015awi\u0105teczne\"},\"image\":{\"@id\":\"https:\\\/\\\/wawp.pl\\\/prezenty\\\/#\\\/schema\\\/logo\\\/image\\\/\"}}]}<\/script>\n<!-- \/ Yoast SEO plugin. -->","yoast_head_json":{"title":"\u0141\u0105ki Veneto: Zestaw prezentowy z alkoholem - Pinot grigio Veneto s\u0142odycze kraftowe | Zestawy \u015awi\u0105teczne","description":"Zobacz produkt: \u0141\u0105ki Veneto Zestaw prezentowy z alkoholem - Pinot grigio Veneto s\u0142odycze kraftowe - dost\u0119pny online na Whisky and Wine Place wawp.pl\/prezenty !","robots":{"index":"index","follow":"follow","max-snippet":"max-snippet:-1","max-image-preview":"max-image-preview:large","max-video-preview":"max-video-preview:-1"},"canonical":"https:\/\/wawp.pl\/prezenty\/produkt\/laki-veneto-zestaw-prezentowy-z-alkoholem-pinot-grigio-veneto-slodycze-kraftowe\/","og_locale":"pl_PL","og_type":"article","og_title":"\u0141\u0105ki Veneto: Zestaw prezentowy z alkoholem - Pinot grigio Veneto s\u0142odycze kraftowe | Zestawy \u015awi\u0105teczne","og_description":"Zobacz produkt: \u0141\u0105ki Veneto Zestaw prezentowy z alkoholem - Pinot grigio Veneto s\u0142odycze kraftowe - dost\u0119pny online na Whisky and Wine Place wawp.pl\/prezenty !","og_url":"https:\/\/wawp.pl\/prezenty\/produkt\/laki-veneto-zestaw-prezentowy-z-alkoholem-pinot-grigio-veneto-slodycze-kraftowe\/","og_site_name":"Zestawy \u015awi\u0105teczne","article_modified_time":"2024-12-13T13:53:54+00:00","og_image":[{"width":1200,"height":1260,"url":"https:\/\/wawp.pl\/prezenty\/wp-content\/uploads\/2023\/08\/laki-veneto-zestaw-prezentowy-z-alkoholem-pinot-grigio-veneto-slodycze-kraftowe.png","type":"image\/png"}],"twitter_card":"summary_large_image","schema":{"@context":"https:\/\/schema.org","@graph":[{"@type":"WebPage","@id":"https:\/\/wawp.pl\/prezenty\/produkt\/laki-veneto-zestaw-prezentowy-z-alkoholem-pinot-grigio-veneto-slodycze-kraftowe\/","url":"https:\/\/wawp.pl\/prezenty\/produkt\/laki-veneto-zestaw-prezentowy-z-alkoholem-pinot-grigio-veneto-slodycze-kraftowe\/","name":"\u0141\u0105ki Veneto: Zestaw prezentowy z alkoholem - Pinot grigio Veneto s\u0142odycze kraftowe | Zestawy \u015awi\u0105teczne","isPartOf":{"@id":"https:\/\/wawp.pl\/prezenty\/#website"},"primaryImageOfPage":{"@id":"https:\/\/wawp.pl\/prezenty\/produkt\/laki-veneto-zestaw-prezentowy-z-alkoholem-pinot-grigio-veneto-slodycze-kraftowe\/#primaryimage"},"image":{"@id":"https:\/\/wawp.pl\/prezenty\/produkt\/laki-veneto-zestaw-prezentowy-z-alkoholem-pinot-grigio-veneto-slodycze-kraftowe\/#primaryimage"},"thumbnailUrl":"https:\/\/wawp.pl\/prezenty\/wp-content\/uploads\/2023\/08\/laki-veneto-zestaw-prezentowy-z-alkoholem-pinot-grigio-veneto-slodycze-kraftowe.png","datePublished":"2023-08-04T10:16:48+00:00","dateModified":"2024-12-13T13:53:54+00:00","description":"Zobacz produkt: \u0141\u0105ki Veneto Zestaw prezentowy z alkoholem - Pinot grigio Veneto s\u0142odycze kraftowe - dost\u0119pny online na Whisky and Wine Place wawp.pl\/prezenty !","breadcrumb":{"@id":"https:\/\/wawp.pl\/prezenty\/produkt\/laki-veneto-zestaw-prezentowy-z-alkoholem-pinot-grigio-veneto-slodycze-kraftowe\/#breadcrumb"},"inLanguage":"pl-PL","potentialAction":[{"@type":"ReadAction","target":["https:\/\/wawp.pl\/prezenty\/produkt\/laki-veneto-zestaw-prezentowy-z-alkoholem-pinot-grigio-veneto-slodycze-kraftowe\/"]}]},{"@type":"ImageObject","inLanguage":"pl-PL","@id":"https:\/\/wawp.pl\/prezenty\/produkt\/laki-veneto-zestaw-prezentowy-z-alkoholem-pinot-grigio-veneto-slodycze-kraftowe\/#primaryimage","url":"https:\/\/wawp.pl\/prezenty\/wp-content\/uploads\/2023\/08\/laki-veneto-zestaw-prezentowy-z-alkoholem-pinot-grigio-veneto-slodycze-kraftowe.png","contentUrl":"https:\/\/wawp.pl\/prezenty\/wp-content\/uploads\/2023\/08\/laki-veneto-zestaw-prezentowy-z-alkoholem-pinot-grigio-veneto-slodycze-kraftowe.png","width":1200,"height":1260},{"@type":"BreadcrumbList","@id":"https:\/\/wawp.pl\/prezenty\/produkt\/laki-veneto-zestaw-prezentowy-z-alkoholem-pinot-grigio-veneto-slodycze-kraftowe\/#breadcrumb","itemListElement":[{"@type":"ListItem","position":1,"name":"Strona g\u0142\u00f3wna","item":"https:\/\/wawp.pl\/prezenty\/"},{"@type":"ListItem","position":2,"name":"Shop","item":"https:\/\/wawp.pl\/prezenty\/shop\/"},{"@type":"ListItem","position":3,"name":"\u0141\u0105ki Veneto"}]},{"@type":"WebSite","@id":"https:\/\/wawp.pl\/prezenty\/#website","url":"https:\/\/wawp.pl\/prezenty\/","name":"Zestawy \u015awi\u0105teczne","description":"Kosze \u015awi\u0105teczne, Podarunkowe, Prezentowe","publisher":{"@id":"https:\/\/wawp.pl\/prezenty\/#organization"},"potentialAction":[{"@type":"SearchAction","target":{"@type":"EntryPoint","urlTemplate":"https:\/\/wawp.pl\/prezenty\/?s={search_term_string}"},"query-input":{"@type":"PropertyValueSpecification","valueRequired":true,"valueName":"search_term_string"}}],"inLanguage":"pl-PL"},{"@type":"Organization","@id":"https:\/\/wawp.pl\/prezenty\/#organization","name":"Zestawy \u015awi\u0105teczne","url":"https:\/\/wawp.pl\/prezenty\/","logo":{"@type":"ImageObject","inLanguage":"pl-PL","@id":"https:\/\/wawp.pl\/prezenty\/#\/schema\/logo\/image\/","url":"https:\/\/wawp.pl\/prezenty\/wp-content\/uploads\/2021\/11\/cropped-logo.png","contentUrl":"https:\/\/wawp.pl\/prezenty\/wp-content\/uploads\/2021\/11\/cropped-logo.png","width":360,"height":137,"caption":"Zestawy \u015awi\u0105teczne"},"image":{"@id":"https:\/\/wawp.pl\/prezenty\/#\/schema\/logo\/image\/"}}]}},"_links":{"self":[{"href":"https:\/\/wawp.pl\/prezenty\/wp-json\/wp\/v2\/product\/2231","targetHints":{"allow":["GET"]}}],"collection":[{"href":"https:\/\/wawp.pl\/prezenty\/wp-json\/wp\/v2\/product"}],"about":[{"href":"https:\/\/wawp.pl\/prezenty\/wp-json\/wp\/v2\/types\/product"}],"wp:featuredmedia":[{"embeddable":true,"href":"https:\/\/wawp.pl\/prezenty\/wp-json\/wp\/v2\/media\/2232"}],"wp:attachment":[{"href":"https:\/\/wawp.pl\/prezenty\/wp-json\/wp\/v2\/media?parent=2231"}],"wp:term":[{"taxonomy":"product_brand","embeddable":true,"href":"https:\/\/wawp.pl\/prezenty\/wp-json\/wp\/v2\/product_brand?post=2231"},{"taxonomy":"product_cat","embeddable":true,"href":"https:\/\/wawp.pl\/prezenty\/wp-json\/wp\/v2\/product_cat?post=2231"},{"taxonomy":"product_tag","embeddable":true,"href":"https:\/\/wawp.pl\/prezenty\/wp-json\/wp\/v2\/product_tag?post=2231"}],"curies":[{"name":"wp","href":"https:\/\/api.w.org\/{rel}","templated":true}]}}