{"id":2215,"date":"2023-08-01T16:26:37","date_gmt":"2023-08-01T16:26:37","guid":{"rendered":"https:\/\/wawp.pl\/prezenty\/?post_type=product&#038;p=2215"},"modified":"2024-11-14T14:10:40","modified_gmt":"2024-11-14T14:10:40","slug":"wisniowy-sad-zestaw-prezentowy-z-alkoholem-likier-czekoladowy-wisniowy-slodycze","status":"publish","type":"product","link":"https:\/\/wawp.pl\/prezenty\/produkt\/wisniowy-sad-zestaw-prezentowy-z-alkoholem-likier-czekoladowy-wisniowy-slodycze\/","title":{"rendered":"Wi\u015bniowy Sad"},"content":{"rendered":"","protected":false},"excerpt":{"rendered":"<p><strong>Wi\u015bniowy Sad<\/strong> to box prezentowy z alkoholem, kt\u00f3ry \u015bwietnie sprawdzi si\u0119 jako podarunek na dzie\u0144 babci. Zestaw prezentowy skomponowany jest z poszanowaniem dla polskich tradycji. Wi\u015bnia jest naszym regionalnym skarbem i to w\u0142a\u015bnie jej po\u015bwi\u0119cony jest upominek. <strong>Wi\u015bniowy likier Mickiewicz<\/strong> oraz kompozycja delikates\u00f3w sprawi\u0105, \u017ce obdarowany przeniesie si\u0119 na chwil\u0119 do wi\u015bniowego sadu.<\/p>\n<p>Kosz upominkowy <strong>Wi\u015bniowy Sad<\/strong> zawiera likier opatrzony nazwiskiem s\u0142ynnego polskiego poety \u2013 <strong>Adama Mickiewicza<\/strong>. To mleczno-czekoladowy trunek z dodatkiem polskich wi\u015bnio na bazie wysokiej klasy zbo\u017cowego spirytusu. Charakteryzuje si\u0119 zniewalaj\u0105cym aromatem i smakiem przywodz\u0105cym na my\u015bl najwy\u017cszej jako\u015bci domowe wyroby. 0,5L<\/p>\n<p><strong>Konfitura Wi\u015bniowa Cherry Tree<\/strong> to polski wyr\u00f3b manufakturowy powstaj\u0105cy w ma\u0142ych partiach ze staranie wyselekcjonowanych, wielkopolskich owoc\u00f3w. Smako\u0142yk jest w 100% naturalny i nie zawiera konserwant\u00f3w ani GMO. 235g<\/p>\n<p><strong>Cachet<\/strong> to czekolada klasy premium wyprodukowana przez belgijskich mistrz\u00f3w cukiernictwa. Dodatek wi\u015bni spaja j\u0105 z tematyk\u0105 zestawu upominkowego. 100g<\/p>\n<p><strong>Amaresti<\/strong> to soczyste wi\u015bnie oblane aksamitn\u0105 belgijsk\u0105 czekolad\u0105 w r\u00f3\u017cnych kolorach i obsypane wi\u015bniowym py\u0142kiem. Produkt powstaje z wi\u015bni z polskich upraw. 80g<\/p>\n<p>Opakowanie to mi\u0142e dla oka i dotyku tekturowe pude\u0142ko.\u00a0 Mi\u0119kka i estetyczna wy\u015bci\u00f3\u0142ka zapewnia bezpiecze\u0144stwo szklanym elementom zestawu. Wieko pude\u0142ka przewi\u0105zane nawi\u0105zuj\u0105c\u0105 do kolorystyki zestawu wst\u0105\u017ck\u0105. Ca\u0142o\u015b\u0107 przyjazna \u015brodowisku i podlegaj\u0105ca recyklingowi.<\/p>\n","protected":false},"featured_media":2216,"template":"","meta":{"_acf_changed":false},"product_brand":[],"product_cat":[15,33],"product_tag":[],"class_list":{"0":"post-2215","1":"product","2":"type-product","3":"status-publish","4":"has-post-thumbnail","6":"product_cat-uncategorized","7":"product_cat-zestawy-upominkowe","9":"first","10":"outofstock","11":"purchasable","12":"product-type-simple"},"acf":[],"yoast_head":"<!-- This site is optimized with the Yoast SEO plugin v27.3 - https:\/\/yoast.com\/product\/yoast-seo-wordpress\/ -->\n<title>Wi\u015bniowy Sad: Zestaw prezentowy z alkoholem - Likier czekoladowy wi\u015bniowy s\u0142odycze | Zestawy \u015awi\u0105teczne<\/title>\n<meta name=\"description\" content=\"Zobacz produkt: Wi\u015bniowy Sad Zestaw prezentowy z alkoholem - Likier czekoladowy wi\u015bniowy s\u0142odycze - dost\u0119pny online na Whisky and Wine Place wawp.pl\/prezenty !\" \/>\n<meta name=\"robots\" content=\"index, follow, max-snippet:-1, max-image-preview:large, max-video-preview:-1\" \/>\n<link rel=\"canonical\" href=\"https:\/\/wawp.pl\/prezenty\/produkt\/wisniowy-sad-zestaw-prezentowy-z-alkoholem-likier-czekoladowy-wisniowy-slodycze\/\" \/>\n<meta property=\"og:locale\" content=\"pl_PL\" \/>\n<meta property=\"og:type\" content=\"article\" \/>\n<meta property=\"og:title\" content=\"Wi\u015bniowy Sad: Zestaw prezentowy z alkoholem - Likier czekoladowy wi\u015bniowy s\u0142odycze | Zestawy \u015awi\u0105teczne\" \/>\n<meta property=\"og:description\" content=\"Zobacz produkt: Wi\u015bniowy Sad Zestaw prezentowy z alkoholem - Likier czekoladowy wi\u015bniowy s\u0142odycze - dost\u0119pny online na Whisky and Wine Place wawp.pl\/prezenty !\" \/>\n<meta property=\"og:url\" content=\"https:\/\/wawp.pl\/prezenty\/produkt\/wisniowy-sad-zestaw-prezentowy-z-alkoholem-likier-czekoladowy-wisniowy-slodycze\/\" \/>\n<meta property=\"og:site_name\" content=\"Zestawy \u015awi\u0105teczne\" \/>\n<meta property=\"article:modified_time\" content=\"2024-11-14T14:10:40+00:00\" \/>\n<meta property=\"og:image\" content=\"https:\/\/wawp.pl\/prezenty\/wp-content\/uploads\/2023\/08\/Wisiowy-sad-Zestaw-prezentowy-z-alkoholem-Likier-smietanowy-mleczny-wisniowy-Mickiewicz.png\" \/>\n\t<meta property=\"og:image:width\" content=\"1200\" \/>\n\t<meta property=\"og:image:height\" content=\"1200\" \/>\n\t<meta property=\"og:image:type\" content=\"image\/png\" \/>\n<meta name=\"twitter:card\" content=\"summary_large_image\" \/>\n<script type=\"application\/ld+json\" class=\"yoast-schema-graph\">{\"@context\":\"https:\\\/\\\/schema.org\",\"@graph\":[{\"@type\":\"WebPage\",\"@id\":\"https:\\\/\\\/wawp.pl\\\/prezenty\\\/produkt\\\/wisniowy-sad-zestaw-prezentowy-z-alkoholem-likier-czekoladowy-wisniowy-slodycze\\\/\",\"url\":\"https:\\\/\\\/wawp.pl\\\/prezenty\\\/produkt\\\/wisniowy-sad-zestaw-prezentowy-z-alkoholem-likier-czekoladowy-wisniowy-slodycze\\\/\",\"name\":\"Wi\u015bniowy Sad: Zestaw prezentowy z alkoholem - Likier czekoladowy wi\u015bniowy s\u0142odycze | Zestawy \u015awi\u0105teczne\",\"isPartOf\":{\"@id\":\"https:\\\/\\\/wawp.pl\\\/prezenty\\\/#website\"},\"primaryImageOfPage\":{\"@id\":\"https:\\\/\\\/wawp.pl\\\/prezenty\\\/produkt\\\/wisniowy-sad-zestaw-prezentowy-z-alkoholem-likier-czekoladowy-wisniowy-slodycze\\\/#primaryimage\"},\"image\":{\"@id\":\"https:\\\/\\\/wawp.pl\\\/prezenty\\\/produkt\\\/wisniowy-sad-zestaw-prezentowy-z-alkoholem-likier-czekoladowy-wisniowy-slodycze\\\/#primaryimage\"},\"thumbnailUrl\":\"https:\\\/\\\/wawp.pl\\\/prezenty\\\/wp-content\\\/uploads\\\/2023\\\/08\\\/Wisiowy-sad-Zestaw-prezentowy-z-alkoholem-Likier-smietanowy-mleczny-wisniowy-Mickiewicz.png\",\"datePublished\":\"2023-08-01T16:26:37+00:00\",\"dateModified\":\"2024-11-14T14:10:40+00:00\",\"description\":\"Zobacz produkt: Wi\u015bniowy Sad Zestaw prezentowy z alkoholem - Likier czekoladowy wi\u015bniowy s\u0142odycze - dost\u0119pny online na Whisky and Wine Place wawp.pl\\\/prezenty !\",\"breadcrumb\":{\"@id\":\"https:\\\/\\\/wawp.pl\\\/prezenty\\\/produkt\\\/wisniowy-sad-zestaw-prezentowy-z-alkoholem-likier-czekoladowy-wisniowy-slodycze\\\/#breadcrumb\"},\"inLanguage\":\"pl-PL\",\"potentialAction\":[{\"@type\":\"ReadAction\",\"target\":[\"https:\\\/\\\/wawp.pl\\\/prezenty\\\/produkt\\\/wisniowy-sad-zestaw-prezentowy-z-alkoholem-likier-czekoladowy-wisniowy-slodycze\\\/\"]}]},{\"@type\":\"ImageObject\",\"inLanguage\":\"pl-PL\",\"@id\":\"https:\\\/\\\/wawp.pl\\\/prezenty\\\/produkt\\\/wisniowy-sad-zestaw-prezentowy-z-alkoholem-likier-czekoladowy-wisniowy-slodycze\\\/#primaryimage\",\"url\":\"https:\\\/\\\/wawp.pl\\\/prezenty\\\/wp-content\\\/uploads\\\/2023\\\/08\\\/Wisiowy-sad-Zestaw-prezentowy-z-alkoholem-Likier-smietanowy-mleczny-wisniowy-Mickiewicz.png\",\"contentUrl\":\"https:\\\/\\\/wawp.pl\\\/prezenty\\\/wp-content\\\/uploads\\\/2023\\\/08\\\/Wisiowy-sad-Zestaw-prezentowy-z-alkoholem-Likier-smietanowy-mleczny-wisniowy-Mickiewicz.png\",\"width\":1200,\"height\":1200},{\"@type\":\"BreadcrumbList\",\"@id\":\"https:\\\/\\\/wawp.pl\\\/prezenty\\\/produkt\\\/wisniowy-sad-zestaw-prezentowy-z-alkoholem-likier-czekoladowy-wisniowy-slodycze\\\/#breadcrumb\",\"itemListElement\":[{\"@type\":\"ListItem\",\"position\":1,\"name\":\"Strona g\u0142\u00f3wna\",\"item\":\"https:\\\/\\\/wawp.pl\\\/prezenty\\\/\"},{\"@type\":\"ListItem\",\"position\":2,\"name\":\"Shop\",\"item\":\"https:\\\/\\\/wawp.pl\\\/prezenty\\\/shop\\\/\"},{\"@type\":\"ListItem\",\"position\":3,\"name\":\"Wi\u015bniowy Sad\"}]},{\"@type\":\"WebSite\",\"@id\":\"https:\\\/\\\/wawp.pl\\\/prezenty\\\/#website\",\"url\":\"https:\\\/\\\/wawp.pl\\\/prezenty\\\/\",\"name\":\"Zestawy \u015awi\u0105teczne\",\"description\":\"Kosze \u015awi\u0105teczne, Podarunkowe, Prezentowe\",\"publisher\":{\"@id\":\"https:\\\/\\\/wawp.pl\\\/prezenty\\\/#organization\"},\"potentialAction\":[{\"@type\":\"SearchAction\",\"target\":{\"@type\":\"EntryPoint\",\"urlTemplate\":\"https:\\\/\\\/wawp.pl\\\/prezenty\\\/?s={search_term_string}\"},\"query-input\":{\"@type\":\"PropertyValueSpecification\",\"valueRequired\":true,\"valueName\":\"search_term_string\"}}],\"inLanguage\":\"pl-PL\"},{\"@type\":\"Organization\",\"@id\":\"https:\\\/\\\/wawp.pl\\\/prezenty\\\/#organization\",\"name\":\"Zestawy \u015awi\u0105teczne\",\"url\":\"https:\\\/\\\/wawp.pl\\\/prezenty\\\/\",\"logo\":{\"@type\":\"ImageObject\",\"inLanguage\":\"pl-PL\",\"@id\":\"https:\\\/\\\/wawp.pl\\\/prezenty\\\/#\\\/schema\\\/logo\\\/image\\\/\",\"url\":\"https:\\\/\\\/wawp.pl\\\/prezenty\\\/wp-content\\\/uploads\\\/2021\\\/11\\\/cropped-logo.png\",\"contentUrl\":\"https:\\\/\\\/wawp.pl\\\/prezenty\\\/wp-content\\\/uploads\\\/2021\\\/11\\\/cropped-logo.png\",\"width\":360,\"height\":137,\"caption\":\"Zestawy \u015awi\u0105teczne\"},\"image\":{\"@id\":\"https:\\\/\\\/wawp.pl\\\/prezenty\\\/#\\\/schema\\\/logo\\\/image\\\/\"}}]}<\/script>\n<!-- \/ Yoast SEO plugin. -->","yoast_head_json":{"title":"Wi\u015bniowy Sad: Zestaw prezentowy z alkoholem - Likier czekoladowy wi\u015bniowy s\u0142odycze | Zestawy \u015awi\u0105teczne","description":"Zobacz produkt: Wi\u015bniowy Sad Zestaw prezentowy z alkoholem - Likier czekoladowy wi\u015bniowy s\u0142odycze - dost\u0119pny online na Whisky and Wine Place wawp.pl\/prezenty !","robots":{"index":"index","follow":"follow","max-snippet":"max-snippet:-1","max-image-preview":"max-image-preview:large","max-video-preview":"max-video-preview:-1"},"canonical":"https:\/\/wawp.pl\/prezenty\/produkt\/wisniowy-sad-zestaw-prezentowy-z-alkoholem-likier-czekoladowy-wisniowy-slodycze\/","og_locale":"pl_PL","og_type":"article","og_title":"Wi\u015bniowy Sad: Zestaw prezentowy z alkoholem - Likier czekoladowy wi\u015bniowy s\u0142odycze | Zestawy \u015awi\u0105teczne","og_description":"Zobacz produkt: Wi\u015bniowy Sad Zestaw prezentowy z alkoholem - Likier czekoladowy wi\u015bniowy s\u0142odycze - dost\u0119pny online na Whisky and Wine Place wawp.pl\/prezenty !","og_url":"https:\/\/wawp.pl\/prezenty\/produkt\/wisniowy-sad-zestaw-prezentowy-z-alkoholem-likier-czekoladowy-wisniowy-slodycze\/","og_site_name":"Zestawy \u015awi\u0105teczne","article_modified_time":"2024-11-14T14:10:40+00:00","og_image":[{"width":1200,"height":1200,"url":"https:\/\/wawp.pl\/prezenty\/wp-content\/uploads\/2023\/08\/Wisiowy-sad-Zestaw-prezentowy-z-alkoholem-Likier-smietanowy-mleczny-wisniowy-Mickiewicz.png","type":"image\/png"}],"twitter_card":"summary_large_image","schema":{"@context":"https:\/\/schema.org","@graph":[{"@type":"WebPage","@id":"https:\/\/wawp.pl\/prezenty\/produkt\/wisniowy-sad-zestaw-prezentowy-z-alkoholem-likier-czekoladowy-wisniowy-slodycze\/","url":"https:\/\/wawp.pl\/prezenty\/produkt\/wisniowy-sad-zestaw-prezentowy-z-alkoholem-likier-czekoladowy-wisniowy-slodycze\/","name":"Wi\u015bniowy Sad: Zestaw prezentowy z alkoholem - Likier czekoladowy wi\u015bniowy s\u0142odycze | Zestawy \u015awi\u0105teczne","isPartOf":{"@id":"https:\/\/wawp.pl\/prezenty\/#website"},"primaryImageOfPage":{"@id":"https:\/\/wawp.pl\/prezenty\/produkt\/wisniowy-sad-zestaw-prezentowy-z-alkoholem-likier-czekoladowy-wisniowy-slodycze\/#primaryimage"},"image":{"@id":"https:\/\/wawp.pl\/prezenty\/produkt\/wisniowy-sad-zestaw-prezentowy-z-alkoholem-likier-czekoladowy-wisniowy-slodycze\/#primaryimage"},"thumbnailUrl":"https:\/\/wawp.pl\/prezenty\/wp-content\/uploads\/2023\/08\/Wisiowy-sad-Zestaw-prezentowy-z-alkoholem-Likier-smietanowy-mleczny-wisniowy-Mickiewicz.png","datePublished":"2023-08-01T16:26:37+00:00","dateModified":"2024-11-14T14:10:40+00:00","description":"Zobacz produkt: Wi\u015bniowy Sad Zestaw prezentowy z alkoholem - Likier czekoladowy wi\u015bniowy s\u0142odycze - dost\u0119pny online na Whisky and Wine Place wawp.pl\/prezenty !","breadcrumb":{"@id":"https:\/\/wawp.pl\/prezenty\/produkt\/wisniowy-sad-zestaw-prezentowy-z-alkoholem-likier-czekoladowy-wisniowy-slodycze\/#breadcrumb"},"inLanguage":"pl-PL","potentialAction":[{"@type":"ReadAction","target":["https:\/\/wawp.pl\/prezenty\/produkt\/wisniowy-sad-zestaw-prezentowy-z-alkoholem-likier-czekoladowy-wisniowy-slodycze\/"]}]},{"@type":"ImageObject","inLanguage":"pl-PL","@id":"https:\/\/wawp.pl\/prezenty\/produkt\/wisniowy-sad-zestaw-prezentowy-z-alkoholem-likier-czekoladowy-wisniowy-slodycze\/#primaryimage","url":"https:\/\/wawp.pl\/prezenty\/wp-content\/uploads\/2023\/08\/Wisiowy-sad-Zestaw-prezentowy-z-alkoholem-Likier-smietanowy-mleczny-wisniowy-Mickiewicz.png","contentUrl":"https:\/\/wawp.pl\/prezenty\/wp-content\/uploads\/2023\/08\/Wisiowy-sad-Zestaw-prezentowy-z-alkoholem-Likier-smietanowy-mleczny-wisniowy-Mickiewicz.png","width":1200,"height":1200},{"@type":"BreadcrumbList","@id":"https:\/\/wawp.pl\/prezenty\/produkt\/wisniowy-sad-zestaw-prezentowy-z-alkoholem-likier-czekoladowy-wisniowy-slodycze\/#breadcrumb","itemListElement":[{"@type":"ListItem","position":1,"name":"Strona g\u0142\u00f3wna","item":"https:\/\/wawp.pl\/prezenty\/"},{"@type":"ListItem","position":2,"name":"Shop","item":"https:\/\/wawp.pl\/prezenty\/shop\/"},{"@type":"ListItem","position":3,"name":"Wi\u015bniowy Sad"}]},{"@type":"WebSite","@id":"https:\/\/wawp.pl\/prezenty\/#website","url":"https:\/\/wawp.pl\/prezenty\/","name":"Zestawy \u015awi\u0105teczne","description":"Kosze \u015awi\u0105teczne, Podarunkowe, Prezentowe","publisher":{"@id":"https:\/\/wawp.pl\/prezenty\/#organization"},"potentialAction":[{"@type":"SearchAction","target":{"@type":"EntryPoint","urlTemplate":"https:\/\/wawp.pl\/prezenty\/?s={search_term_string}"},"query-input":{"@type":"PropertyValueSpecification","valueRequired":true,"valueName":"search_term_string"}}],"inLanguage":"pl-PL"},{"@type":"Organization","@id":"https:\/\/wawp.pl\/prezenty\/#organization","name":"Zestawy \u015awi\u0105teczne","url":"https:\/\/wawp.pl\/prezenty\/","logo":{"@type":"ImageObject","inLanguage":"pl-PL","@id":"https:\/\/wawp.pl\/prezenty\/#\/schema\/logo\/image\/","url":"https:\/\/wawp.pl\/prezenty\/wp-content\/uploads\/2021\/11\/cropped-logo.png","contentUrl":"https:\/\/wawp.pl\/prezenty\/wp-content\/uploads\/2021\/11\/cropped-logo.png","width":360,"height":137,"caption":"Zestawy \u015awi\u0105teczne"},"image":{"@id":"https:\/\/wawp.pl\/prezenty\/#\/schema\/logo\/image\/"}}]}},"_links":{"self":[{"href":"https:\/\/wawp.pl\/prezenty\/wp-json\/wp\/v2\/product\/2215","targetHints":{"allow":["GET"]}}],"collection":[{"href":"https:\/\/wawp.pl\/prezenty\/wp-json\/wp\/v2\/product"}],"about":[{"href":"https:\/\/wawp.pl\/prezenty\/wp-json\/wp\/v2\/types\/product"}],"wp:featuredmedia":[{"embeddable":true,"href":"https:\/\/wawp.pl\/prezenty\/wp-json\/wp\/v2\/media\/2216"}],"wp:attachment":[{"href":"https:\/\/wawp.pl\/prezenty\/wp-json\/wp\/v2\/media?parent=2215"}],"wp:term":[{"taxonomy":"product_brand","embeddable":true,"href":"https:\/\/wawp.pl\/prezenty\/wp-json\/wp\/v2\/product_brand?post=2215"},{"taxonomy":"product_cat","embeddable":true,"href":"https:\/\/wawp.pl\/prezenty\/wp-json\/wp\/v2\/product_cat?post=2215"},{"taxonomy":"product_tag","embeddable":true,"href":"https:\/\/wawp.pl\/prezenty\/wp-json\/wp\/v2\/product_tag?post=2215"}],"curies":[{"name":"wp","href":"https:\/\/api.w.org\/{rel}","templated":true}]}}