{"id":2210,"date":"2023-08-01T15:02:04","date_gmt":"2023-08-01T15:02:04","guid":{"rendered":"https:\/\/wawp.pl\/prezenty\/?post_type=product&#038;p=2210"},"modified":"2024-12-13T13:53:54","modified_gmt":"2024-12-13T13:53:54","slug":"pozdrowienia-z-lizbony-zestaw-prezentowy-z-alkoholem-wino-portugalskie-wytrawne","status":"publish","type":"product","link":"https:\/\/wawp.pl\/prezenty\/produkt\/pozdrowienia-z-lizbony-zestaw-prezentowy-z-alkoholem-wino-portugalskie-wytrawne\/","title":{"rendered":"Pozdrowienia z Lizbony"},"content":{"rendered":"","protected":false},"excerpt":{"rendered":"<p>Niedrogi, acz elegancki zestaw upominkowy<strong> Pozdrowienia z Lizbony<\/strong> to doskona\u0142y pomys\u0142 na prezent z okazji dnia nauczyciela. Jego uniwersalny sk\u0142ad\u00a0 i niewyg\u00f3rowana cena sprawiaj\u0105, \u017ce obdarowany nie czuje du\u017cego zobowi\u0105zania wobec wr\u0119czaj\u0105cego. Wewn\u0105trz pude\u0142ka znajduje si\u0119 czerwone wytrawne wino i kilka drobnych smako\u0142yk\u00f3w dopasowanych do ka\u017cdego gustu.<\/p>\n<p>W sk\u0142ad boxa upominkowego <strong>Pozdrowienia z Lizbony <\/strong>wchodzi <strong>Rebento de Cepa<\/strong>, wytrawne wino z mieszanki tradycyjnych, portugalskich szczep\u00f3w winogron. Idealnie pasuje zar\u00f3wno do seansu filmowego z desk\u0105 ser\u00f3w, jak i kolacji z dziczyzn\u0105 lub stekiem wo\u0142owym. Posiada delikatny aromat wi\u015bni, porzeczek i przypraw. W ustach \u0142agodne ze \u015bredni\u0105 kwasowo\u015bci\u0105, posmakiem rodzynek i drobnymi taninami.<\/p>\n<p><strong>Carletti Delight<\/strong> to mieszanka orzech\u00f3w laskowych oblanych czekolad\u0105 deserow\u0105 i mleczn\u0105. Doskonale koresponduj\u0105 z aromatem i smakiem trunku w zestawie. 62g<\/p>\n<p><strong>Eterno<\/strong> to naturalny mi\u00f3d pszczeli, wielokwiatowy. Pochodzi z ma\u0142ej rodzinnej pasieki i proces jego produkcji jest w 100% r\u0119czny. To uniwersalny dodatek do wielu potraw i napoj\u00f3w, a tak\u017ce lekarstwo na przezi\u0119bienia. 50g<\/p>\n<p><strong>Merci<\/strong> to marka, kt\u00f3ra od lat cieszy si\u0119 w Polsce wielk\u0105 popularno\u015bci\u0105. 8 rodzaj\u00f3w czekoladowych sztabek z r\u00f3\u017cnorakim nadzieniem to znakomity spos\u00f3b, aby powiedzie\u0107 komu\u015b \u201edzi\u0119kuj\u0119\u201d. 250g<\/p>\n<p>Opakowanie to mi\u0142e dla oka i dotyku tekturowe pude\u0142ko.\u00a0 Mi\u0119kka i estetyczna wy\u015bci\u00f3\u0142ka zapewnia bezpiecze\u0144stwo szklanym elementom zestawu. Wieko pude\u0142ka przewi\u0105zane nawi\u0105zuj\u0105c\u0105 do kolorystyki zestawu wst\u0105\u017ck\u0105. Ca\u0142o\u015b\u0107 przyjazna \u015brodowisku i podlegaj\u0105ca recyklingowi.<\/p>\n","protected":false},"featured_media":2123,"template":"","meta":{"_acf_changed":false},"product_brand":[],"product_cat":[33],"product_tag":[],"class_list":{"0":"post-2210","1":"product","2":"type-product","3":"status-publish","4":"has-post-thumbnail","6":"product_cat-zestawy-upominkowe","8":"first","9":"outofstock","10":"purchasable","11":"product-type-simple"},"acf":[],"yoast_head":"<!-- This site is optimized with the Yoast SEO plugin v27.3 - https:\/\/yoast.com\/product\/yoast-seo-wordpress\/ -->\n<title>Pozdrowienia z Lizbony: Zestaw prezentowy z alkoholem - WIno portugalskie wytrawne | Zestawy \u015awi\u0105teczne<\/title>\n<meta name=\"description\" content=\"Zobacz produkt: Pozdrowienia z Lizbony Zestaw prezentowy z alkoholem - WIno portugalskie wytrawne - dost\u0119pny online na Whisky and Wine Place wawp.pl\/prezenty !\" \/>\n<meta name=\"robots\" content=\"index, follow, max-snippet:-1, max-image-preview:large, max-video-preview:-1\" \/>\n<link rel=\"canonical\" href=\"https:\/\/wawp.pl\/prezenty\/produkt\/pozdrowienia-z-lizbony-zestaw-prezentowy-z-alkoholem-wino-portugalskie-wytrawne\/\" \/>\n<meta property=\"og:locale\" content=\"pl_PL\" \/>\n<meta property=\"og:type\" content=\"article\" \/>\n<meta property=\"og:title\" content=\"Pozdrowienia z Lizbony: Zestaw prezentowy z alkoholem - WIno portugalskie wytrawne | Zestawy \u015awi\u0105teczne\" \/>\n<meta property=\"og:description\" content=\"Zobacz produkt: Pozdrowienia z Lizbony Zestaw prezentowy z alkoholem - WIno portugalskie wytrawne - dost\u0119pny online na Whisky and Wine Place wawp.pl\/prezenty !\" \/>\n<meta property=\"og:url\" content=\"https:\/\/wawp.pl\/prezenty\/produkt\/pozdrowienia-z-lizbony-zestaw-prezentowy-z-alkoholem-wino-portugalskie-wytrawne\/\" \/>\n<meta property=\"og:site_name\" content=\"Zestawy \u015awi\u0105teczne\" \/>\n<meta property=\"article:modified_time\" content=\"2024-12-13T13:53:54+00:00\" \/>\n<meta property=\"og:image\" content=\"https:\/\/wawp.pl\/prezenty\/wp-content\/uploads\/2023\/07\/Pozdrowienia-z-lizbony-Zestaw-prezentowy-z-alkoholem-Wino-portugalskie-wytrawne.png\" \/>\n\t<meta property=\"og:image:width\" content=\"1200\" \/>\n\t<meta property=\"og:image:height\" content=\"1260\" \/>\n\t<meta property=\"og:image:type\" content=\"image\/png\" \/>\n<meta name=\"twitter:card\" content=\"summary_large_image\" \/>\n<script type=\"application\/ld+json\" class=\"yoast-schema-graph\">{\"@context\":\"https:\\\/\\\/schema.org\",\"@graph\":[{\"@type\":\"WebPage\",\"@id\":\"https:\\\/\\\/wawp.pl\\\/prezenty\\\/produkt\\\/pozdrowienia-z-lizbony-zestaw-prezentowy-z-alkoholem-wino-portugalskie-wytrawne\\\/\",\"url\":\"https:\\\/\\\/wawp.pl\\\/prezenty\\\/produkt\\\/pozdrowienia-z-lizbony-zestaw-prezentowy-z-alkoholem-wino-portugalskie-wytrawne\\\/\",\"name\":\"Pozdrowienia z Lizbony: Zestaw prezentowy z alkoholem - WIno portugalskie wytrawne | Zestawy \u015awi\u0105teczne\",\"isPartOf\":{\"@id\":\"https:\\\/\\\/wawp.pl\\\/prezenty\\\/#website\"},\"primaryImageOfPage\":{\"@id\":\"https:\\\/\\\/wawp.pl\\\/prezenty\\\/produkt\\\/pozdrowienia-z-lizbony-zestaw-prezentowy-z-alkoholem-wino-portugalskie-wytrawne\\\/#primaryimage\"},\"image\":{\"@id\":\"https:\\\/\\\/wawp.pl\\\/prezenty\\\/produkt\\\/pozdrowienia-z-lizbony-zestaw-prezentowy-z-alkoholem-wino-portugalskie-wytrawne\\\/#primaryimage\"},\"thumbnailUrl\":\"https:\\\/\\\/wawp.pl\\\/prezenty\\\/wp-content\\\/uploads\\\/2023\\\/07\\\/Pozdrowienia-z-lizbony-Zestaw-prezentowy-z-alkoholem-Wino-portugalskie-wytrawne.png\",\"datePublished\":\"2023-08-01T15:02:04+00:00\",\"dateModified\":\"2024-12-13T13:53:54+00:00\",\"description\":\"Zobacz produkt: Pozdrowienia z Lizbony Zestaw prezentowy z alkoholem - WIno portugalskie wytrawne - dost\u0119pny online na Whisky and Wine Place wawp.pl\\\/prezenty !\",\"breadcrumb\":{\"@id\":\"https:\\\/\\\/wawp.pl\\\/prezenty\\\/produkt\\\/pozdrowienia-z-lizbony-zestaw-prezentowy-z-alkoholem-wino-portugalskie-wytrawne\\\/#breadcrumb\"},\"inLanguage\":\"pl-PL\",\"potentialAction\":[{\"@type\":\"ReadAction\",\"target\":[\"https:\\\/\\\/wawp.pl\\\/prezenty\\\/produkt\\\/pozdrowienia-z-lizbony-zestaw-prezentowy-z-alkoholem-wino-portugalskie-wytrawne\\\/\"]}]},{\"@type\":\"ImageObject\",\"inLanguage\":\"pl-PL\",\"@id\":\"https:\\\/\\\/wawp.pl\\\/prezenty\\\/produkt\\\/pozdrowienia-z-lizbony-zestaw-prezentowy-z-alkoholem-wino-portugalskie-wytrawne\\\/#primaryimage\",\"url\":\"https:\\\/\\\/wawp.pl\\\/prezenty\\\/wp-content\\\/uploads\\\/2023\\\/07\\\/Pozdrowienia-z-lizbony-Zestaw-prezentowy-z-alkoholem-Wino-portugalskie-wytrawne.png\",\"contentUrl\":\"https:\\\/\\\/wawp.pl\\\/prezenty\\\/wp-content\\\/uploads\\\/2023\\\/07\\\/Pozdrowienia-z-lizbony-Zestaw-prezentowy-z-alkoholem-Wino-portugalskie-wytrawne.png\",\"width\":1200,\"height\":1260},{\"@type\":\"BreadcrumbList\",\"@id\":\"https:\\\/\\\/wawp.pl\\\/prezenty\\\/produkt\\\/pozdrowienia-z-lizbony-zestaw-prezentowy-z-alkoholem-wino-portugalskie-wytrawne\\\/#breadcrumb\",\"itemListElement\":[{\"@type\":\"ListItem\",\"position\":1,\"name\":\"Strona g\u0142\u00f3wna\",\"item\":\"https:\\\/\\\/wawp.pl\\\/prezenty\\\/\"},{\"@type\":\"ListItem\",\"position\":2,\"name\":\"Shop\",\"item\":\"https:\\\/\\\/wawp.pl\\\/prezenty\\\/shop\\\/\"},{\"@type\":\"ListItem\",\"position\":3,\"name\":\"Pozdrowienia z Lizbony\"}]},{\"@type\":\"WebSite\",\"@id\":\"https:\\\/\\\/wawp.pl\\\/prezenty\\\/#website\",\"url\":\"https:\\\/\\\/wawp.pl\\\/prezenty\\\/\",\"name\":\"Zestawy \u015awi\u0105teczne\",\"description\":\"Kosze \u015awi\u0105teczne, Podarunkowe, Prezentowe\",\"publisher\":{\"@id\":\"https:\\\/\\\/wawp.pl\\\/prezenty\\\/#organization\"},\"potentialAction\":[{\"@type\":\"SearchAction\",\"target\":{\"@type\":\"EntryPoint\",\"urlTemplate\":\"https:\\\/\\\/wawp.pl\\\/prezenty\\\/?s={search_term_string}\"},\"query-input\":{\"@type\":\"PropertyValueSpecification\",\"valueRequired\":true,\"valueName\":\"search_term_string\"}}],\"inLanguage\":\"pl-PL\"},{\"@type\":\"Organization\",\"@id\":\"https:\\\/\\\/wawp.pl\\\/prezenty\\\/#organization\",\"name\":\"Zestawy \u015awi\u0105teczne\",\"url\":\"https:\\\/\\\/wawp.pl\\\/prezenty\\\/\",\"logo\":{\"@type\":\"ImageObject\",\"inLanguage\":\"pl-PL\",\"@id\":\"https:\\\/\\\/wawp.pl\\\/prezenty\\\/#\\\/schema\\\/logo\\\/image\\\/\",\"url\":\"https:\\\/\\\/wawp.pl\\\/prezenty\\\/wp-content\\\/uploads\\\/2021\\\/11\\\/cropped-logo.png\",\"contentUrl\":\"https:\\\/\\\/wawp.pl\\\/prezenty\\\/wp-content\\\/uploads\\\/2021\\\/11\\\/cropped-logo.png\",\"width\":360,\"height\":137,\"caption\":\"Zestawy \u015awi\u0105teczne\"},\"image\":{\"@id\":\"https:\\\/\\\/wawp.pl\\\/prezenty\\\/#\\\/schema\\\/logo\\\/image\\\/\"}}]}<\/script>\n<!-- \/ Yoast SEO plugin. -->","yoast_head_json":{"title":"Pozdrowienia z Lizbony: Zestaw prezentowy z alkoholem - WIno portugalskie wytrawne | Zestawy \u015awi\u0105teczne","description":"Zobacz produkt: Pozdrowienia z Lizbony Zestaw prezentowy z alkoholem - WIno portugalskie wytrawne - dost\u0119pny online na Whisky and Wine Place wawp.pl\/prezenty !","robots":{"index":"index","follow":"follow","max-snippet":"max-snippet:-1","max-image-preview":"max-image-preview:large","max-video-preview":"max-video-preview:-1"},"canonical":"https:\/\/wawp.pl\/prezenty\/produkt\/pozdrowienia-z-lizbony-zestaw-prezentowy-z-alkoholem-wino-portugalskie-wytrawne\/","og_locale":"pl_PL","og_type":"article","og_title":"Pozdrowienia z Lizbony: Zestaw prezentowy z alkoholem - WIno portugalskie wytrawne | Zestawy \u015awi\u0105teczne","og_description":"Zobacz produkt: Pozdrowienia z Lizbony Zestaw prezentowy z alkoholem - WIno portugalskie wytrawne - dost\u0119pny online na Whisky and Wine Place wawp.pl\/prezenty !","og_url":"https:\/\/wawp.pl\/prezenty\/produkt\/pozdrowienia-z-lizbony-zestaw-prezentowy-z-alkoholem-wino-portugalskie-wytrawne\/","og_site_name":"Zestawy \u015awi\u0105teczne","article_modified_time":"2024-12-13T13:53:54+00:00","og_image":[{"width":1200,"height":1260,"url":"https:\/\/wawp.pl\/prezenty\/wp-content\/uploads\/2023\/07\/Pozdrowienia-z-lizbony-Zestaw-prezentowy-z-alkoholem-Wino-portugalskie-wytrawne.png","type":"image\/png"}],"twitter_card":"summary_large_image","schema":{"@context":"https:\/\/schema.org","@graph":[{"@type":"WebPage","@id":"https:\/\/wawp.pl\/prezenty\/produkt\/pozdrowienia-z-lizbony-zestaw-prezentowy-z-alkoholem-wino-portugalskie-wytrawne\/","url":"https:\/\/wawp.pl\/prezenty\/produkt\/pozdrowienia-z-lizbony-zestaw-prezentowy-z-alkoholem-wino-portugalskie-wytrawne\/","name":"Pozdrowienia z Lizbony: Zestaw prezentowy z alkoholem - WIno portugalskie wytrawne | Zestawy \u015awi\u0105teczne","isPartOf":{"@id":"https:\/\/wawp.pl\/prezenty\/#website"},"primaryImageOfPage":{"@id":"https:\/\/wawp.pl\/prezenty\/produkt\/pozdrowienia-z-lizbony-zestaw-prezentowy-z-alkoholem-wino-portugalskie-wytrawne\/#primaryimage"},"image":{"@id":"https:\/\/wawp.pl\/prezenty\/produkt\/pozdrowienia-z-lizbony-zestaw-prezentowy-z-alkoholem-wino-portugalskie-wytrawne\/#primaryimage"},"thumbnailUrl":"https:\/\/wawp.pl\/prezenty\/wp-content\/uploads\/2023\/07\/Pozdrowienia-z-lizbony-Zestaw-prezentowy-z-alkoholem-Wino-portugalskie-wytrawne.png","datePublished":"2023-08-01T15:02:04+00:00","dateModified":"2024-12-13T13:53:54+00:00","description":"Zobacz produkt: Pozdrowienia z Lizbony Zestaw prezentowy z alkoholem - WIno portugalskie wytrawne - dost\u0119pny online na Whisky and Wine Place wawp.pl\/prezenty !","breadcrumb":{"@id":"https:\/\/wawp.pl\/prezenty\/produkt\/pozdrowienia-z-lizbony-zestaw-prezentowy-z-alkoholem-wino-portugalskie-wytrawne\/#breadcrumb"},"inLanguage":"pl-PL","potentialAction":[{"@type":"ReadAction","target":["https:\/\/wawp.pl\/prezenty\/produkt\/pozdrowienia-z-lizbony-zestaw-prezentowy-z-alkoholem-wino-portugalskie-wytrawne\/"]}]},{"@type":"ImageObject","inLanguage":"pl-PL","@id":"https:\/\/wawp.pl\/prezenty\/produkt\/pozdrowienia-z-lizbony-zestaw-prezentowy-z-alkoholem-wino-portugalskie-wytrawne\/#primaryimage","url":"https:\/\/wawp.pl\/prezenty\/wp-content\/uploads\/2023\/07\/Pozdrowienia-z-lizbony-Zestaw-prezentowy-z-alkoholem-Wino-portugalskie-wytrawne.png","contentUrl":"https:\/\/wawp.pl\/prezenty\/wp-content\/uploads\/2023\/07\/Pozdrowienia-z-lizbony-Zestaw-prezentowy-z-alkoholem-Wino-portugalskie-wytrawne.png","width":1200,"height":1260},{"@type":"BreadcrumbList","@id":"https:\/\/wawp.pl\/prezenty\/produkt\/pozdrowienia-z-lizbony-zestaw-prezentowy-z-alkoholem-wino-portugalskie-wytrawne\/#breadcrumb","itemListElement":[{"@type":"ListItem","position":1,"name":"Strona g\u0142\u00f3wna","item":"https:\/\/wawp.pl\/prezenty\/"},{"@type":"ListItem","position":2,"name":"Shop","item":"https:\/\/wawp.pl\/prezenty\/shop\/"},{"@type":"ListItem","position":3,"name":"Pozdrowienia z Lizbony"}]},{"@type":"WebSite","@id":"https:\/\/wawp.pl\/prezenty\/#website","url":"https:\/\/wawp.pl\/prezenty\/","name":"Zestawy \u015awi\u0105teczne","description":"Kosze \u015awi\u0105teczne, Podarunkowe, Prezentowe","publisher":{"@id":"https:\/\/wawp.pl\/prezenty\/#organization"},"potentialAction":[{"@type":"SearchAction","target":{"@type":"EntryPoint","urlTemplate":"https:\/\/wawp.pl\/prezenty\/?s={search_term_string}"},"query-input":{"@type":"PropertyValueSpecification","valueRequired":true,"valueName":"search_term_string"}}],"inLanguage":"pl-PL"},{"@type":"Organization","@id":"https:\/\/wawp.pl\/prezenty\/#organization","name":"Zestawy \u015awi\u0105teczne","url":"https:\/\/wawp.pl\/prezenty\/","logo":{"@type":"ImageObject","inLanguage":"pl-PL","@id":"https:\/\/wawp.pl\/prezenty\/#\/schema\/logo\/image\/","url":"https:\/\/wawp.pl\/prezenty\/wp-content\/uploads\/2021\/11\/cropped-logo.png","contentUrl":"https:\/\/wawp.pl\/prezenty\/wp-content\/uploads\/2021\/11\/cropped-logo.png","width":360,"height":137,"caption":"Zestawy \u015awi\u0105teczne"},"image":{"@id":"https:\/\/wawp.pl\/prezenty\/#\/schema\/logo\/image\/"}}]}},"_links":{"self":[{"href":"https:\/\/wawp.pl\/prezenty\/wp-json\/wp\/v2\/product\/2210","targetHints":{"allow":["GET"]}}],"collection":[{"href":"https:\/\/wawp.pl\/prezenty\/wp-json\/wp\/v2\/product"}],"about":[{"href":"https:\/\/wawp.pl\/prezenty\/wp-json\/wp\/v2\/types\/product"}],"wp:featuredmedia":[{"embeddable":true,"href":"https:\/\/wawp.pl\/prezenty\/wp-json\/wp\/v2\/media\/2123"}],"wp:attachment":[{"href":"https:\/\/wawp.pl\/prezenty\/wp-json\/wp\/v2\/media?parent=2210"}],"wp:term":[{"taxonomy":"product_brand","embeddable":true,"href":"https:\/\/wawp.pl\/prezenty\/wp-json\/wp\/v2\/product_brand?post=2210"},{"taxonomy":"product_cat","embeddable":true,"href":"https:\/\/wawp.pl\/prezenty\/wp-json\/wp\/v2\/product_cat?post=2210"},{"taxonomy":"product_tag","embeddable":true,"href":"https:\/\/wawp.pl\/prezenty\/wp-json\/wp\/v2\/product_tag?post=2210"}],"curies":[{"name":"wp","href":"https:\/\/api.w.org\/{rel}","templated":true}]}}