{"id":2205,"date":"2023-08-01T14:00:43","date_gmt":"2023-08-01T14:00:43","guid":{"rendered":"https:\/\/wawp.pl\/prezenty\/?post_type=product&#038;p=2205"},"modified":"2024-11-14T14:09:17","modified_gmt":"2024-11-14T14:09:17","slug":"niebieskie-migdaly-zestaw-prezentowy-z-alkoholem-polska-wodka-slodycze","status":"publish","type":"product","link":"https:\/\/wawp.pl\/prezenty\/produkt\/niebieskie-migdaly-zestaw-prezentowy-z-alkoholem-polska-wodka-slodycze\/","title":{"rendered":"Niebieskie Migda\u0142y"},"content":{"rendered":"","protected":false},"excerpt":{"rendered":"<p>Zestaw upominkowy <strong>Niebieskie migda\u0142y<\/strong> to doskona\u0142a propozycja na prezent dla te\u015bcia. Czysta polska w\u00f3dka to znak tradycji i sta\u0142y element biesiady przy rodzinnym stole. Do zestawu podarunkowego z alkoholem dodane zosta\u0142y delikatesy od znanych i lubianych marek, a tak\u017ce kilka mniej znanych i wzbudzaj\u0105cych ciekawo\u015b\u0107. Tak obdarowany te\u015b\u0107 na pewno na d\u0142ugo pozostanie \u017cyczliwy swojemu zi\u0119ciowi.<\/p>\n<p><strong>Henryk Sienkiewicz<\/strong> to polska w\u00f3dka klasy premium sygnowana nazwiskiem s\u0142ynnego pisarza i noblisty. Pi\u0119knie zdobiona butelka daje poczucie obcowania z wyj\u0105tkowym alkoholem. Produkowana w procesie siedmiokrotnej destylacji i przefiltrowana przez diamenty. Ma \u0142agodny aromat i delikatny chlebowy posmak.<\/p>\n<p><strong>Merci<\/strong> to marka, kt\u00f3ra od lat cieszy si\u0119 w Polsce wielk\u0105 popularno\u015bci\u0105. 8 rodzaj\u00f3w czekoladowych sztabek z r\u00f3\u017cnorakim nadzieniem to znakomity spos\u00f3b, aby powiedzie\u0107 komu\u015b \u201edzi\u0119kuj\u0119\u201d. 250g<\/p>\n<p><strong>Torcik Wedlowski<\/strong> to polska klasyka wchodz\u0105ca w sk\u0142ad wszelkich zestaw\u00f3w prezentowych od wielu lat. Wr\u0119czaj\u0105c ten wype\u0142niony czekoladowym nadzieniem i oblany mleczn\u0105 czekolad\u0105, s\u0142usznych rozmiar\u00f3w okr\u0105g nie pozostawiamy w\u0105tpliwo\u015bci o naszej sympatii do obdarowanego. 250g<\/p>\n<p><strong>Cheers Likwory V\u00f3dka<\/strong> to praliny wype\u0142nione wysokiej jako\u015bci czyst\u0105 w\u00f3dk\u0105. Ca\u0142o\u015b\u0107 opakowana w estetyczn\u0105 tub\u0119. 150g<\/p>\n<p><strong>Tivoli<\/strong> to du\u0144skie, kruche ciasteczka z karmelem i sol\u0105 morsk\u0105. Sprawdz\u0105 si\u0119 znakomicie jako samodzielna przek\u0105ska lub dodatek do kawy i herbaty. Opakowane w eleganck\u0105 puszk\u0119 z efektownymi t\u0142oczeniami. 150g<\/p>\n<p><strong>Carletti Orange Arches<\/strong> to pyszne p\u0142atki z czekolady deserowej o smaku pomara\u0144czowym. 75g<\/p>\n<p>Opakowanie to mi\u0142e dla oka i dotyku tekturowe pude\u0142ko.\u00a0 Mi\u0119kka i estetyczna wy\u015bci\u00f3\u0142ka zapewnia bezpiecze\u0144stwo szklanym elementom zestawu. Wieko pude\u0142ka przewi\u0105zane nawi\u0105zuj\u0105c\u0105 do kolorystyki zestawu wst\u0105\u017ck\u0105. Ca\u0142o\u015b\u0107 przyjazna \u015brodowisku i podlegaj\u0105ca recyklingowi.<\/p>\n","protected":false},"featured_media":2206,"template":"","meta":{"_acf_changed":false},"product_brand":[],"product_cat":[33],"product_tag":[],"class_list":{"0":"post-2205","1":"product","2":"type-product","3":"status-publish","4":"has-post-thumbnail","6":"product_cat-zestawy-upominkowe","8":"first","9":"outofstock","10":"purchasable","11":"product-type-simple"},"acf":[],"yoast_head":"<!-- This site is optimized with the Yoast SEO plugin v27.3 - https:\/\/yoast.com\/product\/yoast-seo-wordpress\/ -->\n<title>Niebieskie Migda\u0142y: Zestaw prezentowy z alkoholem - Polska w\u00f3dka s\u0142odycze | Zestawy \u015awi\u0105teczne<\/title>\n<meta name=\"description\" content=\"Zobacz produkt: Niebieskie Migda\u0142y Zestaw prezentowy z alkoholem - Polska w\u00f3dka s\u0142odycze - dost\u0119pny online na Whisky and Wine Place wawp.pl\/prezenty !\" \/>\n<meta name=\"robots\" content=\"index, follow, max-snippet:-1, max-image-preview:large, max-video-preview:-1\" \/>\n<link rel=\"canonical\" href=\"https:\/\/wawp.pl\/prezenty\/produkt\/niebieskie-migdaly-zestaw-prezentowy-z-alkoholem-polska-wodka-slodycze\/\" \/>\n<meta property=\"og:locale\" content=\"pl_PL\" \/>\n<meta property=\"og:type\" content=\"article\" \/>\n<meta property=\"og:title\" content=\"Niebieskie Migda\u0142y: Zestaw prezentowy z alkoholem - Polska w\u00f3dka s\u0142odycze | Zestawy \u015awi\u0105teczne\" \/>\n<meta property=\"og:description\" content=\"Zobacz produkt: Niebieskie Migda\u0142y Zestaw prezentowy z alkoholem - Polska w\u00f3dka s\u0142odycze - dost\u0119pny online na Whisky and Wine Place wawp.pl\/prezenty !\" \/>\n<meta property=\"og:url\" content=\"https:\/\/wawp.pl\/prezenty\/produkt\/niebieskie-migdaly-zestaw-prezentowy-z-alkoholem-polska-wodka-slodycze\/\" \/>\n<meta property=\"og:site_name\" content=\"Zestawy \u015awi\u0105teczne\" \/>\n<meta property=\"article:modified_time\" content=\"2024-11-14T14:09:17+00:00\" \/>\n<meta property=\"og:image\" content=\"https:\/\/wawp.pl\/prezenty\/wp-content\/uploads\/2023\/08\/niebieskie-migdaly-zestaw-prezentowy-z-alkoholem-polska-wodka-slodycze.png\" \/>\n\t<meta property=\"og:image:width\" content=\"1200\" \/>\n\t<meta property=\"og:image:height\" content=\"1260\" \/>\n\t<meta property=\"og:image:type\" content=\"image\/png\" \/>\n<meta name=\"twitter:card\" content=\"summary_large_image\" \/>\n<script type=\"application\/ld+json\" class=\"yoast-schema-graph\">{\"@context\":\"https:\\\/\\\/schema.org\",\"@graph\":[{\"@type\":\"WebPage\",\"@id\":\"https:\\\/\\\/wawp.pl\\\/prezenty\\\/produkt\\\/niebieskie-migdaly-zestaw-prezentowy-z-alkoholem-polska-wodka-slodycze\\\/\",\"url\":\"https:\\\/\\\/wawp.pl\\\/prezenty\\\/produkt\\\/niebieskie-migdaly-zestaw-prezentowy-z-alkoholem-polska-wodka-slodycze\\\/\",\"name\":\"Niebieskie Migda\u0142y: Zestaw prezentowy z alkoholem - Polska w\u00f3dka s\u0142odycze | Zestawy \u015awi\u0105teczne\",\"isPartOf\":{\"@id\":\"https:\\\/\\\/wawp.pl\\\/prezenty\\\/#website\"},\"primaryImageOfPage\":{\"@id\":\"https:\\\/\\\/wawp.pl\\\/prezenty\\\/produkt\\\/niebieskie-migdaly-zestaw-prezentowy-z-alkoholem-polska-wodka-slodycze\\\/#primaryimage\"},\"image\":{\"@id\":\"https:\\\/\\\/wawp.pl\\\/prezenty\\\/produkt\\\/niebieskie-migdaly-zestaw-prezentowy-z-alkoholem-polska-wodka-slodycze\\\/#primaryimage\"},\"thumbnailUrl\":\"https:\\\/\\\/wawp.pl\\\/prezenty\\\/wp-content\\\/uploads\\\/2023\\\/08\\\/niebieskie-migdaly-zestaw-prezentowy-z-alkoholem-polska-wodka-slodycze.png\",\"datePublished\":\"2023-08-01T14:00:43+00:00\",\"dateModified\":\"2024-11-14T14:09:17+00:00\",\"description\":\"Zobacz produkt: Niebieskie Migda\u0142y Zestaw prezentowy z alkoholem - Polska w\u00f3dka s\u0142odycze - dost\u0119pny online na Whisky and Wine Place wawp.pl\\\/prezenty !\",\"breadcrumb\":{\"@id\":\"https:\\\/\\\/wawp.pl\\\/prezenty\\\/produkt\\\/niebieskie-migdaly-zestaw-prezentowy-z-alkoholem-polska-wodka-slodycze\\\/#breadcrumb\"},\"inLanguage\":\"pl-PL\",\"potentialAction\":[{\"@type\":\"ReadAction\",\"target\":[\"https:\\\/\\\/wawp.pl\\\/prezenty\\\/produkt\\\/niebieskie-migdaly-zestaw-prezentowy-z-alkoholem-polska-wodka-slodycze\\\/\"]}]},{\"@type\":\"ImageObject\",\"inLanguage\":\"pl-PL\",\"@id\":\"https:\\\/\\\/wawp.pl\\\/prezenty\\\/produkt\\\/niebieskie-migdaly-zestaw-prezentowy-z-alkoholem-polska-wodka-slodycze\\\/#primaryimage\",\"url\":\"https:\\\/\\\/wawp.pl\\\/prezenty\\\/wp-content\\\/uploads\\\/2023\\\/08\\\/niebieskie-migdaly-zestaw-prezentowy-z-alkoholem-polska-wodka-slodycze.png\",\"contentUrl\":\"https:\\\/\\\/wawp.pl\\\/prezenty\\\/wp-content\\\/uploads\\\/2023\\\/08\\\/niebieskie-migdaly-zestaw-prezentowy-z-alkoholem-polska-wodka-slodycze.png\",\"width\":1200,\"height\":1260},{\"@type\":\"BreadcrumbList\",\"@id\":\"https:\\\/\\\/wawp.pl\\\/prezenty\\\/produkt\\\/niebieskie-migdaly-zestaw-prezentowy-z-alkoholem-polska-wodka-slodycze\\\/#breadcrumb\",\"itemListElement\":[{\"@type\":\"ListItem\",\"position\":1,\"name\":\"Strona g\u0142\u00f3wna\",\"item\":\"https:\\\/\\\/wawp.pl\\\/prezenty\\\/\"},{\"@type\":\"ListItem\",\"position\":2,\"name\":\"Shop\",\"item\":\"https:\\\/\\\/wawp.pl\\\/prezenty\\\/shop\\\/\"},{\"@type\":\"ListItem\",\"position\":3,\"name\":\"Niebieskie Migda\u0142y\"}]},{\"@type\":\"WebSite\",\"@id\":\"https:\\\/\\\/wawp.pl\\\/prezenty\\\/#website\",\"url\":\"https:\\\/\\\/wawp.pl\\\/prezenty\\\/\",\"name\":\"Zestawy \u015awi\u0105teczne\",\"description\":\"Kosze \u015awi\u0105teczne, Podarunkowe, Prezentowe\",\"publisher\":{\"@id\":\"https:\\\/\\\/wawp.pl\\\/prezenty\\\/#organization\"},\"potentialAction\":[{\"@type\":\"SearchAction\",\"target\":{\"@type\":\"EntryPoint\",\"urlTemplate\":\"https:\\\/\\\/wawp.pl\\\/prezenty\\\/?s={search_term_string}\"},\"query-input\":{\"@type\":\"PropertyValueSpecification\",\"valueRequired\":true,\"valueName\":\"search_term_string\"}}],\"inLanguage\":\"pl-PL\"},{\"@type\":\"Organization\",\"@id\":\"https:\\\/\\\/wawp.pl\\\/prezenty\\\/#organization\",\"name\":\"Zestawy \u015awi\u0105teczne\",\"url\":\"https:\\\/\\\/wawp.pl\\\/prezenty\\\/\",\"logo\":{\"@type\":\"ImageObject\",\"inLanguage\":\"pl-PL\",\"@id\":\"https:\\\/\\\/wawp.pl\\\/prezenty\\\/#\\\/schema\\\/logo\\\/image\\\/\",\"url\":\"https:\\\/\\\/wawp.pl\\\/prezenty\\\/wp-content\\\/uploads\\\/2021\\\/11\\\/cropped-logo.png\",\"contentUrl\":\"https:\\\/\\\/wawp.pl\\\/prezenty\\\/wp-content\\\/uploads\\\/2021\\\/11\\\/cropped-logo.png\",\"width\":360,\"height\":137,\"caption\":\"Zestawy \u015awi\u0105teczne\"},\"image\":{\"@id\":\"https:\\\/\\\/wawp.pl\\\/prezenty\\\/#\\\/schema\\\/logo\\\/image\\\/\"}}]}<\/script>\n<!-- \/ Yoast SEO plugin. -->","yoast_head_json":{"title":"Niebieskie Migda\u0142y: Zestaw prezentowy z alkoholem - Polska w\u00f3dka s\u0142odycze | Zestawy \u015awi\u0105teczne","description":"Zobacz produkt: Niebieskie Migda\u0142y Zestaw prezentowy z alkoholem - Polska w\u00f3dka s\u0142odycze - dost\u0119pny online na Whisky and Wine Place wawp.pl\/prezenty !","robots":{"index":"index","follow":"follow","max-snippet":"max-snippet:-1","max-image-preview":"max-image-preview:large","max-video-preview":"max-video-preview:-1"},"canonical":"https:\/\/wawp.pl\/prezenty\/produkt\/niebieskie-migdaly-zestaw-prezentowy-z-alkoholem-polska-wodka-slodycze\/","og_locale":"pl_PL","og_type":"article","og_title":"Niebieskie Migda\u0142y: Zestaw prezentowy z alkoholem - Polska w\u00f3dka s\u0142odycze | Zestawy \u015awi\u0105teczne","og_description":"Zobacz produkt: Niebieskie Migda\u0142y Zestaw prezentowy z alkoholem - Polska w\u00f3dka s\u0142odycze - dost\u0119pny online na Whisky and Wine Place wawp.pl\/prezenty !","og_url":"https:\/\/wawp.pl\/prezenty\/produkt\/niebieskie-migdaly-zestaw-prezentowy-z-alkoholem-polska-wodka-slodycze\/","og_site_name":"Zestawy \u015awi\u0105teczne","article_modified_time":"2024-11-14T14:09:17+00:00","og_image":[{"width":1200,"height":1260,"url":"https:\/\/wawp.pl\/prezenty\/wp-content\/uploads\/2023\/08\/niebieskie-migdaly-zestaw-prezentowy-z-alkoholem-polska-wodka-slodycze.png","type":"image\/png"}],"twitter_card":"summary_large_image","schema":{"@context":"https:\/\/schema.org","@graph":[{"@type":"WebPage","@id":"https:\/\/wawp.pl\/prezenty\/produkt\/niebieskie-migdaly-zestaw-prezentowy-z-alkoholem-polska-wodka-slodycze\/","url":"https:\/\/wawp.pl\/prezenty\/produkt\/niebieskie-migdaly-zestaw-prezentowy-z-alkoholem-polska-wodka-slodycze\/","name":"Niebieskie Migda\u0142y: Zestaw prezentowy z alkoholem - Polska w\u00f3dka s\u0142odycze | Zestawy \u015awi\u0105teczne","isPartOf":{"@id":"https:\/\/wawp.pl\/prezenty\/#website"},"primaryImageOfPage":{"@id":"https:\/\/wawp.pl\/prezenty\/produkt\/niebieskie-migdaly-zestaw-prezentowy-z-alkoholem-polska-wodka-slodycze\/#primaryimage"},"image":{"@id":"https:\/\/wawp.pl\/prezenty\/produkt\/niebieskie-migdaly-zestaw-prezentowy-z-alkoholem-polska-wodka-slodycze\/#primaryimage"},"thumbnailUrl":"https:\/\/wawp.pl\/prezenty\/wp-content\/uploads\/2023\/08\/niebieskie-migdaly-zestaw-prezentowy-z-alkoholem-polska-wodka-slodycze.png","datePublished":"2023-08-01T14:00:43+00:00","dateModified":"2024-11-14T14:09:17+00:00","description":"Zobacz produkt: Niebieskie Migda\u0142y Zestaw prezentowy z alkoholem - Polska w\u00f3dka s\u0142odycze - dost\u0119pny online na Whisky and Wine Place wawp.pl\/prezenty !","breadcrumb":{"@id":"https:\/\/wawp.pl\/prezenty\/produkt\/niebieskie-migdaly-zestaw-prezentowy-z-alkoholem-polska-wodka-slodycze\/#breadcrumb"},"inLanguage":"pl-PL","potentialAction":[{"@type":"ReadAction","target":["https:\/\/wawp.pl\/prezenty\/produkt\/niebieskie-migdaly-zestaw-prezentowy-z-alkoholem-polska-wodka-slodycze\/"]}]},{"@type":"ImageObject","inLanguage":"pl-PL","@id":"https:\/\/wawp.pl\/prezenty\/produkt\/niebieskie-migdaly-zestaw-prezentowy-z-alkoholem-polska-wodka-slodycze\/#primaryimage","url":"https:\/\/wawp.pl\/prezenty\/wp-content\/uploads\/2023\/08\/niebieskie-migdaly-zestaw-prezentowy-z-alkoholem-polska-wodka-slodycze.png","contentUrl":"https:\/\/wawp.pl\/prezenty\/wp-content\/uploads\/2023\/08\/niebieskie-migdaly-zestaw-prezentowy-z-alkoholem-polska-wodka-slodycze.png","width":1200,"height":1260},{"@type":"BreadcrumbList","@id":"https:\/\/wawp.pl\/prezenty\/produkt\/niebieskie-migdaly-zestaw-prezentowy-z-alkoholem-polska-wodka-slodycze\/#breadcrumb","itemListElement":[{"@type":"ListItem","position":1,"name":"Strona g\u0142\u00f3wna","item":"https:\/\/wawp.pl\/prezenty\/"},{"@type":"ListItem","position":2,"name":"Shop","item":"https:\/\/wawp.pl\/prezenty\/shop\/"},{"@type":"ListItem","position":3,"name":"Niebieskie Migda\u0142y"}]},{"@type":"WebSite","@id":"https:\/\/wawp.pl\/prezenty\/#website","url":"https:\/\/wawp.pl\/prezenty\/","name":"Zestawy \u015awi\u0105teczne","description":"Kosze \u015awi\u0105teczne, Podarunkowe, Prezentowe","publisher":{"@id":"https:\/\/wawp.pl\/prezenty\/#organization"},"potentialAction":[{"@type":"SearchAction","target":{"@type":"EntryPoint","urlTemplate":"https:\/\/wawp.pl\/prezenty\/?s={search_term_string}"},"query-input":{"@type":"PropertyValueSpecification","valueRequired":true,"valueName":"search_term_string"}}],"inLanguage":"pl-PL"},{"@type":"Organization","@id":"https:\/\/wawp.pl\/prezenty\/#organization","name":"Zestawy \u015awi\u0105teczne","url":"https:\/\/wawp.pl\/prezenty\/","logo":{"@type":"ImageObject","inLanguage":"pl-PL","@id":"https:\/\/wawp.pl\/prezenty\/#\/schema\/logo\/image\/","url":"https:\/\/wawp.pl\/prezenty\/wp-content\/uploads\/2021\/11\/cropped-logo.png","contentUrl":"https:\/\/wawp.pl\/prezenty\/wp-content\/uploads\/2021\/11\/cropped-logo.png","width":360,"height":137,"caption":"Zestawy \u015awi\u0105teczne"},"image":{"@id":"https:\/\/wawp.pl\/prezenty\/#\/schema\/logo\/image\/"}}]}},"_links":{"self":[{"href":"https:\/\/wawp.pl\/prezenty\/wp-json\/wp\/v2\/product\/2205","targetHints":{"allow":["GET"]}}],"collection":[{"href":"https:\/\/wawp.pl\/prezenty\/wp-json\/wp\/v2\/product"}],"about":[{"href":"https:\/\/wawp.pl\/prezenty\/wp-json\/wp\/v2\/types\/product"}],"wp:featuredmedia":[{"embeddable":true,"href":"https:\/\/wawp.pl\/prezenty\/wp-json\/wp\/v2\/media\/2206"}],"wp:attachment":[{"href":"https:\/\/wawp.pl\/prezenty\/wp-json\/wp\/v2\/media?parent=2205"}],"wp:term":[{"taxonomy":"product_brand","embeddable":true,"href":"https:\/\/wawp.pl\/prezenty\/wp-json\/wp\/v2\/product_brand?post=2205"},{"taxonomy":"product_cat","embeddable":true,"href":"https:\/\/wawp.pl\/prezenty\/wp-json\/wp\/v2\/product_cat?post=2205"},{"taxonomy":"product_tag","embeddable":true,"href":"https:\/\/wawp.pl\/prezenty\/wp-json\/wp\/v2\/product_tag?post=2205"}],"curies":[{"name":"wp","href":"https:\/\/api.w.org\/{rel}","templated":true}]}}