{"id":2203,"date":"2023-08-01T13:42:44","date_gmt":"2023-08-01T13:42:44","guid":{"rendered":"https:\/\/wawp.pl\/prezenty\/?post_type=product&#038;p=2203"},"modified":"2024-11-14T14:08:41","modified_gmt":"2024-11-14T14:08:41","slug":"miodowe-spa-zestaw-prezentowy-z-alkoholem-prosecco-extra-dry-valdobbiadene-przetrwory-miodowe","status":"publish","type":"product","link":"https:\/\/wawp.pl\/prezenty\/produkt\/miodowe-spa-zestaw-prezentowy-z-alkoholem-prosecco-extra-dry-valdobbiadene-przetrwory-miodowe\/","title":{"rendered":"Miodowe SPA"},"content":{"rendered":"","protected":false},"excerpt":{"rendered":"<p>Ekskluzywny zestaw upominkowy <strong>Miodowe SPA<\/strong> to rewelacyjny pomys\u0142 na prezent z okazji dnia babci. Jego sk\u0142ad to prawdziwa gratka dla duszy i cia\u0142a. Kosz podarunkowy opr\u00f3cz znakomitego wina i s\u0142odkich dodatk\u00f3w zawiera te\u017c wiele naturalnych, miodowych kosmetyk\u00f3w do piel\u0119gnacji cia\u0142a. Ka\u017cdy jego element przemy\u015blany jest tak, aby wykorzysta\u0107 go w czasie relaksuj\u0105cej k\u0105pieli.<\/p>\n<p>Zestaw prezentowy dla kobiet <strong>Miodowe SPA<\/strong> zawiera fantastyczne <strong>Prosecco Il Colle Valdobiadenne Extra Dry<\/strong>. To znakomite, w\u0142oskie, musuj\u0105ce wino pochodzi z najlepszych upraw zlokalizowanych w okolicach Wenecji. Charakteryzuje si\u0119 szlachetn\u0105 perlisto\u015bci\u0105 b\u0105belk\u00f3w, stonowan\u0105 kwasowo\u015bci\u0105 i lekko zaznaczon\u0105 s\u0142odycz\u0105. W aromacie bia\u0142e owoce i kwiaty na podniebieniu za\u015b wyczuwalne akcenty owocowe i orzechowe.<\/p>\n<p><strong>Honey Premium Praline<\/strong> to bardzo elegancko opakowane po\u0142\u0105czenie belgijskiej czekolady z miodem produkowanym przez polskie pszczo\u0142y. O najwy\u017csz\u0105 jako\u015b\u0107 wyrobu dbaj\u0105 mistrzowie cukiernictwa i pszczelarstwa z rzemie\u015blniczej pasieki <strong>\u0141yso\u0144<\/strong>. 170g<\/p>\n<p><strong>Rabitos Royale<\/strong> to figi w belgijskiej czekoladzie uznawane za jeden z najwykwintniejszych przysmak\u00f3w na \u015bwiecie. 47g<\/p>\n<p><strong>Myd\u0142o z Miodem i Propolisem<\/strong> produkowane jest przez pasiek\u0119 <strong>\u0141yso\u0144<\/strong> w zgodzie z natur\u0105. Mi\u00f3d oraz propolis, czyli pszczeli kit produkowany przez naszych ma\u0142ych przyjaci\u00f3\u0142 do uszczelniania swoich uli, posiada ca\u0142y szereg w\u0142a\u015bciwo\u015bci zdrowych dla naszej sk\u00f3ry. 100g<\/p>\n<p><strong>\u015awieca z Naturalnego Wosku Pszczelego<\/strong> to niebanalny dodatek, kt\u00f3ry doda nastroju przy degustacji smako\u0142yk\u00f3w zawartych w zestawie upominkowym. 175g<\/p>\n<p><strong>Krem do Twarzy z Propolisem<\/strong> produkowany jest przez kosmetolog\u00f3w zwi\u0105zanych z pasiek\u0105 <strong>\u0141yso\u0144<\/strong> z poszanowaniem dla wszelkich zasad poszanowania dla przyrody. Propolis jest pe\u0142en witamin i jako naturalny antybiotyk nawil\u017ca, zmi\u0119kcza, a tak\u017ce rozja\u015bnia przebarwienia wyr\u00f3wnuj\u0105c koloryt sk\u00f3ry. 50ml<\/p>\n<p><strong>Trufle Miodowe z Bia\u0142ej Czekolady<\/strong> to zestaw pralin obsypanych wi\u00f3rkami kokosowymi i z dodatkiem odrobiny wysokiej jako\u015bci rumu. 170g<\/p>\n<p><strong>Mas\u0142o do Cia\u0142a z Pszczelim Propolisem<\/strong> zawiera ca\u0142\u0105 palet\u0119 dobroczynnych w\u0142a\u015bciwo\u015bci dla sk\u00f3ry i dobrego samopoczucia. Niweluje tak\u017ce problem rozdwajania si\u0119 ko\u0144c\u00f3wek w\u0142os\u00f3w. Powstaje wskutek po\u0142\u0105czenia wy\u0142\u0105cznie naturalnych sk\u0142adnik\u00f3w bez szkodliwego ingerowania w \u015brodowisko. 45g<\/p>\n<p>Opakowanie to mi\u0142e dla oka i dotyku tekturowe pude\u0142ko.\u00a0 Mi\u0119kka i estetyczna wy\u015bci\u00f3\u0142ka zapewnia bezpiecze\u0144stwo szklanym elementom zestawu. Wieko pude\u0142ka przewi\u0105zane nawi\u0105zuj\u0105c\u0105 do kolorystyki zestawu wst\u0105\u017ck\u0105. Ca\u0142o\u015b\u0107 przyjazna \u015brodowisku i podlegaj\u0105ca recyklingowi.<\/p>\n","protected":false},"featured_media":2116,"template":"","meta":{"_acf_changed":false},"product_brand":[],"product_cat":[33],"product_tag":[],"class_list":{"0":"post-2203","1":"product","2":"type-product","3":"status-publish","4":"has-post-thumbnail","6":"product_cat-zestawy-upominkowe","8":"first","9":"outofstock","10":"purchasable","11":"product-type-simple"},"acf":[],"yoast_head":"<!-- This site is optimized with the Yoast SEO plugin v27.3 - https:\/\/yoast.com\/product\/yoast-seo-wordpress\/ -->\n<title>Miodowe SPA: Zestaw prezentowy z alkoholem - Prosecco Extra Dry Valdobbiadene przetrwory miodowe | Zestawy \u015awi\u0105teczne<\/title>\n<meta name=\"description\" content=\"Zobacz produkt: Miodowe SPA Zestaw prezentowy z alkoholem - Prosecco Extra Dry Valdobbiadene przetrwory miodowe - dost\u0119pny online na Whisky and Wine Place wawp.pl\/prezenty !\" \/>\n<meta name=\"robots\" content=\"index, follow, max-snippet:-1, max-image-preview:large, max-video-preview:-1\" \/>\n<link rel=\"canonical\" href=\"https:\/\/wawp.pl\/prezenty\/produkt\/miodowe-spa-zestaw-prezentowy-z-alkoholem-prosecco-extra-dry-valdobbiadene-przetrwory-miodowe\/\" \/>\n<meta property=\"og:locale\" content=\"pl_PL\" \/>\n<meta property=\"og:type\" content=\"article\" \/>\n<meta property=\"og:title\" content=\"Miodowe SPA: Zestaw prezentowy z alkoholem - Prosecco Extra Dry Valdobbiadene przetrwory miodowe | Zestawy \u015awi\u0105teczne\" \/>\n<meta property=\"og:description\" content=\"Zobacz produkt: Miodowe SPA Zestaw prezentowy z alkoholem - Prosecco Extra Dry Valdobbiadene przetrwory miodowe - dost\u0119pny online na Whisky and Wine Place wawp.pl\/prezenty !\" \/>\n<meta property=\"og:url\" content=\"https:\/\/wawp.pl\/prezenty\/produkt\/miodowe-spa-zestaw-prezentowy-z-alkoholem-prosecco-extra-dry-valdobbiadene-przetrwory-miodowe\/\" \/>\n<meta property=\"og:site_name\" content=\"Zestawy \u015awi\u0105teczne\" \/>\n<meta property=\"article:modified_time\" content=\"2024-11-14T14:08:41+00:00\" \/>\n<meta property=\"og:image\" content=\"https:\/\/wawp.pl\/prezenty\/wp-content\/uploads\/2023\/07\/Miodowe-Spa-Zestaw-prezentowy-z-alkoholem-Prosecco-Extra-Dry-Valdobbiadene-przetwory-miodowe.png\" \/>\n\t<meta property=\"og:image:width\" content=\"1200\" \/>\n\t<meta property=\"og:image:height\" content=\"1260\" \/>\n\t<meta property=\"og:image:type\" content=\"image\/png\" \/>\n<meta name=\"twitter:card\" content=\"summary_large_image\" \/>\n<script type=\"application\/ld+json\" class=\"yoast-schema-graph\">{\"@context\":\"https:\\\/\\\/schema.org\",\"@graph\":[{\"@type\":\"WebPage\",\"@id\":\"https:\\\/\\\/wawp.pl\\\/prezenty\\\/produkt\\\/miodowe-spa-zestaw-prezentowy-z-alkoholem-prosecco-extra-dry-valdobbiadene-przetrwory-miodowe\\\/\",\"url\":\"https:\\\/\\\/wawp.pl\\\/prezenty\\\/produkt\\\/miodowe-spa-zestaw-prezentowy-z-alkoholem-prosecco-extra-dry-valdobbiadene-przetrwory-miodowe\\\/\",\"name\":\"Miodowe SPA: Zestaw prezentowy z alkoholem - Prosecco Extra Dry Valdobbiadene przetrwory miodowe | Zestawy \u015awi\u0105teczne\",\"isPartOf\":{\"@id\":\"https:\\\/\\\/wawp.pl\\\/prezenty\\\/#website\"},\"primaryImageOfPage\":{\"@id\":\"https:\\\/\\\/wawp.pl\\\/prezenty\\\/produkt\\\/miodowe-spa-zestaw-prezentowy-z-alkoholem-prosecco-extra-dry-valdobbiadene-przetrwory-miodowe\\\/#primaryimage\"},\"image\":{\"@id\":\"https:\\\/\\\/wawp.pl\\\/prezenty\\\/produkt\\\/miodowe-spa-zestaw-prezentowy-z-alkoholem-prosecco-extra-dry-valdobbiadene-przetrwory-miodowe\\\/#primaryimage\"},\"thumbnailUrl\":\"https:\\\/\\\/wawp.pl\\\/prezenty\\\/wp-content\\\/uploads\\\/2023\\\/07\\\/Miodowe-Spa-Zestaw-prezentowy-z-alkoholem-Prosecco-Extra-Dry-Valdobbiadene-przetwory-miodowe.png\",\"datePublished\":\"2023-08-01T13:42:44+00:00\",\"dateModified\":\"2024-11-14T14:08:41+00:00\",\"description\":\"Zobacz produkt: Miodowe SPA Zestaw prezentowy z alkoholem - Prosecco Extra Dry Valdobbiadene przetrwory miodowe - dost\u0119pny online na Whisky and Wine Place wawp.pl\\\/prezenty !\",\"breadcrumb\":{\"@id\":\"https:\\\/\\\/wawp.pl\\\/prezenty\\\/produkt\\\/miodowe-spa-zestaw-prezentowy-z-alkoholem-prosecco-extra-dry-valdobbiadene-przetrwory-miodowe\\\/#breadcrumb\"},\"inLanguage\":\"pl-PL\",\"potentialAction\":[{\"@type\":\"ReadAction\",\"target\":[\"https:\\\/\\\/wawp.pl\\\/prezenty\\\/produkt\\\/miodowe-spa-zestaw-prezentowy-z-alkoholem-prosecco-extra-dry-valdobbiadene-przetrwory-miodowe\\\/\"]}]},{\"@type\":\"ImageObject\",\"inLanguage\":\"pl-PL\",\"@id\":\"https:\\\/\\\/wawp.pl\\\/prezenty\\\/produkt\\\/miodowe-spa-zestaw-prezentowy-z-alkoholem-prosecco-extra-dry-valdobbiadene-przetrwory-miodowe\\\/#primaryimage\",\"url\":\"https:\\\/\\\/wawp.pl\\\/prezenty\\\/wp-content\\\/uploads\\\/2023\\\/07\\\/Miodowe-Spa-Zestaw-prezentowy-z-alkoholem-Prosecco-Extra-Dry-Valdobbiadene-przetwory-miodowe.png\",\"contentUrl\":\"https:\\\/\\\/wawp.pl\\\/prezenty\\\/wp-content\\\/uploads\\\/2023\\\/07\\\/Miodowe-Spa-Zestaw-prezentowy-z-alkoholem-Prosecco-Extra-Dry-Valdobbiadene-przetwory-miodowe.png\",\"width\":1200,\"height\":1260},{\"@type\":\"BreadcrumbList\",\"@id\":\"https:\\\/\\\/wawp.pl\\\/prezenty\\\/produkt\\\/miodowe-spa-zestaw-prezentowy-z-alkoholem-prosecco-extra-dry-valdobbiadene-przetrwory-miodowe\\\/#breadcrumb\",\"itemListElement\":[{\"@type\":\"ListItem\",\"position\":1,\"name\":\"Strona g\u0142\u00f3wna\",\"item\":\"https:\\\/\\\/wawp.pl\\\/prezenty\\\/\"},{\"@type\":\"ListItem\",\"position\":2,\"name\":\"Shop\",\"item\":\"https:\\\/\\\/wawp.pl\\\/prezenty\\\/shop\\\/\"},{\"@type\":\"ListItem\",\"position\":3,\"name\":\"Miodowe SPA\"}]},{\"@type\":\"WebSite\",\"@id\":\"https:\\\/\\\/wawp.pl\\\/prezenty\\\/#website\",\"url\":\"https:\\\/\\\/wawp.pl\\\/prezenty\\\/\",\"name\":\"Zestawy \u015awi\u0105teczne\",\"description\":\"Kosze \u015awi\u0105teczne, Podarunkowe, Prezentowe\",\"publisher\":{\"@id\":\"https:\\\/\\\/wawp.pl\\\/prezenty\\\/#organization\"},\"potentialAction\":[{\"@type\":\"SearchAction\",\"target\":{\"@type\":\"EntryPoint\",\"urlTemplate\":\"https:\\\/\\\/wawp.pl\\\/prezenty\\\/?s={search_term_string}\"},\"query-input\":{\"@type\":\"PropertyValueSpecification\",\"valueRequired\":true,\"valueName\":\"search_term_string\"}}],\"inLanguage\":\"pl-PL\"},{\"@type\":\"Organization\",\"@id\":\"https:\\\/\\\/wawp.pl\\\/prezenty\\\/#organization\",\"name\":\"Zestawy \u015awi\u0105teczne\",\"url\":\"https:\\\/\\\/wawp.pl\\\/prezenty\\\/\",\"logo\":{\"@type\":\"ImageObject\",\"inLanguage\":\"pl-PL\",\"@id\":\"https:\\\/\\\/wawp.pl\\\/prezenty\\\/#\\\/schema\\\/logo\\\/image\\\/\",\"url\":\"https:\\\/\\\/wawp.pl\\\/prezenty\\\/wp-content\\\/uploads\\\/2021\\\/11\\\/cropped-logo.png\",\"contentUrl\":\"https:\\\/\\\/wawp.pl\\\/prezenty\\\/wp-content\\\/uploads\\\/2021\\\/11\\\/cropped-logo.png\",\"width\":360,\"height\":137,\"caption\":\"Zestawy \u015awi\u0105teczne\"},\"image\":{\"@id\":\"https:\\\/\\\/wawp.pl\\\/prezenty\\\/#\\\/schema\\\/logo\\\/image\\\/\"}}]}<\/script>\n<!-- \/ Yoast SEO plugin. -->","yoast_head_json":{"title":"Miodowe SPA: Zestaw prezentowy z alkoholem - Prosecco Extra Dry Valdobbiadene przetrwory miodowe | Zestawy \u015awi\u0105teczne","description":"Zobacz produkt: Miodowe SPA Zestaw prezentowy z alkoholem - Prosecco Extra Dry Valdobbiadene przetrwory miodowe - dost\u0119pny online na Whisky and Wine Place wawp.pl\/prezenty !","robots":{"index":"index","follow":"follow","max-snippet":"max-snippet:-1","max-image-preview":"max-image-preview:large","max-video-preview":"max-video-preview:-1"},"canonical":"https:\/\/wawp.pl\/prezenty\/produkt\/miodowe-spa-zestaw-prezentowy-z-alkoholem-prosecco-extra-dry-valdobbiadene-przetrwory-miodowe\/","og_locale":"pl_PL","og_type":"article","og_title":"Miodowe SPA: Zestaw prezentowy z alkoholem - Prosecco Extra Dry Valdobbiadene przetrwory miodowe | Zestawy \u015awi\u0105teczne","og_description":"Zobacz produkt: Miodowe SPA Zestaw prezentowy z alkoholem - Prosecco Extra Dry Valdobbiadene przetrwory miodowe - dost\u0119pny online na Whisky and Wine Place wawp.pl\/prezenty !","og_url":"https:\/\/wawp.pl\/prezenty\/produkt\/miodowe-spa-zestaw-prezentowy-z-alkoholem-prosecco-extra-dry-valdobbiadene-przetrwory-miodowe\/","og_site_name":"Zestawy \u015awi\u0105teczne","article_modified_time":"2024-11-14T14:08:41+00:00","og_image":[{"width":1200,"height":1260,"url":"https:\/\/wawp.pl\/prezenty\/wp-content\/uploads\/2023\/07\/Miodowe-Spa-Zestaw-prezentowy-z-alkoholem-Prosecco-Extra-Dry-Valdobbiadene-przetwory-miodowe.png","type":"image\/png"}],"twitter_card":"summary_large_image","schema":{"@context":"https:\/\/schema.org","@graph":[{"@type":"WebPage","@id":"https:\/\/wawp.pl\/prezenty\/produkt\/miodowe-spa-zestaw-prezentowy-z-alkoholem-prosecco-extra-dry-valdobbiadene-przetrwory-miodowe\/","url":"https:\/\/wawp.pl\/prezenty\/produkt\/miodowe-spa-zestaw-prezentowy-z-alkoholem-prosecco-extra-dry-valdobbiadene-przetrwory-miodowe\/","name":"Miodowe SPA: Zestaw prezentowy z alkoholem - Prosecco Extra Dry Valdobbiadene przetrwory miodowe | Zestawy \u015awi\u0105teczne","isPartOf":{"@id":"https:\/\/wawp.pl\/prezenty\/#website"},"primaryImageOfPage":{"@id":"https:\/\/wawp.pl\/prezenty\/produkt\/miodowe-spa-zestaw-prezentowy-z-alkoholem-prosecco-extra-dry-valdobbiadene-przetrwory-miodowe\/#primaryimage"},"image":{"@id":"https:\/\/wawp.pl\/prezenty\/produkt\/miodowe-spa-zestaw-prezentowy-z-alkoholem-prosecco-extra-dry-valdobbiadene-przetrwory-miodowe\/#primaryimage"},"thumbnailUrl":"https:\/\/wawp.pl\/prezenty\/wp-content\/uploads\/2023\/07\/Miodowe-Spa-Zestaw-prezentowy-z-alkoholem-Prosecco-Extra-Dry-Valdobbiadene-przetwory-miodowe.png","datePublished":"2023-08-01T13:42:44+00:00","dateModified":"2024-11-14T14:08:41+00:00","description":"Zobacz produkt: Miodowe SPA Zestaw prezentowy z alkoholem - Prosecco Extra Dry Valdobbiadene przetrwory miodowe - dost\u0119pny online na Whisky and Wine Place wawp.pl\/prezenty !","breadcrumb":{"@id":"https:\/\/wawp.pl\/prezenty\/produkt\/miodowe-spa-zestaw-prezentowy-z-alkoholem-prosecco-extra-dry-valdobbiadene-przetrwory-miodowe\/#breadcrumb"},"inLanguage":"pl-PL","potentialAction":[{"@type":"ReadAction","target":["https:\/\/wawp.pl\/prezenty\/produkt\/miodowe-spa-zestaw-prezentowy-z-alkoholem-prosecco-extra-dry-valdobbiadene-przetrwory-miodowe\/"]}]},{"@type":"ImageObject","inLanguage":"pl-PL","@id":"https:\/\/wawp.pl\/prezenty\/produkt\/miodowe-spa-zestaw-prezentowy-z-alkoholem-prosecco-extra-dry-valdobbiadene-przetrwory-miodowe\/#primaryimage","url":"https:\/\/wawp.pl\/prezenty\/wp-content\/uploads\/2023\/07\/Miodowe-Spa-Zestaw-prezentowy-z-alkoholem-Prosecco-Extra-Dry-Valdobbiadene-przetwory-miodowe.png","contentUrl":"https:\/\/wawp.pl\/prezenty\/wp-content\/uploads\/2023\/07\/Miodowe-Spa-Zestaw-prezentowy-z-alkoholem-Prosecco-Extra-Dry-Valdobbiadene-przetwory-miodowe.png","width":1200,"height":1260},{"@type":"BreadcrumbList","@id":"https:\/\/wawp.pl\/prezenty\/produkt\/miodowe-spa-zestaw-prezentowy-z-alkoholem-prosecco-extra-dry-valdobbiadene-przetrwory-miodowe\/#breadcrumb","itemListElement":[{"@type":"ListItem","position":1,"name":"Strona g\u0142\u00f3wna","item":"https:\/\/wawp.pl\/prezenty\/"},{"@type":"ListItem","position":2,"name":"Shop","item":"https:\/\/wawp.pl\/prezenty\/shop\/"},{"@type":"ListItem","position":3,"name":"Miodowe SPA"}]},{"@type":"WebSite","@id":"https:\/\/wawp.pl\/prezenty\/#website","url":"https:\/\/wawp.pl\/prezenty\/","name":"Zestawy \u015awi\u0105teczne","description":"Kosze \u015awi\u0105teczne, Podarunkowe, Prezentowe","publisher":{"@id":"https:\/\/wawp.pl\/prezenty\/#organization"},"potentialAction":[{"@type":"SearchAction","target":{"@type":"EntryPoint","urlTemplate":"https:\/\/wawp.pl\/prezenty\/?s={search_term_string}"},"query-input":{"@type":"PropertyValueSpecification","valueRequired":true,"valueName":"search_term_string"}}],"inLanguage":"pl-PL"},{"@type":"Organization","@id":"https:\/\/wawp.pl\/prezenty\/#organization","name":"Zestawy \u015awi\u0105teczne","url":"https:\/\/wawp.pl\/prezenty\/","logo":{"@type":"ImageObject","inLanguage":"pl-PL","@id":"https:\/\/wawp.pl\/prezenty\/#\/schema\/logo\/image\/","url":"https:\/\/wawp.pl\/prezenty\/wp-content\/uploads\/2021\/11\/cropped-logo.png","contentUrl":"https:\/\/wawp.pl\/prezenty\/wp-content\/uploads\/2021\/11\/cropped-logo.png","width":360,"height":137,"caption":"Zestawy \u015awi\u0105teczne"},"image":{"@id":"https:\/\/wawp.pl\/prezenty\/#\/schema\/logo\/image\/"}}]}},"_links":{"self":[{"href":"https:\/\/wawp.pl\/prezenty\/wp-json\/wp\/v2\/product\/2203","targetHints":{"allow":["GET"]}}],"collection":[{"href":"https:\/\/wawp.pl\/prezenty\/wp-json\/wp\/v2\/product"}],"about":[{"href":"https:\/\/wawp.pl\/prezenty\/wp-json\/wp\/v2\/types\/product"}],"wp:featuredmedia":[{"embeddable":true,"href":"https:\/\/wawp.pl\/prezenty\/wp-json\/wp\/v2\/media\/2116"}],"wp:attachment":[{"href":"https:\/\/wawp.pl\/prezenty\/wp-json\/wp\/v2\/media?parent=2203"}],"wp:term":[{"taxonomy":"product_brand","embeddable":true,"href":"https:\/\/wawp.pl\/prezenty\/wp-json\/wp\/v2\/product_brand?post=2203"},{"taxonomy":"product_cat","embeddable":true,"href":"https:\/\/wawp.pl\/prezenty\/wp-json\/wp\/v2\/product_cat?post=2203"},{"taxonomy":"product_tag","embeddable":true,"href":"https:\/\/wawp.pl\/prezenty\/wp-json\/wp\/v2\/product_tag?post=2203"}],"curies":[{"name":"wp","href":"https:\/\/api.w.org\/{rel}","templated":true}]}}