{"id":2196,"date":"2023-08-01T12:31:18","date_gmt":"2023-08-01T12:31:18","guid":{"rendered":"https:\/\/wawp.pl\/prezenty\/?post_type=product&#038;p=2196"},"modified":"2024-12-13T13:34:02","modified_gmt":"2024-12-13T13:34:02","slug":"las-smaku-zestaw-prezentowy-z-alkoholem-prosecco-rive-extra-brut-wytrawne","status":"publish","type":"product","link":"https:\/\/wawp.pl\/prezenty\/produkt\/las-smaku-zestaw-prezentowy-z-alkoholem-prosecco-rive-extra-brut-wytrawne\/","title":{"rendered":"Las Smaku"},"content":{"rendered":"","protected":false},"excerpt":{"rendered":"<p>Zestaw upominkowy <strong>Las Smaku<\/strong> zosta\u0142 zaprojektowany jako prezent dla lekarza. Kosz delikatesowy z alkoholem zawiera kilka uniwersalnych dodatk\u00f3w, kt\u00f3re powinny zadowoli\u0107 gusta wielu obdarowanych. Box prezentowy dla lekarza jest estetycznie wykonany i efektowny.<\/p>\n<p>Komplet podarunkowy <strong>Las smaku<\/strong> zawiera pyszne i eleganckie wino musuj\u0105ce <strong>Il Colle Prosecco Rive di Rua Extra Brut<\/strong>. To wytrawne, w\u0142oskie, wino pochodzi z najlepszych upraw zlokalizowanych w okolicach Wenecji. Charakteryzuje si\u0119 szlachetn\u0105 perlisto\u015bci\u0105 b\u0105belk\u00f3w, wysok\u0105 kwasowo\u015bci\u0105 i lekko zaznaczon\u0105 s\u0142odycz\u0105. W aromacie przewa\u017caj\u0105 akcenty owoc\u00f3w pigwy i agrestu. Smak cytrusowy i bardzo orze\u017awiaj\u0105cy. 0,7L<\/p>\n<p><strong>Czekolada Chocolate Story<\/strong> zawiera a\u017c 80% kakao przywiezionego z odleg\u0142ego Ekwadoru. Ka\u017cda tabliczka jest r\u0119cznie wykonana w polskiej manufakturze. Dla prze\u0142amania kakaowej goryczki czekolad\u0119 dos\u0142odzono zdrowszym od cukru ksylitolem. 50g<\/p>\n<p><strong>Davidoff Fine Aroma<\/strong> to mielona kawa wyprodukowana w 100% z ziaren arabiki uprawianej wysoko w g\u00f3rach. Dost\u0119p do unikalnego klimatu oraz gleb pozwala im rozwin\u0105\u0107 wyj\u0105tkowe walory zapachowe i smakowe. Davidoff Fine Aroma posiada \u0142agodny owocowy aromat zbalansowany, kwasowo-goryczkowy smak co czyni j\u0105 bardzo uniwersalnym podarunkiem zar\u00f3wno dla koneser\u00f3w kawy, jak i mniej do\u015bwiadczonych mi\u0142o\u015bnik\u00f3w tego pobudzaj\u0105cego naparu. 250g<\/p>\n<p><strong>Sos \u015aliwkowy do mi\u0119s i pasztet\u00f3w<\/strong> to niecodzienny dodatek do zestawu upominkowego, kt\u00f3ry na pewno zaskoczy osob\u0119 obdarowan\u0105. Sos przygotowano z naturalnych i zdrowych, polskich sk\u0142adnik\u00f3w, w\u015br\u00f3d kt\u00f3rych s\u0105 \u015bliwki, cebula i przyprawy korzenne. 200g<\/p>\n<p>Opakowanie to mi\u0142e dla oka i dotyku tekturowe pude\u0142ko.\u00a0 Mi\u0119kka i estetyczna wy\u015bci\u00f3\u0142ka zapewnia bezpiecze\u0144stwo szklanym elementom zestawu. Wieko pude\u0142ka przewi\u0105zane nawi\u0105zuj\u0105c\u0105 do kolorystyki zestawu wst\u0105\u017ck\u0105. Ca\u0142o\u015b\u0107 przyjazna \u015brodowisku i podlegaj\u0105ca recyklingowi.<\/p>\n","protected":false},"featured_media":2197,"template":"","meta":{"_acf_changed":false},"product_brand":[],"product_cat":[33],"product_tag":[],"class_list":{"0":"post-2196","1":"product","2":"type-product","3":"status-publish","4":"has-post-thumbnail","6":"product_cat-zestawy-upominkowe","8":"first","9":"outofstock","10":"purchasable","11":"product-type-simple"},"acf":[],"yoast_head":"<!-- This site is optimized with the Yoast SEO plugin v27.3 - https:\/\/yoast.com\/product\/yoast-seo-wordpress\/ -->\n<title>Las Smaku: Zestaw prezentowy z alkoholem - Prosecco Rive Extra Brut wytrawne | Zestawy \u015awi\u0105teczne<\/title>\n<meta name=\"description\" content=\"Zobacz produkt: Las Smaku Zestaw prezentowy z alkoholem - Prosecco Rive Extra Brut wytrawne - dost\u0119pny online na Whisky and Wine Place wawp.pl\/prezenty !\" \/>\n<meta name=\"robots\" content=\"index, follow, max-snippet:-1, max-image-preview:large, max-video-preview:-1\" \/>\n<link rel=\"canonical\" href=\"https:\/\/wawp.pl\/prezenty\/produkt\/las-smaku-zestaw-prezentowy-z-alkoholem-prosecco-rive-extra-brut-wytrawne\/\" \/>\n<meta property=\"og:locale\" content=\"pl_PL\" \/>\n<meta property=\"og:type\" content=\"article\" \/>\n<meta property=\"og:title\" content=\"Las Smaku: Zestaw prezentowy z alkoholem - Prosecco Rive Extra Brut wytrawne | Zestawy \u015awi\u0105teczne\" \/>\n<meta property=\"og:description\" content=\"Zobacz produkt: Las Smaku Zestaw prezentowy z alkoholem - Prosecco Rive Extra Brut wytrawne - dost\u0119pny online na Whisky and Wine Place wawp.pl\/prezenty !\" \/>\n<meta property=\"og:url\" content=\"https:\/\/wawp.pl\/prezenty\/produkt\/las-smaku-zestaw-prezentowy-z-alkoholem-prosecco-rive-extra-brut-wytrawne\/\" \/>\n<meta property=\"og:site_name\" content=\"Zestawy \u015awi\u0105teczne\" \/>\n<meta property=\"article:modified_time\" content=\"2024-12-13T13:34:02+00:00\" \/>\n<meta property=\"og:image\" content=\"https:\/\/wawp.pl\/prezenty\/wp-content\/uploads\/2023\/08\/las-smaku-zestaw-prezentowy-z-alkoholem-prosecco-rive-extra-brut-wytrawne.png\" \/>\n\t<meta property=\"og:image:width\" content=\"1200\" \/>\n\t<meta property=\"og:image:height\" content=\"1260\" \/>\n\t<meta property=\"og:image:type\" content=\"image\/png\" \/>\n<meta name=\"twitter:card\" content=\"summary_large_image\" \/>\n<script type=\"application\/ld+json\" class=\"yoast-schema-graph\">{\"@context\":\"https:\\\/\\\/schema.org\",\"@graph\":[{\"@type\":\"WebPage\",\"@id\":\"https:\\\/\\\/wawp.pl\\\/prezenty\\\/produkt\\\/las-smaku-zestaw-prezentowy-z-alkoholem-prosecco-rive-extra-brut-wytrawne\\\/\",\"url\":\"https:\\\/\\\/wawp.pl\\\/prezenty\\\/produkt\\\/las-smaku-zestaw-prezentowy-z-alkoholem-prosecco-rive-extra-brut-wytrawne\\\/\",\"name\":\"Las Smaku: Zestaw prezentowy z alkoholem - Prosecco Rive Extra Brut wytrawne | Zestawy \u015awi\u0105teczne\",\"isPartOf\":{\"@id\":\"https:\\\/\\\/wawp.pl\\\/prezenty\\\/#website\"},\"primaryImageOfPage\":{\"@id\":\"https:\\\/\\\/wawp.pl\\\/prezenty\\\/produkt\\\/las-smaku-zestaw-prezentowy-z-alkoholem-prosecco-rive-extra-brut-wytrawne\\\/#primaryimage\"},\"image\":{\"@id\":\"https:\\\/\\\/wawp.pl\\\/prezenty\\\/produkt\\\/las-smaku-zestaw-prezentowy-z-alkoholem-prosecco-rive-extra-brut-wytrawne\\\/#primaryimage\"},\"thumbnailUrl\":\"https:\\\/\\\/wawp.pl\\\/prezenty\\\/wp-content\\\/uploads\\\/2023\\\/08\\\/las-smaku-zestaw-prezentowy-z-alkoholem-prosecco-rive-extra-brut-wytrawne.png\",\"datePublished\":\"2023-08-01T12:31:18+00:00\",\"dateModified\":\"2024-12-13T13:34:02+00:00\",\"description\":\"Zobacz produkt: Las Smaku Zestaw prezentowy z alkoholem - Prosecco Rive Extra Brut wytrawne - dost\u0119pny online na Whisky and Wine Place wawp.pl\\\/prezenty !\",\"breadcrumb\":{\"@id\":\"https:\\\/\\\/wawp.pl\\\/prezenty\\\/produkt\\\/las-smaku-zestaw-prezentowy-z-alkoholem-prosecco-rive-extra-brut-wytrawne\\\/#breadcrumb\"},\"inLanguage\":\"pl-PL\",\"potentialAction\":[{\"@type\":\"ReadAction\",\"target\":[\"https:\\\/\\\/wawp.pl\\\/prezenty\\\/produkt\\\/las-smaku-zestaw-prezentowy-z-alkoholem-prosecco-rive-extra-brut-wytrawne\\\/\"]}]},{\"@type\":\"ImageObject\",\"inLanguage\":\"pl-PL\",\"@id\":\"https:\\\/\\\/wawp.pl\\\/prezenty\\\/produkt\\\/las-smaku-zestaw-prezentowy-z-alkoholem-prosecco-rive-extra-brut-wytrawne\\\/#primaryimage\",\"url\":\"https:\\\/\\\/wawp.pl\\\/prezenty\\\/wp-content\\\/uploads\\\/2023\\\/08\\\/las-smaku-zestaw-prezentowy-z-alkoholem-prosecco-rive-extra-brut-wytrawne.png\",\"contentUrl\":\"https:\\\/\\\/wawp.pl\\\/prezenty\\\/wp-content\\\/uploads\\\/2023\\\/08\\\/las-smaku-zestaw-prezentowy-z-alkoholem-prosecco-rive-extra-brut-wytrawne.png\",\"width\":1200,\"height\":1260},{\"@type\":\"BreadcrumbList\",\"@id\":\"https:\\\/\\\/wawp.pl\\\/prezenty\\\/produkt\\\/las-smaku-zestaw-prezentowy-z-alkoholem-prosecco-rive-extra-brut-wytrawne\\\/#breadcrumb\",\"itemListElement\":[{\"@type\":\"ListItem\",\"position\":1,\"name\":\"Strona g\u0142\u00f3wna\",\"item\":\"https:\\\/\\\/wawp.pl\\\/prezenty\\\/\"},{\"@type\":\"ListItem\",\"position\":2,\"name\":\"Shop\",\"item\":\"https:\\\/\\\/wawp.pl\\\/prezenty\\\/shop\\\/\"},{\"@type\":\"ListItem\",\"position\":3,\"name\":\"Las Smaku\"}]},{\"@type\":\"WebSite\",\"@id\":\"https:\\\/\\\/wawp.pl\\\/prezenty\\\/#website\",\"url\":\"https:\\\/\\\/wawp.pl\\\/prezenty\\\/\",\"name\":\"Zestawy \u015awi\u0105teczne\",\"description\":\"Kosze \u015awi\u0105teczne, Podarunkowe, Prezentowe\",\"publisher\":{\"@id\":\"https:\\\/\\\/wawp.pl\\\/prezenty\\\/#organization\"},\"potentialAction\":[{\"@type\":\"SearchAction\",\"target\":{\"@type\":\"EntryPoint\",\"urlTemplate\":\"https:\\\/\\\/wawp.pl\\\/prezenty\\\/?s={search_term_string}\"},\"query-input\":{\"@type\":\"PropertyValueSpecification\",\"valueRequired\":true,\"valueName\":\"search_term_string\"}}],\"inLanguage\":\"pl-PL\"},{\"@type\":\"Organization\",\"@id\":\"https:\\\/\\\/wawp.pl\\\/prezenty\\\/#organization\",\"name\":\"Zestawy \u015awi\u0105teczne\",\"url\":\"https:\\\/\\\/wawp.pl\\\/prezenty\\\/\",\"logo\":{\"@type\":\"ImageObject\",\"inLanguage\":\"pl-PL\",\"@id\":\"https:\\\/\\\/wawp.pl\\\/prezenty\\\/#\\\/schema\\\/logo\\\/image\\\/\",\"url\":\"https:\\\/\\\/wawp.pl\\\/prezenty\\\/wp-content\\\/uploads\\\/2021\\\/11\\\/cropped-logo.png\",\"contentUrl\":\"https:\\\/\\\/wawp.pl\\\/prezenty\\\/wp-content\\\/uploads\\\/2021\\\/11\\\/cropped-logo.png\",\"width\":360,\"height\":137,\"caption\":\"Zestawy \u015awi\u0105teczne\"},\"image\":{\"@id\":\"https:\\\/\\\/wawp.pl\\\/prezenty\\\/#\\\/schema\\\/logo\\\/image\\\/\"}}]}<\/script>\n<!-- \/ Yoast SEO plugin. -->","yoast_head_json":{"title":"Las Smaku: Zestaw prezentowy z alkoholem - Prosecco Rive Extra Brut wytrawne | Zestawy \u015awi\u0105teczne","description":"Zobacz produkt: Las Smaku Zestaw prezentowy z alkoholem - Prosecco Rive Extra Brut wytrawne - dost\u0119pny online na Whisky and Wine Place wawp.pl\/prezenty !","robots":{"index":"index","follow":"follow","max-snippet":"max-snippet:-1","max-image-preview":"max-image-preview:large","max-video-preview":"max-video-preview:-1"},"canonical":"https:\/\/wawp.pl\/prezenty\/produkt\/las-smaku-zestaw-prezentowy-z-alkoholem-prosecco-rive-extra-brut-wytrawne\/","og_locale":"pl_PL","og_type":"article","og_title":"Las Smaku: Zestaw prezentowy z alkoholem - Prosecco Rive Extra Brut wytrawne | Zestawy \u015awi\u0105teczne","og_description":"Zobacz produkt: Las Smaku Zestaw prezentowy z alkoholem - Prosecco Rive Extra Brut wytrawne - dost\u0119pny online na Whisky and Wine Place wawp.pl\/prezenty !","og_url":"https:\/\/wawp.pl\/prezenty\/produkt\/las-smaku-zestaw-prezentowy-z-alkoholem-prosecco-rive-extra-brut-wytrawne\/","og_site_name":"Zestawy \u015awi\u0105teczne","article_modified_time":"2024-12-13T13:34:02+00:00","og_image":[{"width":1200,"height":1260,"url":"https:\/\/wawp.pl\/prezenty\/wp-content\/uploads\/2023\/08\/las-smaku-zestaw-prezentowy-z-alkoholem-prosecco-rive-extra-brut-wytrawne.png","type":"image\/png"}],"twitter_card":"summary_large_image","schema":{"@context":"https:\/\/schema.org","@graph":[{"@type":"WebPage","@id":"https:\/\/wawp.pl\/prezenty\/produkt\/las-smaku-zestaw-prezentowy-z-alkoholem-prosecco-rive-extra-brut-wytrawne\/","url":"https:\/\/wawp.pl\/prezenty\/produkt\/las-smaku-zestaw-prezentowy-z-alkoholem-prosecco-rive-extra-brut-wytrawne\/","name":"Las Smaku: Zestaw prezentowy z alkoholem - Prosecco Rive Extra Brut wytrawne | Zestawy \u015awi\u0105teczne","isPartOf":{"@id":"https:\/\/wawp.pl\/prezenty\/#website"},"primaryImageOfPage":{"@id":"https:\/\/wawp.pl\/prezenty\/produkt\/las-smaku-zestaw-prezentowy-z-alkoholem-prosecco-rive-extra-brut-wytrawne\/#primaryimage"},"image":{"@id":"https:\/\/wawp.pl\/prezenty\/produkt\/las-smaku-zestaw-prezentowy-z-alkoholem-prosecco-rive-extra-brut-wytrawne\/#primaryimage"},"thumbnailUrl":"https:\/\/wawp.pl\/prezenty\/wp-content\/uploads\/2023\/08\/las-smaku-zestaw-prezentowy-z-alkoholem-prosecco-rive-extra-brut-wytrawne.png","datePublished":"2023-08-01T12:31:18+00:00","dateModified":"2024-12-13T13:34:02+00:00","description":"Zobacz produkt: Las Smaku Zestaw prezentowy z alkoholem - Prosecco Rive Extra Brut wytrawne - dost\u0119pny online na Whisky and Wine Place wawp.pl\/prezenty !","breadcrumb":{"@id":"https:\/\/wawp.pl\/prezenty\/produkt\/las-smaku-zestaw-prezentowy-z-alkoholem-prosecco-rive-extra-brut-wytrawne\/#breadcrumb"},"inLanguage":"pl-PL","potentialAction":[{"@type":"ReadAction","target":["https:\/\/wawp.pl\/prezenty\/produkt\/las-smaku-zestaw-prezentowy-z-alkoholem-prosecco-rive-extra-brut-wytrawne\/"]}]},{"@type":"ImageObject","inLanguage":"pl-PL","@id":"https:\/\/wawp.pl\/prezenty\/produkt\/las-smaku-zestaw-prezentowy-z-alkoholem-prosecco-rive-extra-brut-wytrawne\/#primaryimage","url":"https:\/\/wawp.pl\/prezenty\/wp-content\/uploads\/2023\/08\/las-smaku-zestaw-prezentowy-z-alkoholem-prosecco-rive-extra-brut-wytrawne.png","contentUrl":"https:\/\/wawp.pl\/prezenty\/wp-content\/uploads\/2023\/08\/las-smaku-zestaw-prezentowy-z-alkoholem-prosecco-rive-extra-brut-wytrawne.png","width":1200,"height":1260},{"@type":"BreadcrumbList","@id":"https:\/\/wawp.pl\/prezenty\/produkt\/las-smaku-zestaw-prezentowy-z-alkoholem-prosecco-rive-extra-brut-wytrawne\/#breadcrumb","itemListElement":[{"@type":"ListItem","position":1,"name":"Strona g\u0142\u00f3wna","item":"https:\/\/wawp.pl\/prezenty\/"},{"@type":"ListItem","position":2,"name":"Shop","item":"https:\/\/wawp.pl\/prezenty\/shop\/"},{"@type":"ListItem","position":3,"name":"Las Smaku"}]},{"@type":"WebSite","@id":"https:\/\/wawp.pl\/prezenty\/#website","url":"https:\/\/wawp.pl\/prezenty\/","name":"Zestawy \u015awi\u0105teczne","description":"Kosze \u015awi\u0105teczne, Podarunkowe, Prezentowe","publisher":{"@id":"https:\/\/wawp.pl\/prezenty\/#organization"},"potentialAction":[{"@type":"SearchAction","target":{"@type":"EntryPoint","urlTemplate":"https:\/\/wawp.pl\/prezenty\/?s={search_term_string}"},"query-input":{"@type":"PropertyValueSpecification","valueRequired":true,"valueName":"search_term_string"}}],"inLanguage":"pl-PL"},{"@type":"Organization","@id":"https:\/\/wawp.pl\/prezenty\/#organization","name":"Zestawy \u015awi\u0105teczne","url":"https:\/\/wawp.pl\/prezenty\/","logo":{"@type":"ImageObject","inLanguage":"pl-PL","@id":"https:\/\/wawp.pl\/prezenty\/#\/schema\/logo\/image\/","url":"https:\/\/wawp.pl\/prezenty\/wp-content\/uploads\/2021\/11\/cropped-logo.png","contentUrl":"https:\/\/wawp.pl\/prezenty\/wp-content\/uploads\/2021\/11\/cropped-logo.png","width":360,"height":137,"caption":"Zestawy \u015awi\u0105teczne"},"image":{"@id":"https:\/\/wawp.pl\/prezenty\/#\/schema\/logo\/image\/"}}]}},"_links":{"self":[{"href":"https:\/\/wawp.pl\/prezenty\/wp-json\/wp\/v2\/product\/2196","targetHints":{"allow":["GET"]}}],"collection":[{"href":"https:\/\/wawp.pl\/prezenty\/wp-json\/wp\/v2\/product"}],"about":[{"href":"https:\/\/wawp.pl\/prezenty\/wp-json\/wp\/v2\/types\/product"}],"wp:featuredmedia":[{"embeddable":true,"href":"https:\/\/wawp.pl\/prezenty\/wp-json\/wp\/v2\/media\/2197"}],"wp:attachment":[{"href":"https:\/\/wawp.pl\/prezenty\/wp-json\/wp\/v2\/media?parent=2196"}],"wp:term":[{"taxonomy":"product_brand","embeddable":true,"href":"https:\/\/wawp.pl\/prezenty\/wp-json\/wp\/v2\/product_brand?post=2196"},{"taxonomy":"product_cat","embeddable":true,"href":"https:\/\/wawp.pl\/prezenty\/wp-json\/wp\/v2\/product_cat?post=2196"},{"taxonomy":"product_tag","embeddable":true,"href":"https:\/\/wawp.pl\/prezenty\/wp-json\/wp\/v2\/product_tag?post=2196"}],"curies":[{"name":"wp","href":"https:\/\/api.w.org\/{rel}","templated":true}]}}