{"id":2077,"date":"2023-06-23T14:43:29","date_gmt":"2023-06-23T14:43:29","guid":{"rendered":"https:\/\/wawp.pl\/prezenty\/?post_type=product&#038;p=2077"},"modified":"2024-11-14T14:01:35","modified_gmt":"2024-11-14T14:01:35","slug":"cape-verde-zestaw-upominkowy-z-alkoholem-wino-rpa-czerwone-wytrawne-merlot","status":"publish","type":"product","link":"https:\/\/wawp.pl\/prezenty\/produkt\/cape-verde-zestaw-upominkowy-z-alkoholem-wino-rpa-czerwone-wytrawne-merlot\/","title":{"rendered":"Cape Verde"},"content":{"rendered":"","protected":false},"excerpt":{"rendered":"<p><strong>Zestaw prezentowy Cape Verde z winem Imbuko Merlot<\/strong> to doskona\u0142y pomys\u0142 na podarunek na dzie\u0144 matki a tak\u017ce wiele innych okazji. Znakomite wino z RPA oraz zestaw starannie wyselekcjonowanych delikates\u00f3w to idealny spos\u00f3b na wyra\u017cenie wdzi\u0119czno\u015bci. Chwile, podczas kt\u00f3rych obdarowany b\u0119dzie delektowa\u0142 si\u0119 kolejnymi elementami kosza upominkowego, zostan\u0105 zapami\u0119tane na d\u0142ugo.<\/p>\n<p>Zestaw upominkowy Cape Verde zawiera znakomite <strong>wino Imbuko Merlot<\/strong> produkowane w sk\u0105panych w s\u0142o\u0144cu dolinach Republiki Po\u0142udniowej Afryki. Imbuko to znacz\u0105cy producent na mapie RPA, kt\u00f3ry s\u0142ynie z tego, \u017ce dostarcza najwy\u017csz\u0105 jako\u015b\u0107. Wino charakteryzuje si\u0119 bujnym aromatem \u015bliwek, czere\u015bni i wanilii. W smaku aksamitne i skoncentrowane. Doskona\u0142e na prezent zar\u00f3wno dla znawc\u00f3w wina jak mi mniej do\u015bwiadczonych mi\u0142o\u015bnik\u00f3w trunku Dionizosa.<\/p>\n<p><strong>Carletti Delight<\/strong> to mieszanka orzech\u00f3w laskowych oblanych czekolad\u0105 deserow\u0105 i mleczn\u0105. Doskonale koresponduj\u0105 z aromatem i smakiem trunku w zestawie. 62g<\/p>\n<p><strong>Delisana La Crema<\/strong> to ciasteczka z puszystym kremem cytrynowym, kt\u00f3rych smak i aromat przywodz\u0105 na my\u015bl egzotyczne wakacje. 150g<\/p>\n<p><strong>Cachet Dark<\/strong> to dodatek prze\u0142amuj\u0105cy s\u0142odycz za spraw\u0105 wytrawnego tanza\u0144skiego kakao oraz soli morskiej. 100g<\/p>\n<p>Pralinki czekoladowe <strong>Excelcium Choco Twist<\/strong> to dodatek o eleganckiej prezencji i wyrafinowanym smaku najlepszej Belgijskiej czekolady. 120g<\/p>\n<p><strong>Exelcium Choc &amp; Plus<\/strong> to dodatek nawi\u0105zuj\u0105cy do niezwykle modnego ostatnimi czasu po\u0142\u0105czenia smak\u00f3w karmelu i soli. O ka\u017cdej porze roku przypomina popularny smak lod\u00f3w. 107g<\/p>\n<p>Opakowanie to mi\u0142e dla oka i dotyku tekturowe pude\u0142ko. \u00a0Mi\u0119kka i estetyczna wy\u015bci\u00f3\u0142ka zapewnia bezpiecze\u0144stwo szklanym elementom zestawu. Wieko pude\u0142ka przewi\u0105zane nawi\u0105zuj\u0105c\u0105 do kolorystyki zestawu wst\u0105\u017ck\u0105. Ca\u0142o\u015b\u0107 przyjazna \u015brodowisku i podlegaj\u0105ca recyklingowi.<\/p>\n","protected":false},"featured_media":2071,"template":"","meta":{"_acf_changed":false},"product_brand":[],"product_cat":[33],"product_tag":[],"class_list":{"0":"post-2077","1":"product","2":"type-product","3":"status-publish","4":"has-post-thumbnail","6":"product_cat-zestawy-upominkowe","8":"first","9":"outofstock","10":"purchasable","11":"product-type-simple"},"acf":[],"yoast_head":"<!-- This site is optimized with the Yoast SEO plugin v27.3 - https:\/\/yoast.com\/product\/yoast-seo-wordpress\/ -->\n<title>Cape Verde: Zestaw prezentowy z alkoholem - Wino RPA czerwone wytrawne Merlot | Zestawy \u015awi\u0105teczne<\/title>\n<meta name=\"description\" content=\"Zobacz produkt: Cape Verde Zestaw prezentowy z alkoholem - Wino RPA czerwone wytrawne Merlot - dost\u0119pny online na Whisky and Wine Place wawp.pl\/prezenty !\" \/>\n<meta name=\"robots\" content=\"index, follow, max-snippet:-1, max-image-preview:large, max-video-preview:-1\" \/>\n<link rel=\"canonical\" href=\"https:\/\/wawp.pl\/prezenty\/produkt\/cape-verde-zestaw-upominkowy-z-alkoholem-wino-rpa-czerwone-wytrawne-merlot\/\" \/>\n<meta property=\"og:locale\" content=\"pl_PL\" \/>\n<meta property=\"og:type\" content=\"article\" \/>\n<meta property=\"og:title\" content=\"Cape Verde: Zestaw prezentowy z alkoholem - Wino RPA czerwone wytrawne Merlot | Zestawy \u015awi\u0105teczne\" \/>\n<meta property=\"og:description\" content=\"Zobacz produkt: Cape Verde Zestaw prezentowy z alkoholem - Wino RPA czerwone wytrawne Merlot - dost\u0119pny online na Whisky and Wine Place wawp.pl\/prezenty !\" \/>\n<meta property=\"og:url\" content=\"https:\/\/wawp.pl\/prezenty\/produkt\/cape-verde-zestaw-upominkowy-z-alkoholem-wino-rpa-czerwone-wytrawne-merlot\/\" \/>\n<meta property=\"og:site_name\" content=\"Zestawy \u015awi\u0105teczne\" \/>\n<meta property=\"article:modified_time\" content=\"2024-11-14T14:01:35+00:00\" \/>\n<meta property=\"og:image\" content=\"https:\/\/wawp.pl\/prezenty\/wp-content\/uploads\/2023\/06\/Cape-Verde-Zestaw-prezentowy-z-alkoholem-Wino-RPA-czerwone-wytrawne-Merlot.png\" \/>\n\t<meta property=\"og:image:width\" content=\"1200\" \/>\n\t<meta property=\"og:image:height\" content=\"1200\" \/>\n\t<meta property=\"og:image:type\" content=\"image\/png\" \/>\n<meta name=\"twitter:card\" content=\"summary_large_image\" \/>\n<script type=\"application\/ld+json\" class=\"yoast-schema-graph\">{\"@context\":\"https:\\\/\\\/schema.org\",\"@graph\":[{\"@type\":\"WebPage\",\"@id\":\"https:\\\/\\\/wawp.pl\\\/prezenty\\\/produkt\\\/cape-verde-zestaw-upominkowy-z-alkoholem-wino-rpa-czerwone-wytrawne-merlot\\\/\",\"url\":\"https:\\\/\\\/wawp.pl\\\/prezenty\\\/produkt\\\/cape-verde-zestaw-upominkowy-z-alkoholem-wino-rpa-czerwone-wytrawne-merlot\\\/\",\"name\":\"Cape Verde: Zestaw prezentowy z alkoholem - Wino RPA czerwone wytrawne Merlot | Zestawy \u015awi\u0105teczne\",\"isPartOf\":{\"@id\":\"https:\\\/\\\/wawp.pl\\\/prezenty\\\/#website\"},\"primaryImageOfPage\":{\"@id\":\"https:\\\/\\\/wawp.pl\\\/prezenty\\\/produkt\\\/cape-verde-zestaw-upominkowy-z-alkoholem-wino-rpa-czerwone-wytrawne-merlot\\\/#primaryimage\"},\"image\":{\"@id\":\"https:\\\/\\\/wawp.pl\\\/prezenty\\\/produkt\\\/cape-verde-zestaw-upominkowy-z-alkoholem-wino-rpa-czerwone-wytrawne-merlot\\\/#primaryimage\"},\"thumbnailUrl\":\"https:\\\/\\\/wawp.pl\\\/prezenty\\\/wp-content\\\/uploads\\\/2023\\\/06\\\/Cape-Verde-Zestaw-prezentowy-z-alkoholem-Wino-RPA-czerwone-wytrawne-Merlot.png\",\"datePublished\":\"2023-06-23T14:43:29+00:00\",\"dateModified\":\"2024-11-14T14:01:35+00:00\",\"description\":\"Zobacz produkt: Cape Verde Zestaw prezentowy z alkoholem - Wino RPA czerwone wytrawne Merlot - dost\u0119pny online na Whisky and Wine Place wawp.pl\\\/prezenty !\",\"breadcrumb\":{\"@id\":\"https:\\\/\\\/wawp.pl\\\/prezenty\\\/produkt\\\/cape-verde-zestaw-upominkowy-z-alkoholem-wino-rpa-czerwone-wytrawne-merlot\\\/#breadcrumb\"},\"inLanguage\":\"pl-PL\",\"potentialAction\":[{\"@type\":\"ReadAction\",\"target\":[\"https:\\\/\\\/wawp.pl\\\/prezenty\\\/produkt\\\/cape-verde-zestaw-upominkowy-z-alkoholem-wino-rpa-czerwone-wytrawne-merlot\\\/\"]}]},{\"@type\":\"ImageObject\",\"inLanguage\":\"pl-PL\",\"@id\":\"https:\\\/\\\/wawp.pl\\\/prezenty\\\/produkt\\\/cape-verde-zestaw-upominkowy-z-alkoholem-wino-rpa-czerwone-wytrawne-merlot\\\/#primaryimage\",\"url\":\"https:\\\/\\\/wawp.pl\\\/prezenty\\\/wp-content\\\/uploads\\\/2023\\\/06\\\/Cape-Verde-Zestaw-prezentowy-z-alkoholem-Wino-RPA-czerwone-wytrawne-Merlot.png\",\"contentUrl\":\"https:\\\/\\\/wawp.pl\\\/prezenty\\\/wp-content\\\/uploads\\\/2023\\\/06\\\/Cape-Verde-Zestaw-prezentowy-z-alkoholem-Wino-RPA-czerwone-wytrawne-Merlot.png\",\"width\":1200,\"height\":1200},{\"@type\":\"BreadcrumbList\",\"@id\":\"https:\\\/\\\/wawp.pl\\\/prezenty\\\/produkt\\\/cape-verde-zestaw-upominkowy-z-alkoholem-wino-rpa-czerwone-wytrawne-merlot\\\/#breadcrumb\",\"itemListElement\":[{\"@type\":\"ListItem\",\"position\":1,\"name\":\"Strona g\u0142\u00f3wna\",\"item\":\"https:\\\/\\\/wawp.pl\\\/prezenty\\\/\"},{\"@type\":\"ListItem\",\"position\":2,\"name\":\"Shop\",\"item\":\"https:\\\/\\\/wawp.pl\\\/prezenty\\\/shop\\\/\"},{\"@type\":\"ListItem\",\"position\":3,\"name\":\"Cape Verde\"}]},{\"@type\":\"WebSite\",\"@id\":\"https:\\\/\\\/wawp.pl\\\/prezenty\\\/#website\",\"url\":\"https:\\\/\\\/wawp.pl\\\/prezenty\\\/\",\"name\":\"Zestawy \u015awi\u0105teczne\",\"description\":\"Kosze \u015awi\u0105teczne, Podarunkowe, Prezentowe\",\"publisher\":{\"@id\":\"https:\\\/\\\/wawp.pl\\\/prezenty\\\/#organization\"},\"potentialAction\":[{\"@type\":\"SearchAction\",\"target\":{\"@type\":\"EntryPoint\",\"urlTemplate\":\"https:\\\/\\\/wawp.pl\\\/prezenty\\\/?s={search_term_string}\"},\"query-input\":{\"@type\":\"PropertyValueSpecification\",\"valueRequired\":true,\"valueName\":\"search_term_string\"}}],\"inLanguage\":\"pl-PL\"},{\"@type\":\"Organization\",\"@id\":\"https:\\\/\\\/wawp.pl\\\/prezenty\\\/#organization\",\"name\":\"Zestawy \u015awi\u0105teczne\",\"url\":\"https:\\\/\\\/wawp.pl\\\/prezenty\\\/\",\"logo\":{\"@type\":\"ImageObject\",\"inLanguage\":\"pl-PL\",\"@id\":\"https:\\\/\\\/wawp.pl\\\/prezenty\\\/#\\\/schema\\\/logo\\\/image\\\/\",\"url\":\"https:\\\/\\\/wawp.pl\\\/prezenty\\\/wp-content\\\/uploads\\\/2021\\\/11\\\/cropped-logo.png\",\"contentUrl\":\"https:\\\/\\\/wawp.pl\\\/prezenty\\\/wp-content\\\/uploads\\\/2021\\\/11\\\/cropped-logo.png\",\"width\":360,\"height\":137,\"caption\":\"Zestawy \u015awi\u0105teczne\"},\"image\":{\"@id\":\"https:\\\/\\\/wawp.pl\\\/prezenty\\\/#\\\/schema\\\/logo\\\/image\\\/\"}}]}<\/script>\n<!-- \/ Yoast SEO plugin. -->","yoast_head_json":{"title":"Cape Verde: Zestaw prezentowy z alkoholem - Wino RPA czerwone wytrawne Merlot | Zestawy \u015awi\u0105teczne","description":"Zobacz produkt: Cape Verde Zestaw prezentowy z alkoholem - Wino RPA czerwone wytrawne Merlot - dost\u0119pny online na Whisky and Wine Place wawp.pl\/prezenty !","robots":{"index":"index","follow":"follow","max-snippet":"max-snippet:-1","max-image-preview":"max-image-preview:large","max-video-preview":"max-video-preview:-1"},"canonical":"https:\/\/wawp.pl\/prezenty\/produkt\/cape-verde-zestaw-upominkowy-z-alkoholem-wino-rpa-czerwone-wytrawne-merlot\/","og_locale":"pl_PL","og_type":"article","og_title":"Cape Verde: Zestaw prezentowy z alkoholem - Wino RPA czerwone wytrawne Merlot | Zestawy \u015awi\u0105teczne","og_description":"Zobacz produkt: Cape Verde Zestaw prezentowy z alkoholem - Wino RPA czerwone wytrawne Merlot - dost\u0119pny online na Whisky and Wine Place wawp.pl\/prezenty !","og_url":"https:\/\/wawp.pl\/prezenty\/produkt\/cape-verde-zestaw-upominkowy-z-alkoholem-wino-rpa-czerwone-wytrawne-merlot\/","og_site_name":"Zestawy \u015awi\u0105teczne","article_modified_time":"2024-11-14T14:01:35+00:00","og_image":[{"width":1200,"height":1200,"url":"https:\/\/wawp.pl\/prezenty\/wp-content\/uploads\/2023\/06\/Cape-Verde-Zestaw-prezentowy-z-alkoholem-Wino-RPA-czerwone-wytrawne-Merlot.png","type":"image\/png"}],"twitter_card":"summary_large_image","schema":{"@context":"https:\/\/schema.org","@graph":[{"@type":"WebPage","@id":"https:\/\/wawp.pl\/prezenty\/produkt\/cape-verde-zestaw-upominkowy-z-alkoholem-wino-rpa-czerwone-wytrawne-merlot\/","url":"https:\/\/wawp.pl\/prezenty\/produkt\/cape-verde-zestaw-upominkowy-z-alkoholem-wino-rpa-czerwone-wytrawne-merlot\/","name":"Cape Verde: Zestaw prezentowy z alkoholem - Wino RPA czerwone wytrawne Merlot | Zestawy \u015awi\u0105teczne","isPartOf":{"@id":"https:\/\/wawp.pl\/prezenty\/#website"},"primaryImageOfPage":{"@id":"https:\/\/wawp.pl\/prezenty\/produkt\/cape-verde-zestaw-upominkowy-z-alkoholem-wino-rpa-czerwone-wytrawne-merlot\/#primaryimage"},"image":{"@id":"https:\/\/wawp.pl\/prezenty\/produkt\/cape-verde-zestaw-upominkowy-z-alkoholem-wino-rpa-czerwone-wytrawne-merlot\/#primaryimage"},"thumbnailUrl":"https:\/\/wawp.pl\/prezenty\/wp-content\/uploads\/2023\/06\/Cape-Verde-Zestaw-prezentowy-z-alkoholem-Wino-RPA-czerwone-wytrawne-Merlot.png","datePublished":"2023-06-23T14:43:29+00:00","dateModified":"2024-11-14T14:01:35+00:00","description":"Zobacz produkt: Cape Verde Zestaw prezentowy z alkoholem - Wino RPA czerwone wytrawne Merlot - dost\u0119pny online na Whisky and Wine Place wawp.pl\/prezenty !","breadcrumb":{"@id":"https:\/\/wawp.pl\/prezenty\/produkt\/cape-verde-zestaw-upominkowy-z-alkoholem-wino-rpa-czerwone-wytrawne-merlot\/#breadcrumb"},"inLanguage":"pl-PL","potentialAction":[{"@type":"ReadAction","target":["https:\/\/wawp.pl\/prezenty\/produkt\/cape-verde-zestaw-upominkowy-z-alkoholem-wino-rpa-czerwone-wytrawne-merlot\/"]}]},{"@type":"ImageObject","inLanguage":"pl-PL","@id":"https:\/\/wawp.pl\/prezenty\/produkt\/cape-verde-zestaw-upominkowy-z-alkoholem-wino-rpa-czerwone-wytrawne-merlot\/#primaryimage","url":"https:\/\/wawp.pl\/prezenty\/wp-content\/uploads\/2023\/06\/Cape-Verde-Zestaw-prezentowy-z-alkoholem-Wino-RPA-czerwone-wytrawne-Merlot.png","contentUrl":"https:\/\/wawp.pl\/prezenty\/wp-content\/uploads\/2023\/06\/Cape-Verde-Zestaw-prezentowy-z-alkoholem-Wino-RPA-czerwone-wytrawne-Merlot.png","width":1200,"height":1200},{"@type":"BreadcrumbList","@id":"https:\/\/wawp.pl\/prezenty\/produkt\/cape-verde-zestaw-upominkowy-z-alkoholem-wino-rpa-czerwone-wytrawne-merlot\/#breadcrumb","itemListElement":[{"@type":"ListItem","position":1,"name":"Strona g\u0142\u00f3wna","item":"https:\/\/wawp.pl\/prezenty\/"},{"@type":"ListItem","position":2,"name":"Shop","item":"https:\/\/wawp.pl\/prezenty\/shop\/"},{"@type":"ListItem","position":3,"name":"Cape Verde"}]},{"@type":"WebSite","@id":"https:\/\/wawp.pl\/prezenty\/#website","url":"https:\/\/wawp.pl\/prezenty\/","name":"Zestawy \u015awi\u0105teczne","description":"Kosze \u015awi\u0105teczne, Podarunkowe, Prezentowe","publisher":{"@id":"https:\/\/wawp.pl\/prezenty\/#organization"},"potentialAction":[{"@type":"SearchAction","target":{"@type":"EntryPoint","urlTemplate":"https:\/\/wawp.pl\/prezenty\/?s={search_term_string}"},"query-input":{"@type":"PropertyValueSpecification","valueRequired":true,"valueName":"search_term_string"}}],"inLanguage":"pl-PL"},{"@type":"Organization","@id":"https:\/\/wawp.pl\/prezenty\/#organization","name":"Zestawy \u015awi\u0105teczne","url":"https:\/\/wawp.pl\/prezenty\/","logo":{"@type":"ImageObject","inLanguage":"pl-PL","@id":"https:\/\/wawp.pl\/prezenty\/#\/schema\/logo\/image\/","url":"https:\/\/wawp.pl\/prezenty\/wp-content\/uploads\/2021\/11\/cropped-logo.png","contentUrl":"https:\/\/wawp.pl\/prezenty\/wp-content\/uploads\/2021\/11\/cropped-logo.png","width":360,"height":137,"caption":"Zestawy \u015awi\u0105teczne"},"image":{"@id":"https:\/\/wawp.pl\/prezenty\/#\/schema\/logo\/image\/"}}]}},"_links":{"self":[{"href":"https:\/\/wawp.pl\/prezenty\/wp-json\/wp\/v2\/product\/2077","targetHints":{"allow":["GET"]}}],"collection":[{"href":"https:\/\/wawp.pl\/prezenty\/wp-json\/wp\/v2\/product"}],"about":[{"href":"https:\/\/wawp.pl\/prezenty\/wp-json\/wp\/v2\/types\/product"}],"wp:featuredmedia":[{"embeddable":true,"href":"https:\/\/wawp.pl\/prezenty\/wp-json\/wp\/v2\/media\/2071"}],"wp:attachment":[{"href":"https:\/\/wawp.pl\/prezenty\/wp-json\/wp\/v2\/media?parent=2077"}],"wp:term":[{"taxonomy":"product_brand","embeddable":true,"href":"https:\/\/wawp.pl\/prezenty\/wp-json\/wp\/v2\/product_brand?post=2077"},{"taxonomy":"product_cat","embeddable":true,"href":"https:\/\/wawp.pl\/prezenty\/wp-json\/wp\/v2\/product_cat?post=2077"},{"taxonomy":"product_tag","embeddable":true,"href":"https:\/\/wawp.pl\/prezenty\/wp-json\/wp\/v2\/product_tag?post=2077"}],"curies":[{"name":"wp","href":"https:\/\/api.w.org\/{rel}","templated":true}]}}