{"id":2013,"date":"2023-04-28T11:00:50","date_gmt":"2023-04-28T11:00:50","guid":{"rendered":"https:\/\/wawp.pl\/prezenty\/?post_type=product&#038;p=2013"},"modified":"2023-04-28T11:23:54","modified_gmt":"2023-04-28T11:23:54","slug":"gran-reserva-zestaw-z-alkoholem-whisky-single-malt-premium-glenfiddich-21yo","status":"publish","type":"product","link":"https:\/\/wawp.pl\/prezenty\/produkt\/gran-reserva-zestaw-z-alkoholem-whisky-single-malt-premium-glenfiddich-21yo\/","title":{"rendered":"Gran Reserva"},"content":{"rendered":"","protected":false},"excerpt":{"rendered":"<p>Glenfiddich 21YO Rum Cask<br \/>\nto szkocka whisky single malt, niezwykle zbalansowana i harmonijna, a dzi\u0119ki finiszowaniu przez 6 miesi\u0119cy w beczkach po karaibskim rumie, nabiera tropikalnych nut. Przyjemnie s\u0142odki aromat \u0142\u0105czy w sobie wanili\u0119, toffi, palony cukier i figi. W dalszych warstwach mo\u017cemy dostrzec nutk\u0119 sk\u00f3rzan\u0105, dojrza\u0142e banany oraz d\u0119bin\u0119. Finisz jest rozgrzewaj\u0105cy z akcentem przypraw.<\/p>\n<p>Kawa Davidoff Rich Aroma 100% Arabica.<\/p>\n<p>Wykwintne praliny belgijskie z nadzieniem.<\/p>\n<p>Naturalne kraftowe trufle czekoladowe z miodem.<\/p>\n<p>Ekologiczna, gorzka czekolada z orzechami laskowymi i miodem.<\/p>\n<p>Pe\u0142noziarniste ciasteczka owsiane z wi\u015bniami, bez dodatku cukru.<\/p>\n<p>Rzemie\u015blniczy chutney gruszkowy.<\/p>\n<p>W\u0142oska marmolada pomara\u0144czowa z cynamonem.<\/p>\n<p>Rzemie\u015blnicze wi\u015bnie suszone w czekoladzie.<\/p>\n","protected":false},"featured_media":2008,"template":"","meta":{"_acf_changed":false},"product_brand":[],"product_cat":[32],"product_tag":[],"class_list":{"0":"post-2013","1":"product","2":"type-product","3":"status-publish","4":"has-post-thumbnail","6":"product_cat-zestawy-super-premium","8":"first","9":"outofstock","10":"shipping-taxable","11":"purchasable","12":"product-type-simple"},"acf":[],"yoast_head":"<!-- This site is optimized with the Yoast SEO plugin v27.3 - https:\/\/yoast.com\/product\/yoast-seo-wordpress\/ -->\n<title>Gran Reserva: -  | Zestawy \u015awi\u0105teczne<\/title>\n<meta name=\"description\" content=\"Zobacz produkt: Gran Reserva - dost\u0119pny online na Whisky and Wine Place wawp.pl\/prezenty !\" \/>\n<meta name=\"robots\" content=\"index, follow, max-snippet:-1, max-image-preview:large, max-video-preview:-1\" \/>\n<link rel=\"canonical\" href=\"https:\/\/wawp.pl\/prezenty\/produkt\/gran-reserva-zestaw-z-alkoholem-whisky-single-malt-premium-glenfiddich-21yo\/\" \/>\n<meta property=\"og:locale\" content=\"pl_PL\" \/>\n<meta property=\"og:type\" content=\"article\" \/>\n<meta property=\"og:title\" content=\"Gran Reserva: -  | Zestawy \u015awi\u0105teczne\" \/>\n<meta property=\"og:description\" content=\"Zobacz produkt: Gran Reserva - dost\u0119pny online na Whisky and Wine Place wawp.pl\/prezenty !\" \/>\n<meta property=\"og:url\" content=\"https:\/\/wawp.pl\/prezenty\/produkt\/gran-reserva-zestaw-z-alkoholem-whisky-single-malt-premium-glenfiddich-21yo\/\" \/>\n<meta property=\"og:site_name\" content=\"Zestawy \u015awi\u0105teczne\" \/>\n<meta property=\"article:modified_time\" content=\"2023-04-28T11:23:54+00:00\" \/>\n<meta property=\"og:image\" content=\"https:\/\/wawp.pl\/prezenty\/wp-content\/uploads\/2023\/04\/Gran-Reserva-Zestaw-prezentowy-z-alkoholem-Whisky-Single-Malt-premium-Glenfiddich-21yo.png\" \/>\n\t<meta property=\"og:image:width\" content=\"800\" \/>\n\t<meta property=\"og:image:height\" content=\"800\" \/>\n\t<meta property=\"og:image:type\" content=\"image\/png\" \/>\n<meta name=\"twitter:card\" content=\"summary_large_image\" \/>\n<script type=\"application\/ld+json\" class=\"yoast-schema-graph\">{\"@context\":\"https:\\\/\\\/schema.org\",\"@graph\":[{\"@type\":\"WebPage\",\"@id\":\"https:\\\/\\\/wawp.pl\\\/prezenty\\\/produkt\\\/gran-reserva-zestaw-z-alkoholem-whisky-single-malt-premium-glenfiddich-21yo\\\/\",\"url\":\"https:\\\/\\\/wawp.pl\\\/prezenty\\\/produkt\\\/gran-reserva-zestaw-z-alkoholem-whisky-single-malt-premium-glenfiddich-21yo\\\/\",\"name\":\"Gran Reserva: - | Zestawy \u015awi\u0105teczne\",\"isPartOf\":{\"@id\":\"https:\\\/\\\/wawp.pl\\\/prezenty\\\/#website\"},\"primaryImageOfPage\":{\"@id\":\"https:\\\/\\\/wawp.pl\\\/prezenty\\\/produkt\\\/gran-reserva-zestaw-z-alkoholem-whisky-single-malt-premium-glenfiddich-21yo\\\/#primaryimage\"},\"image\":{\"@id\":\"https:\\\/\\\/wawp.pl\\\/prezenty\\\/produkt\\\/gran-reserva-zestaw-z-alkoholem-whisky-single-malt-premium-glenfiddich-21yo\\\/#primaryimage\"},\"thumbnailUrl\":\"https:\\\/\\\/wawp.pl\\\/prezenty\\\/wp-content\\\/uploads\\\/2023\\\/04\\\/Gran-Reserva-Zestaw-prezentowy-z-alkoholem-Whisky-Single-Malt-premium-Glenfiddich-21yo.png\",\"datePublished\":\"2023-04-28T11:00:50+00:00\",\"dateModified\":\"2023-04-28T11:23:54+00:00\",\"description\":\"Zobacz produkt: Gran Reserva - dost\u0119pny online na Whisky and Wine Place wawp.pl\\\/prezenty !\",\"breadcrumb\":{\"@id\":\"https:\\\/\\\/wawp.pl\\\/prezenty\\\/produkt\\\/gran-reserva-zestaw-z-alkoholem-whisky-single-malt-premium-glenfiddich-21yo\\\/#breadcrumb\"},\"inLanguage\":\"pl-PL\",\"potentialAction\":[{\"@type\":\"ReadAction\",\"target\":[\"https:\\\/\\\/wawp.pl\\\/prezenty\\\/produkt\\\/gran-reserva-zestaw-z-alkoholem-whisky-single-malt-premium-glenfiddich-21yo\\\/\"]}]},{\"@type\":\"ImageObject\",\"inLanguage\":\"pl-PL\",\"@id\":\"https:\\\/\\\/wawp.pl\\\/prezenty\\\/produkt\\\/gran-reserva-zestaw-z-alkoholem-whisky-single-malt-premium-glenfiddich-21yo\\\/#primaryimage\",\"url\":\"https:\\\/\\\/wawp.pl\\\/prezenty\\\/wp-content\\\/uploads\\\/2023\\\/04\\\/Gran-Reserva-Zestaw-prezentowy-z-alkoholem-Whisky-Single-Malt-premium-Glenfiddich-21yo.png\",\"contentUrl\":\"https:\\\/\\\/wawp.pl\\\/prezenty\\\/wp-content\\\/uploads\\\/2023\\\/04\\\/Gran-Reserva-Zestaw-prezentowy-z-alkoholem-Whisky-Single-Malt-premium-Glenfiddich-21yo.png\",\"width\":1500,\"height\":1500},{\"@type\":\"BreadcrumbList\",\"@id\":\"https:\\\/\\\/wawp.pl\\\/prezenty\\\/produkt\\\/gran-reserva-zestaw-z-alkoholem-whisky-single-malt-premium-glenfiddich-21yo\\\/#breadcrumb\",\"itemListElement\":[{\"@type\":\"ListItem\",\"position\":1,\"name\":\"Strona g\u0142\u00f3wna\",\"item\":\"https:\\\/\\\/wawp.pl\\\/prezenty\\\/\"},{\"@type\":\"ListItem\",\"position\":2,\"name\":\"Shop\",\"item\":\"https:\\\/\\\/wawp.pl\\\/prezenty\\\/shop\\\/\"},{\"@type\":\"ListItem\",\"position\":3,\"name\":\"Gran Reserva\"}]},{\"@type\":\"WebSite\",\"@id\":\"https:\\\/\\\/wawp.pl\\\/prezenty\\\/#website\",\"url\":\"https:\\\/\\\/wawp.pl\\\/prezenty\\\/\",\"name\":\"Zestawy \u015awi\u0105teczne\",\"description\":\"Kosze \u015awi\u0105teczne, Podarunkowe, Prezentowe\",\"publisher\":{\"@id\":\"https:\\\/\\\/wawp.pl\\\/prezenty\\\/#organization\"},\"potentialAction\":[{\"@type\":\"SearchAction\",\"target\":{\"@type\":\"EntryPoint\",\"urlTemplate\":\"https:\\\/\\\/wawp.pl\\\/prezenty\\\/?s={search_term_string}\"},\"query-input\":{\"@type\":\"PropertyValueSpecification\",\"valueRequired\":true,\"valueName\":\"search_term_string\"}}],\"inLanguage\":\"pl-PL\"},{\"@type\":\"Organization\",\"@id\":\"https:\\\/\\\/wawp.pl\\\/prezenty\\\/#organization\",\"name\":\"Zestawy \u015awi\u0105teczne\",\"url\":\"https:\\\/\\\/wawp.pl\\\/prezenty\\\/\",\"logo\":{\"@type\":\"ImageObject\",\"inLanguage\":\"pl-PL\",\"@id\":\"https:\\\/\\\/wawp.pl\\\/prezenty\\\/#\\\/schema\\\/logo\\\/image\\\/\",\"url\":\"https:\\\/\\\/wawp.pl\\\/prezenty\\\/wp-content\\\/uploads\\\/2021\\\/11\\\/cropped-logo.png\",\"contentUrl\":\"https:\\\/\\\/wawp.pl\\\/prezenty\\\/wp-content\\\/uploads\\\/2021\\\/11\\\/cropped-logo.png\",\"width\":360,\"height\":137,\"caption\":\"Zestawy \u015awi\u0105teczne\"},\"image\":{\"@id\":\"https:\\\/\\\/wawp.pl\\\/prezenty\\\/#\\\/schema\\\/logo\\\/image\\\/\"}}]}<\/script>\n<!-- \/ Yoast SEO plugin. -->","yoast_head_json":{"title":"Gran Reserva: -  | Zestawy \u015awi\u0105teczne","description":"Zobacz produkt: Gran Reserva - dost\u0119pny online na Whisky and Wine Place wawp.pl\/prezenty !","robots":{"index":"index","follow":"follow","max-snippet":"max-snippet:-1","max-image-preview":"max-image-preview:large","max-video-preview":"max-video-preview:-1"},"canonical":"https:\/\/wawp.pl\/prezenty\/produkt\/gran-reserva-zestaw-z-alkoholem-whisky-single-malt-premium-glenfiddich-21yo\/","og_locale":"pl_PL","og_type":"article","og_title":"Gran Reserva: -  | Zestawy \u015awi\u0105teczne","og_description":"Zobacz produkt: Gran Reserva - dost\u0119pny online na Whisky and Wine Place wawp.pl\/prezenty !","og_url":"https:\/\/wawp.pl\/prezenty\/produkt\/gran-reserva-zestaw-z-alkoholem-whisky-single-malt-premium-glenfiddich-21yo\/","og_site_name":"Zestawy \u015awi\u0105teczne","article_modified_time":"2023-04-28T11:23:54+00:00","og_image":[{"url":"https:\/\/wawp.pl\/prezenty\/wp-content\/uploads\/2023\/04\/Gran-Reserva-Zestaw-prezentowy-z-alkoholem-Whisky-Single-Malt-premium-Glenfiddich-21yo.png","width":800,"height":800,"type":"image\/png"}],"twitter_card":"summary_large_image","schema":{"@context":"https:\/\/schema.org","@graph":[{"@type":"WebPage","@id":"https:\/\/wawp.pl\/prezenty\/produkt\/gran-reserva-zestaw-z-alkoholem-whisky-single-malt-premium-glenfiddich-21yo\/","url":"https:\/\/wawp.pl\/prezenty\/produkt\/gran-reserva-zestaw-z-alkoholem-whisky-single-malt-premium-glenfiddich-21yo\/","name":"Gran Reserva: - | Zestawy \u015awi\u0105teczne","isPartOf":{"@id":"https:\/\/wawp.pl\/prezenty\/#website"},"primaryImageOfPage":{"@id":"https:\/\/wawp.pl\/prezenty\/produkt\/gran-reserva-zestaw-z-alkoholem-whisky-single-malt-premium-glenfiddich-21yo\/#primaryimage"},"image":{"@id":"https:\/\/wawp.pl\/prezenty\/produkt\/gran-reserva-zestaw-z-alkoholem-whisky-single-malt-premium-glenfiddich-21yo\/#primaryimage"},"thumbnailUrl":"https:\/\/wawp.pl\/prezenty\/wp-content\/uploads\/2023\/04\/Gran-Reserva-Zestaw-prezentowy-z-alkoholem-Whisky-Single-Malt-premium-Glenfiddich-21yo.png","datePublished":"2023-04-28T11:00:50+00:00","dateModified":"2023-04-28T11:23:54+00:00","description":"Zobacz produkt: Gran Reserva - dost\u0119pny online na Whisky and Wine Place wawp.pl\/prezenty !","breadcrumb":{"@id":"https:\/\/wawp.pl\/prezenty\/produkt\/gran-reserva-zestaw-z-alkoholem-whisky-single-malt-premium-glenfiddich-21yo\/#breadcrumb"},"inLanguage":"pl-PL","potentialAction":[{"@type":"ReadAction","target":["https:\/\/wawp.pl\/prezenty\/produkt\/gran-reserva-zestaw-z-alkoholem-whisky-single-malt-premium-glenfiddich-21yo\/"]}]},{"@type":"ImageObject","inLanguage":"pl-PL","@id":"https:\/\/wawp.pl\/prezenty\/produkt\/gran-reserva-zestaw-z-alkoholem-whisky-single-malt-premium-glenfiddich-21yo\/#primaryimage","url":"https:\/\/wawp.pl\/prezenty\/wp-content\/uploads\/2023\/04\/Gran-Reserva-Zestaw-prezentowy-z-alkoholem-Whisky-Single-Malt-premium-Glenfiddich-21yo.png","contentUrl":"https:\/\/wawp.pl\/prezenty\/wp-content\/uploads\/2023\/04\/Gran-Reserva-Zestaw-prezentowy-z-alkoholem-Whisky-Single-Malt-premium-Glenfiddich-21yo.png","width":1500,"height":1500},{"@type":"BreadcrumbList","@id":"https:\/\/wawp.pl\/prezenty\/produkt\/gran-reserva-zestaw-z-alkoholem-whisky-single-malt-premium-glenfiddich-21yo\/#breadcrumb","itemListElement":[{"@type":"ListItem","position":1,"name":"Strona g\u0142\u00f3wna","item":"https:\/\/wawp.pl\/prezenty\/"},{"@type":"ListItem","position":2,"name":"Shop","item":"https:\/\/wawp.pl\/prezenty\/shop\/"},{"@type":"ListItem","position":3,"name":"Gran Reserva"}]},{"@type":"WebSite","@id":"https:\/\/wawp.pl\/prezenty\/#website","url":"https:\/\/wawp.pl\/prezenty\/","name":"Zestawy \u015awi\u0105teczne","description":"Kosze \u015awi\u0105teczne, Podarunkowe, Prezentowe","publisher":{"@id":"https:\/\/wawp.pl\/prezenty\/#organization"},"potentialAction":[{"@type":"SearchAction","target":{"@type":"EntryPoint","urlTemplate":"https:\/\/wawp.pl\/prezenty\/?s={search_term_string}"},"query-input":{"@type":"PropertyValueSpecification","valueRequired":true,"valueName":"search_term_string"}}],"inLanguage":"pl-PL"},{"@type":"Organization","@id":"https:\/\/wawp.pl\/prezenty\/#organization","name":"Zestawy \u015awi\u0105teczne","url":"https:\/\/wawp.pl\/prezenty\/","logo":{"@type":"ImageObject","inLanguage":"pl-PL","@id":"https:\/\/wawp.pl\/prezenty\/#\/schema\/logo\/image\/","url":"https:\/\/wawp.pl\/prezenty\/wp-content\/uploads\/2021\/11\/cropped-logo.png","contentUrl":"https:\/\/wawp.pl\/prezenty\/wp-content\/uploads\/2021\/11\/cropped-logo.png","width":360,"height":137,"caption":"Zestawy \u015awi\u0105teczne"},"image":{"@id":"https:\/\/wawp.pl\/prezenty\/#\/schema\/logo\/image\/"}}]}},"_links":{"self":[{"href":"https:\/\/wawp.pl\/prezenty\/wp-json\/wp\/v2\/product\/2013","targetHints":{"allow":["GET"]}}],"collection":[{"href":"https:\/\/wawp.pl\/prezenty\/wp-json\/wp\/v2\/product"}],"about":[{"href":"https:\/\/wawp.pl\/prezenty\/wp-json\/wp\/v2\/types\/product"}],"wp:featuredmedia":[{"embeddable":true,"href":"https:\/\/wawp.pl\/prezenty\/wp-json\/wp\/v2\/media\/2008"}],"wp:attachment":[{"href":"https:\/\/wawp.pl\/prezenty\/wp-json\/wp\/v2\/media?parent=2013"}],"wp:term":[{"taxonomy":"product_brand","embeddable":true,"href":"https:\/\/wawp.pl\/prezenty\/wp-json\/wp\/v2\/product_brand?post=2013"},{"taxonomy":"product_cat","embeddable":true,"href":"https:\/\/wawp.pl\/prezenty\/wp-json\/wp\/v2\/product_cat?post=2013"},{"taxonomy":"product_tag","embeddable":true,"href":"https:\/\/wawp.pl\/prezenty\/wp-json\/wp\/v2\/product_tag?post=2013"}],"curies":[{"name":"wp","href":"https:\/\/api.w.org\/{rel}","templated":true}]}}